{"id":45818,"date":"2025-05-16T06:32:24","date_gmt":"2025-05-16T06:32:24","guid":{"rendered":"https:\/\/marqalicante-admin.qwair.com\/producto\/el-museo-arqueologico-provincial-de-alicante-como-herramienta-de-reivindicacion-politica-en-los-festejos-populares-de-tradicion-local-las-hogueras-de-san-juan-1928-1944\/"},"modified":"2025-06-04T16:24:43","modified_gmt":"2025-06-04T16:24:43","slug":"el-museo-arqueologico-provincial-de-alicante-como-herramienta-de-reivindicacion-politica-en-los-festejos-populares-de-tradicion-local-las-hogueras-de-san-juan-1928-1944","status":"publish","type":"product","link":"https:\/\/marqalicante-admin.qwair.com\/va\/producte\/el-museo-arqueologico-provincial-de-alicante-como-herramienta-de-reivindicacion-politica-en-los-festejos-populares-de-tradicion-local-las-hogueras-de-san-juan-1928-1944\/","title":{"rendered":"El Museu Arqueol\u00f2gic Provincial d&#039;Alacant com a eina de reivindicaci\u00f3 pol\u00edtica a les festes populars de tradici\u00f3 local: les Fogueres de Sant Joan (1928-1944)"},"content":{"rendered":"<div class=\"documento-item\">\n                    <h2 class=\"documento-title\">El Museu Arqueol\u00f2gic Provincial d&#039;Alacant com a eina de reivindicaci\u00f3 pol\u00edtica a les festes populars de tradici\u00f3 local: les Fogueres de Sant Joan (1928-1944)<\/h2>\n        \n                    <p class=\"documento-subtitle\">Santiago Olcina Llacs<\/p>\n        \n                    <a href=\"https:\/\/marqalicante.com\/contenido\/particulos\/pub_228.pdf\" class=\"documento-btn\" target=\"_blank\" rel=\"noopener\">\n                <i class=\"fas fa-file-pdf\"><\/i> Descarregar PDF\n            <\/a>\n            <\/div>","protected":false},"excerpt":{"rendered":"<p>La celebraci\u00f3 de les primeres Fogueres de Sant Joan a finals de juny de 1928 va permetre que diferents artistes i institucions culturals de la ciutat d&#039;Alacant poguessin reivindicar, a trav\u00e9s de l&#039;exhibici\u00f3 d&#039;aquests monuments ef\u00edmers i en to sat\u00edric, diferents problem\u00e0tiques que afectaven el progr\u00e9s de la societat Provincial Alacantista, entre els quals hi havia la Museu de Alacant). En aquest article donem a con\u00e8ixer, des d&#039;un punt de vista historiogr\u00e0fic, el relat de dos dels monuments que van reivindicar aquelles q\u00fcestions entre 1928 i 1944: \u201cEl Tio Cuc i el Cuquet en globus\u201d a la pla\u00e7a del Teatre Principal i \u201cEl Museu Provincial o el que cal a Alacant\u201d al districte de Calvo Sotelo.<\/p>","protected":false},"featured_media":45873,"template":"","meta":{"kia_subtitle":""},"product_brand":[],"product_cat":[2913],"product_tag":[],"class_list":{"0":"post-45818","1":"product","2":"type-product","3":"status-publish","4":"has-post-thumbnail","6":"product_cat-articulos","8":"first","9":"instock","10":"virtual","11":"product-type-simple"},"meta_box":{"ia_expediente":"","ia_ano":"","ia_fechas_de_actuacion":"","ia_municipios_comarcas":"","ia_directores":"","ia_periodos_culturales":"","ia_tipos_de_intervencion":"","ia_equipo_tecnico":"","ia_autores":"","ia_promotores":"","ia_deposito_de_materiales":"","ia_coordenadas_utm":""},"_links":{"self":[{"href":"https:\/\/marqalicante-admin.qwair.com\/va\/wp-json\/wp\/v2\/product\/45818","targetHints":{"allow":["GET"]}}],"collection":[{"href":"https:\/\/marqalicante-admin.qwair.com\/va\/wp-json\/wp\/v2\/product"}],"about":[{"href":"https:\/\/marqalicante-admin.qwair.com\/va\/wp-json\/wp\/v2\/types\/product"}],"wp:featuredmedia":[{"embeddable":true,"href":"https:\/\/marqalicante-admin.qwair.com\/va\/wp-json\/wp\/v2\/media\/45873"}],"wp:attachment":[{"href":"https:\/\/marqalicante-admin.qwair.com\/va\/wp-json\/wp\/v2\/media?parent=45818"}],"wp:term":[{"taxonomy":"product_brand","embeddable":true,"href":"https:\/\/marqalicante-admin.qwair.com\/va\/wp-json\/wp\/v2\/product_brand?post=45818"},{"taxonomy":"product_cat","embeddable":true,"href":"https:\/\/marqalicante-admin.qwair.com\/va\/wp-json\/wp\/v2\/product_cat?post=45818"},{"taxonomy":"product_tag","embeddable":true,"href":"https:\/\/marqalicante-admin.qwair.com\/va\/wp-json\/wp\/v2\/product_tag?post=45818"}],"curies":[{"name":"wp","href":"https:\/\/api.w.org\/{rel}","templated":true}]}}

El Museu Arqueològic Provincial d&#039;Alacant com a eina de reivindicació política a les festes populars de tradició local: les Fogueres de Sant Joan (1928-1944)

<div class="documento-item">
                    <h2 class="documento-title">El Museu Arqueològic Provincial d&#039;Alacant com a eina de reivindicació política a les festes populars de tradició local: les Fogueres de Sant Joan (1928-1944)</h2>
        
                    <p class="documento-subtitle">Santiago Olcina Llacs</p>
        
                    <a href="https://marqalicante.com/contenido/particulos/pub_228.pdf" class="documento-btn" target="_blank" rel="noopener">
                <i class="fas fa-file-pdf"></i> Descarregar PDF
            </a>
            </div>

<p>La celebració de les primeres Fogueres de Sant Joan a finals de juny de 1928 va permetre que diferents artistes i institucions culturals de la ciutat d&#039;Alacant poguessin reivindicar, a través de l&#039;exhibició d&#039;aquests monuments efímers i en to satíric, diferents problemàtiques que afectaven el progrés de la societat Provincial Alacantista, entre els quals hi havia la Museu de Alacant). En aquest article donem a conèixer, des d&#039;un punt de vista historiogràfic, el relat de dos dels monuments que van reivindicar aquelles qüestions entre 1928 i 1944: “El Tio Cuc i el Cuquet en globus” a la plaça del Teatre Principal i “El Museu Provincial o el que cal a Alacant” al districte de Calvo Sotelo.</p>
