{"id":45743,"date":"2025-05-16T06:31:57","date_gmt":"2025-05-16T06:31:57","guid":{"rendered":"https:\/\/marqalicante-admin.qwair.com\/producto\/intervencion-arqueologica-en-la-apertura-de-c-castillo-castillo-del-aljau-aspe-alicante\/"},"modified":"2025-06-04T16:24:28","modified_gmt":"2025-06-04T16:24:28","slug":"intervencion-arqueologica-en-la-apertura-de-c-castillo-castillo-del-aljau-aspe-alicante","status":"publish","type":"product","link":"https:\/\/marqalicante-admin.qwair.com\/va\/producte\/intervencion-arqueologica-en-la-apertura-de-c-castillo-castillo-del-aljau-aspe-alicante\/","title":{"rendered":"Intervenci\u00f3 arqueol\u00f2gica a l&#039;obertura del c\/ Castell. Castell de l&#039;Aljau (Aspe, Alacant)"},"content":{"rendered":"<div class=\"documento-item\">\n                    <h2 class=\"documento-title\">Intervenci\u00f3 arqueol\u00f2gica a l&#039;obertura del c\/ Castell. Castell de l&#039;Aljau (Aspe, Alacant)<\/h2>\n        \n                    <p class=\"documento-subtitle\">Jos\u00e9 Ram\u00f3n Ortega P\u00e9rez, Immaculada Reina G\u00f3mez, Marc Aureli Esquembre Bebia<\/p>\n        \n                    <a href=\"https:\/\/marqalicante.com\/contenido\/particulos\/pub_153.pdf\" class=\"documento-btn\" target=\"_blank\" rel=\"noopener\">\n                <i class=\"fas fa-file-pdf\"><\/i> Descarregar PDF\n            <\/a>\n            <\/div>","protected":false},"excerpt":{"rendered":"<p>L&#039;any 2010 es va dur a terme una intervenci\u00f3 arqueol\u00f2gica promoguda per l&#039;Ajuntament d&#039;Aspe, en el marc de la prolongaci\u00f3 del C\/Castell, a l&#039;\u00e0rea septentrional del municipi d&#039;Aspe (Alacant). Es va realitzar una primera fase de sondejos arqueol\u00f2gics, que van donar positiu a nivell arqueol\u00f2gic, duent-se a terme una segona fase d&#039;excavaci\u00f3 a<br \/>extensi\u00f3 concentrada a l&#039;\u00e0rea central. El resultat ha estat la troballa d&#039;una fortificaci\u00f3 i un assentament annex, el Castell i el Raval de l&#039;Aljau, amb un desenvolupament entre els segles XIV al XVII.<\/p>","protected":false},"featured_media":45873,"template":"","meta":{"kia_subtitle":""},"product_brand":[],"product_cat":[2913],"product_tag":[],"class_list":{"0":"post-45743","1":"product","2":"type-product","3":"status-publish","4":"has-post-thumbnail","6":"product_cat-articulos","8":"first","9":"instock","10":"virtual","11":"product-type-simple"},"meta_box":{"ia_expediente":"","ia_ano":"","ia_fechas_de_actuacion":"","ia_municipios_comarcas":"","ia_directores":"","ia_periodos_culturales":"","ia_tipos_de_intervencion":"","ia_equipo_tecnico":"","ia_autores":"","ia_promotores":"","ia_deposito_de_materiales":"","ia_coordenadas_utm":""},"_links":{"self":[{"href":"https:\/\/marqalicante-admin.qwair.com\/va\/wp-json\/wp\/v2\/product\/45743","targetHints":{"allow":["GET"]}}],"collection":[{"href":"https:\/\/marqalicante-admin.qwair.com\/va\/wp-json\/wp\/v2\/product"}],"about":[{"href":"https:\/\/marqalicante-admin.qwair.com\/va\/wp-json\/wp\/v2\/types\/product"}],"wp:featuredmedia":[{"embeddable":true,"href":"https:\/\/marqalicante-admin.qwair.com\/va\/wp-json\/wp\/v2\/media\/45873"}],"wp:attachment":[{"href":"https:\/\/marqalicante-admin.qwair.com\/va\/wp-json\/wp\/v2\/media?parent=45743"}],"wp:term":[{"taxonomy":"product_brand","embeddable":true,"href":"https:\/\/marqalicante-admin.qwair.com\/va\/wp-json\/wp\/v2\/product_brand?post=45743"},{"taxonomy":"product_cat","embeddable":true,"href":"https:\/\/marqalicante-admin.qwair.com\/va\/wp-json\/wp\/v2\/product_cat?post=45743"},{"taxonomy":"product_tag","embeddable":true,"href":"https:\/\/marqalicante-admin.qwair.com\/va\/wp-json\/wp\/v2\/product_tag?post=45743"}],"curies":[{"name":"wp","href":"https:\/\/api.w.org\/{rel}","templated":true}]}}

Intervenció arqueològica a l&#039;obertura del c/ Castell. Castell de l&#039;Aljau (Aspe, Alacant)

<div class="documento-item">
                    <h2 class="documento-title">Intervenció arqueològica a l&#039;obertura del c/ Castell. Castell de l&#039;Aljau (Aspe, Alacant)</h2>
        
                    <p class="documento-subtitle">José Ramón Ortega Pérez, Immaculada Reina Gómez, Marc Aureli Esquembre Bebia</p>
        
                    <a href="https://marqalicante.com/contenido/particulos/pub_153.pdf" class="documento-btn" target="_blank" rel="noopener">
                <i class="fas fa-file-pdf"></i> Descarregar PDF
            </a>
            </div>

<p>L&#039;any 2010 es va dur a terme una intervenció arqueològica promoguda per l&#039;Ajuntament d&#039;Aspe, en el marc de la prolongació del C/Castell, a l&#039;àrea septentrional del municipi d&#039;Aspe (Alacant). Es va realitzar una primera fase de sondejos arqueològics, que van donar positiu a nivell arqueològic, duent-se a terme una segona fase d&#039;excavació a<br />extensió concentrada a l&#039;àrea central. El resultat ha estat la troballa d&#039;una fortificació i un assentament annex, el Castell i el Raval de l&#039;Aljau, amb un desenvolupament entre els segles XIV al XVII.</p>
