{"id":45697,"date":"2025-05-16T06:31:45","date_gmt":"2025-05-16T06:31:45","guid":{"rendered":"https:\/\/marqalicante-admin.qwair.com\/producto\/el-museo-monografico-de-la-alcudia-de-elche-una-nueva-etapa-en-su-historia\/"},"modified":"2025-06-04T16:24:20","modified_gmt":"2025-06-04T16:24:20","slug":"el-museo-monografico-de-la-alcudia-de-elche-una-nueva-etapa-en-su-historia","status":"publish","type":"product","link":"https:\/\/marqalicante-admin.qwair.com\/va\/producte\/el-museo-monografico-de-la-alcudia-de-elche-una-nueva-etapa-en-su-historia\/","title":{"rendered":"El Museu Monogr\u00e0fic de l\u00b4Alc\u00fadia d\u00b4Elx. Una nova etapa a la seva hist\u00f2ria"},"content":{"rendered":"<div class=\"documento-item\">\n                    <h2 class=\"documento-title\">El Museu Monogr\u00e0fic de l\u00b4Alc\u00fadia d\u00b4Elx. Una nova etapa a la seva hist\u00f2ria<\/h2>\n        \n                    <p class=\"documento-subtitle\">Alexandre Ramos Molina<\/p>\n        \n                    <a href=\"https:\/\/marqalicante.com\/contenido\/particulos\/pub_107.pdf\" class=\"documento-btn\" target=\"_blank\" rel=\"noopener\">\n                <i class=\"fas fa-file-pdf\"><\/i> Descarregar PDF\n            <\/a>\n            <\/div>","protected":false},"excerpt":{"rendered":"<p>El Museu Monogr\u00e0fic de L&#039;Alc\u00fadia, amb 68 anys d&#039;exist\u00e8ncia, continua sent un element singular a l&#039;arqueologia espanyola malgrat els canvis en la gesti\u00f3 en les \u00faltimes d\u00e8cades. Va arrencar amb la caracter\u00edstica de ser un museu dirigit pel propietari i ara forma part de l&#039;oferta docent i investigadora d&#039;una gran instituci\u00f3 com la Universitat d&#039;Alacant. En els darrers anys aquest museu ha renovat tant a les seves infraestructures com a la manera d&#039;exposar els seus importants fons provinents del jaciment on s&#039;ubica i que des de la Prehist\u00f2ria fins a l&#039;\u00c8poca Visigoda es va desenvolupar.<\/p>","protected":false},"featured_media":45873,"template":"","meta":{"kia_subtitle":""},"product_brand":[],"product_cat":[2913],"product_tag":[],"class_list":{"0":"post-45697","1":"product","2":"type-product","3":"status-publish","4":"has-post-thumbnail","6":"product_cat-articulos","8":"first","9":"instock","10":"virtual","11":"product-type-simple"},"meta_box":{"ia_expediente":"","ia_ano":"","ia_fechas_de_actuacion":"","ia_municipios_comarcas":"","ia_directores":"","ia_periodos_culturales":"","ia_tipos_de_intervencion":"","ia_equipo_tecnico":"","ia_autores":"","ia_promotores":"","ia_deposito_de_materiales":"","ia_coordenadas_utm":""},"_links":{"self":[{"href":"https:\/\/marqalicante-admin.qwair.com\/va\/wp-json\/wp\/v2\/product\/45697","targetHints":{"allow":["GET"]}}],"collection":[{"href":"https:\/\/marqalicante-admin.qwair.com\/va\/wp-json\/wp\/v2\/product"}],"about":[{"href":"https:\/\/marqalicante-admin.qwair.com\/va\/wp-json\/wp\/v2\/types\/product"}],"wp:featuredmedia":[{"embeddable":true,"href":"https:\/\/marqalicante-admin.qwair.com\/va\/wp-json\/wp\/v2\/media\/45873"}],"wp:attachment":[{"href":"https:\/\/marqalicante-admin.qwair.com\/va\/wp-json\/wp\/v2\/media?parent=45697"}],"wp:term":[{"taxonomy":"product_brand","embeddable":true,"href":"https:\/\/marqalicante-admin.qwair.com\/va\/wp-json\/wp\/v2\/product_brand?post=45697"},{"taxonomy":"product_cat","embeddable":true,"href":"https:\/\/marqalicante-admin.qwair.com\/va\/wp-json\/wp\/v2\/product_cat?post=45697"},{"taxonomy":"product_tag","embeddable":true,"href":"https:\/\/marqalicante-admin.qwair.com\/va\/wp-json\/wp\/v2\/product_tag?post=45697"}],"curies":[{"name":"wp","href":"https:\/\/api.w.org\/{rel}","templated":true}]}}

El Museu Monogràfic de l´Alcúdia d´Elx. Una nova etapa a la seva història

<div class="documento-item">
                    <h2 class="documento-title">El Museu Monogràfic de l´Alcúdia d´Elx. Una nova etapa a la seva història</h2>
        
                    <p class="documento-subtitle">Alexandre Ramos Molina</p>
        
                    <a href="https://marqalicante.com/contenido/particulos/pub_107.pdf" class="documento-btn" target="_blank" rel="noopener">
                <i class="fas fa-file-pdf"></i> Descarregar PDF
            </a>
            </div>

<p>El Museu Monogràfic de L&#039;Alcúdia, amb 68 anys d&#039;existència, continua sent un element singular a l&#039;arqueologia espanyola malgrat els canvis en la gestió en les últimes dècades. Va arrencar amb la característica de ser un museu dirigit pel propietari i ara forma part de l&#039;oferta docent i investigadora d&#039;una gran institució com la Universitat d&#039;Alacant. En els darrers anys aquest museu ha renovat tant a les seves infraestructures com a la manera d&#039;exposar els seus importants fons provinents del jaciment on s&#039;ubica i que des de la Prehistòria fins a l&#039;Època Visigoda es va desenvolupar.</p>
