{"id":45690,"date":"2025-05-16T06:31:42","date_gmt":"2025-05-16T06:31:42","guid":{"rendered":"https:\/\/marqalicante-admin.qwair.com\/producto\/nuevas-evidencias-de-la-produccion-de-lucernas-en-el-valle-del-vinalopo-un-molde-procedente-de-villa-petraria-petrer-alicante\/"},"modified":"2025-06-04T16:24:18","modified_gmt":"2025-06-04T16:24:18","slug":"nuevas-evidencias-de-la-produccion-de-lucernas-en-el-valle-del-vinalopo-un-molde-procedente-de-villa-petraria-petrer-alicante","status":"publish","type":"product","link":"https:\/\/marqalicante-admin.qwair.com\/va\/producte\/nuevas-evidencias-de-la-produccion-de-lucernas-en-el-valle-del-vinalopo-un-molde-procedente-de-villa-petraria-petrer-alicante\/","title":{"rendered":"Noves evid\u00e8ncies de la producci\u00f3 de lluernes a la vall del Vinalop\u00f3: un motlle procedent de Villa Petraria (Petrer, Alacant)"},"content":{"rendered":"<div class=\"documento-item\">\n                    <h2 class=\"documento-title\">Noves evid\u00e8ncies de la producci\u00f3 de lluernes a la vall del Vinalop\u00f3: un motlle procedent de Villa Petraria (Petrer, Alacant)<\/h2>\n        \n                    <p class=\"documento-subtitle\">Ana Garc\u00eda Barrachina<\/p>\n        \n                    <a href=\"https:\/\/marqalicante.com\/contenido\/particulos\/pub_100.pdf\" class=\"documento-btn\" target=\"_blank\" rel=\"noopener\">\n                <i class=\"fas fa-file-pdf\"><\/i> Descarregar PDF\n            <\/a>\n            <\/div>","protected":false},"excerpt":{"rendered":"<p>Presentem un motlle o negatiu, corresponent a la meitat superior, que serviria per produir lluernes de disc del tipus Dressel 18 o 19. Procedeix del complex terrisser de Villa Petraria (Petrer) on a m\u00e9s s&#039;ha documentat l&#039;elaboraci\u00f3 de material de construcci\u00f3.<\/p>","protected":false},"featured_media":45873,"template":"","meta":{"kia_subtitle":""},"product_brand":[],"product_cat":[2913],"product_tag":[],"class_list":{"0":"post-45690","1":"product","2":"type-product","3":"status-publish","4":"has-post-thumbnail","6":"product_cat-articulos","8":"first","9":"instock","10":"virtual","11":"product-type-simple"},"meta_box":{"ia_expediente":"","ia_ano":"","ia_fechas_de_actuacion":"","ia_municipios_comarcas":"","ia_directores":"","ia_periodos_culturales":"","ia_tipos_de_intervencion":"","ia_equipo_tecnico":"","ia_autores":"","ia_promotores":"","ia_deposito_de_materiales":"","ia_coordenadas_utm":""},"_links":{"self":[{"href":"https:\/\/marqalicante-admin.qwair.com\/va\/wp-json\/wp\/v2\/product\/45690","targetHints":{"allow":["GET"]}}],"collection":[{"href":"https:\/\/marqalicante-admin.qwair.com\/va\/wp-json\/wp\/v2\/product"}],"about":[{"href":"https:\/\/marqalicante-admin.qwair.com\/va\/wp-json\/wp\/v2\/types\/product"}],"wp:featuredmedia":[{"embeddable":true,"href":"https:\/\/marqalicante-admin.qwair.com\/va\/wp-json\/wp\/v2\/media\/45873"}],"wp:attachment":[{"href":"https:\/\/marqalicante-admin.qwair.com\/va\/wp-json\/wp\/v2\/media?parent=45690"}],"wp:term":[{"taxonomy":"product_brand","embeddable":true,"href":"https:\/\/marqalicante-admin.qwair.com\/va\/wp-json\/wp\/v2\/product_brand?post=45690"},{"taxonomy":"product_cat","embeddable":true,"href":"https:\/\/marqalicante-admin.qwair.com\/va\/wp-json\/wp\/v2\/product_cat?post=45690"},{"taxonomy":"product_tag","embeddable":true,"href":"https:\/\/marqalicante-admin.qwair.com\/va\/wp-json\/wp\/v2\/product_tag?post=45690"}],"curies":[{"name":"wp","href":"https:\/\/api.w.org\/{rel}","templated":true}]}}

Noves evidències de la producció de lluernes a la vall del Vinalopó: un motlle procedent de Villa Petraria (Petrer, Alacant)

<div class="documento-item">
                    <h2 class="documento-title">Noves evidències de la producció de lluernes a la vall del Vinalopó: un motlle procedent de Villa Petraria (Petrer, Alacant)</h2>
        
                    <p class="documento-subtitle">Ana García Barrachina</p>
        
                    <a href="https://marqalicante.com/contenido/particulos/pub_100.pdf" class="documento-btn" target="_blank" rel="noopener">
                <i class="fas fa-file-pdf"></i> Descarregar PDF
            </a>
            </div>

<p>Presentem un motlle o negatiu, corresponent a la meitat superior, que serviria per produir lluernes de disc del tipus Dressel 18 o 19. Procedeix del complex terrisser de Villa Petraria (Petrer) on a més s&#039;ha documentat l&#039;elaboració de material de construcció.</p>
