{"id":45669,"date":"2025-05-16T06:31:37","date_gmt":"2025-05-16T06:31:37","guid":{"rendered":"https:\/\/marqalicante-admin.qwair.com\/producto\/el-kalathos-del-gallo-una-decoracion-simbolica-singular-en-un-vaso-de-lucentum\/"},"modified":"2025-06-04T16:24:15","modified_gmt":"2025-06-04T16:24:15","slug":"el-kalathos-del-gallo-una-decoracion-simbolica-singular-en-un-vaso-de-lucentum","status":"publish","type":"product","link":"https:\/\/marqalicante-admin.qwair.com\/va\/producte\/el-kalathos-del-gallo-una-decoracion-simbolica-singular-en-un-vaso-de-lucentum\/","title":{"rendered":"El kalathos del gall: una decoraci\u00f3 simb\u00f2lica singular en un got de Lucentum"},"content":{"rendered":"<div class=\"documento-item\">\n                    <h2 class=\"documento-title\">El kalathos del gall: una decoraci\u00f3 simb\u00f2lica singular en un got de Lucentum<\/h2>\n        \n                    <p class=\"documento-subtitle\">Miguel F. P\u00e9rez Blasco<\/p>\n        \n                    <a href=\"https:\/\/marqalicante.com\/contenido\/particulos\/pub_79.pdf\" class=\"documento-btn\" target=\"_blank\" rel=\"noopener\">\n                <i class=\"fas fa-file-pdf\"><\/i> Descarregar PDF\n            <\/a>\n            <\/div>","protected":false},"excerpt":{"rendered":"<p>Aquest estudi pret\u00e9n aproximar-nos al coneixement d&#039;un got cer\u00e0mic ib\u00e8ric que acull una decoraci\u00f3 pict\u00f2rica singular a les parets. El kalathos ib\u00e8ric conservat i exposat al MARQ exemplifica les fortes influ\u00e8ncies mediterr\u00e0nies, sobretot p\u00faniques, que va rebre aquesta zona del Sud-est peninsular, alhora que permet retornar a la problem\u00e0tica de l&#039;\u00fas del llenguatge iconogr\u00e0fic ib\u00e8ric segons el context.<\/p>","protected":false},"featured_media":45873,"template":"","meta":{"kia_subtitle":""},"product_brand":[],"product_cat":[2913],"product_tag":[],"class_list":{"0":"post-45669","1":"product","2":"type-product","3":"status-publish","4":"has-post-thumbnail","6":"product_cat-articulos","8":"first","9":"instock","10":"virtual","11":"product-type-simple"},"meta_box":{"ia_expediente":"","ia_ano":"","ia_fechas_de_actuacion":"","ia_municipios_comarcas":"","ia_directores":"","ia_periodos_culturales":"","ia_tipos_de_intervencion":"","ia_equipo_tecnico":"","ia_autores":"","ia_promotores":"","ia_deposito_de_materiales":"","ia_coordenadas_utm":""},"_links":{"self":[{"href":"https:\/\/marqalicante-admin.qwair.com\/va\/wp-json\/wp\/v2\/product\/45669","targetHints":{"allow":["GET"]}}],"collection":[{"href":"https:\/\/marqalicante-admin.qwair.com\/va\/wp-json\/wp\/v2\/product"}],"about":[{"href":"https:\/\/marqalicante-admin.qwair.com\/va\/wp-json\/wp\/v2\/types\/product"}],"wp:featuredmedia":[{"embeddable":true,"href":"https:\/\/marqalicante-admin.qwair.com\/va\/wp-json\/wp\/v2\/media\/45873"}],"wp:attachment":[{"href":"https:\/\/marqalicante-admin.qwair.com\/va\/wp-json\/wp\/v2\/media?parent=45669"}],"wp:term":[{"taxonomy":"product_brand","embeddable":true,"href":"https:\/\/marqalicante-admin.qwair.com\/va\/wp-json\/wp\/v2\/product_brand?post=45669"},{"taxonomy":"product_cat","embeddable":true,"href":"https:\/\/marqalicante-admin.qwair.com\/va\/wp-json\/wp\/v2\/product_cat?post=45669"},{"taxonomy":"product_tag","embeddable":true,"href":"https:\/\/marqalicante-admin.qwair.com\/va\/wp-json\/wp\/v2\/product_tag?post=45669"}],"curies":[{"name":"wp","href":"https:\/\/api.w.org\/{rel}","templated":true}]}}

El kalathos del gall: una decoració simbòlica singular en un got de Lucentum

<div class="documento-item">
                    <h2 class="documento-title">El kalathos del gall: una decoració simbòlica singular en un got de Lucentum</h2>
        
                    <p class="documento-subtitle">Miguel F. Pérez Blasco</p>
        
                    <a href="https://marqalicante.com/contenido/particulos/pub_79.pdf" class="documento-btn" target="_blank" rel="noopener">
                <i class="fas fa-file-pdf"></i> Descarregar PDF
            </a>
            </div>

<p>Aquest estudi pretén aproximar-nos al coneixement d&#039;un got ceràmic ibèric que acull una decoració pictòrica singular a les parets. El kalathos ibèric conservat i exposat al MARQ exemplifica les fortes influències mediterrànies, sobretot púniques, que va rebre aquesta zona del Sud-est peninsular, alhora que permet retornar a la problemàtica de l&#039;ús del llenguatge iconogràfic ibèric segons el context.</p>
