{"id":45650,"date":"2025-05-16T06:31:31","date_gmt":"2025-05-16T06:31:31","guid":{"rendered":"https:\/\/marqalicante-admin.qwair.com\/producto\/marq-memoria-de-actividades-2007-2008\/"},"modified":"2025-06-04T16:24:11","modified_gmt":"2025-06-04T16:24:11","slug":"marq-memoria-de-actividades-2007-2008","status":"publish","type":"product","link":"https:\/\/marqalicante-admin.qwair.com\/va\/producte\/marq-memoria-de-actividades-2007-2008\/","title":{"rendered":"MARQ. Mem\u00f2ria d&#039;activitats 2007-2008"},"content":{"rendered":"<div class=\"documento-item\">\n                    <h2 class=\"documento-title\">MARQ. Mem\u00f2ria d&#039;activitats 2007-2008<\/h2>\n        \n                    <p class=\"documento-subtitle\">MARQ. Equip T\u00e8cnic<\/p>\n        \n                    <a href=\"https:\/\/marqalicante.com\/contenido\/particulos\/pub_60.pdf\" class=\"documento-btn\" target=\"_blank\" rel=\"noopener\">\n                <i class=\"fas fa-file-pdf\"><\/i> Descarregar PDF\n            <\/a>\n            <\/div>","protected":false},"excerpt":{"rendered":"<p>Despr\u00e9s d&#039;haver obtingut el Premi al Museu Europeu de l&#039;Any el 2004 a Atenes, des de la Fundaci\u00f3 CV MARQ es va assumir el repte de celebrar a Alacant el certamen de l&#039;European Museum Forum de l&#039;any 2007<br \/>presidit per la Reina Fabiola de B\u00e8lgica, acampanya del President de la Diputaci\u00f3 d&#039;Alacant. Aquesta celebraci\u00f3 ha resultat de transcend\u00e8ncia enorme per al MARQ que, com a Museu amfitri\u00f3, consolida la repercussi\u00f3 que a nivell europeu va aconseguir amb el guard\u00f3 d&#039;Atenes. L\u00b4\u00e8xit d\u00b4aquest esdeveniment \u00e9s en qualsevol cas de la Diputaci\u00f3 d\u00b4Alacant, i de tot el personal que ho va fer possible. La seva realitzaci\u00f3 el 2007 fa tota una efem\u00e8ride del 75\u00e8 aniversari del Museu i del cinqu\u00e8 des de la inauguraci\u00f3 del MARQ. Amb aquest motiu a l&#039;espai de la bitlleteria del MARQ es va instal\u00b7lar un gran panell amb fotografies de la hist\u00f2ria del Museu<\/p>","protected":false},"featured_media":45873,"template":"","meta":{"kia_subtitle":""},"product_brand":[],"product_cat":[2913],"product_tag":[],"class_list":{"0":"post-45650","1":"product","2":"type-product","3":"status-publish","4":"has-post-thumbnail","6":"product_cat-articulos","8":"first","9":"instock","10":"virtual","11":"product-type-simple"},"meta_box":{"ia_expediente":"","ia_ano":"","ia_fechas_de_actuacion":"","ia_municipios_comarcas":"","ia_directores":"","ia_periodos_culturales":"","ia_tipos_de_intervencion":"","ia_equipo_tecnico":"","ia_autores":"","ia_promotores":"","ia_deposito_de_materiales":"","ia_coordenadas_utm":""},"_links":{"self":[{"href":"https:\/\/marqalicante-admin.qwair.com\/va\/wp-json\/wp\/v2\/product\/45650","targetHints":{"allow":["GET"]}}],"collection":[{"href":"https:\/\/marqalicante-admin.qwair.com\/va\/wp-json\/wp\/v2\/product"}],"about":[{"href":"https:\/\/marqalicante-admin.qwair.com\/va\/wp-json\/wp\/v2\/types\/product"}],"wp:featuredmedia":[{"embeddable":true,"href":"https:\/\/marqalicante-admin.qwair.com\/va\/wp-json\/wp\/v2\/media\/45873"}],"wp:attachment":[{"href":"https:\/\/marqalicante-admin.qwair.com\/va\/wp-json\/wp\/v2\/media?parent=45650"}],"wp:term":[{"taxonomy":"product_brand","embeddable":true,"href":"https:\/\/marqalicante-admin.qwair.com\/va\/wp-json\/wp\/v2\/product_brand?post=45650"},{"taxonomy":"product_cat","embeddable":true,"href":"https:\/\/marqalicante-admin.qwair.com\/va\/wp-json\/wp\/v2\/product_cat?post=45650"},{"taxonomy":"product_tag","embeddable":true,"href":"https:\/\/marqalicante-admin.qwair.com\/va\/wp-json\/wp\/v2\/product_tag?post=45650"}],"curies":[{"name":"wp","href":"https:\/\/api.w.org\/{rel}","templated":true}]}}

MARQ. Memòria d&#039;activitats 2007-2008

<div class="documento-item">
                    <h2 class="documento-title">MARQ. Memòria d&#039;activitats 2007-2008</h2>
        
                    <p class="documento-subtitle">MARQ. Equip Tècnic</p>
        
                    <a href="https://marqalicante.com/contenido/particulos/pub_60.pdf" class="documento-btn" target="_blank" rel="noopener">
                <i class="fas fa-file-pdf"></i> Descarregar PDF
            </a>
            </div>

<p>Després d&#039;haver obtingut el Premi al Museu Europeu de l&#039;Any el 2004 a Atenes, des de la Fundació CV MARQ es va assumir el repte de celebrar a Alacant el certamen de l&#039;European Museum Forum de l&#039;any 2007<br />presidit per la Reina Fabiola de Bèlgica, acampanya del President de la Diputació d&#039;Alacant. Aquesta celebració ha resultat de transcendència enorme per al MARQ que, com a Museu amfitrió, consolida la repercussió que a nivell europeu va aconseguir amb el guardó d&#039;Atenes. L´èxit d´aquest esdeveniment és en qualsevol cas de la Diputació d´Alacant, i de tot el personal que ho va fer possible. La seva realització el 2007 fa tota una efemèride del 75è aniversari del Museu i del cinquè des de la inauguració del MARQ. Amb aquest motiu a l&#039;espai de la bitlleteria del MARQ es va instal·lar un gran panell amb fotografies de la història del Museu</p>
