{"id":45645,"date":"2025-05-16T06:31:30","date_gmt":"2025-05-16T06:31:30","guid":{"rendered":"https:\/\/marqalicante-admin.qwair.com\/producto\/opening-doors-to-museums-access-to-original-roman-sites\/"},"modified":"2025-06-04T16:24:11","modified_gmt":"2025-06-04T16:24:11","slug":"opening-doors-to-museums-access-to-original-roman-sites","status":"publish","type":"product","link":"https:\/\/marqalicante-admin.qwair.com\/va\/producte\/opening-doors-to-museums-access-to-original-roman-sites\/","title":{"rendered":"Opening Doors to Museums \u2013 Access to Original Roman Sites"},"content":{"rendered":"<div class=\"documento-item\">\n                    <h2 class=\"documento-title\">Opening Doors to Museums - Access to Original Roman Sites<\/h2>\n        \n                    <p class=\"documento-subtitle\">Karlheinz Geppert MA<\/p>\n        \n                    <a href=\"https:\/\/marqalicante.com\/contenido\/particulos\/pub_55.pdf\" class=\"documento-btn\" target=\"_blank\" rel=\"noopener\">\n                <i class=\"fas fa-file-pdf\"><\/i> Descarregar PDF\n            <\/a>\n            <\/div>","protected":false},"excerpt":{"rendered":"<p>Sumelocenna, el nom llat\u00ed de Rottemburg en \u00e8poca romana, va constituir sens dubte una de les poblacions m\u00e9s importants de la Germania Superior a la riba dreta del Rhin. L&#039;assentament es va fundar al voltant de 85\/90 dC. C., en \u00e8poca de l&#039;emperador Domici\u00e0, a la via principal que connectava Su\u00efssa amb el limes. Amb el temps, Sumelocenna va comen\u00e7ar a adquirir un car\u00e0cter urb\u00e0, i cap a finals del segle II dC. C. es va fortificar construint-se una muralla d&#039;1,8 km de longitud i 2 m de gruix, que arribava a assolir els 5 m d&#039;al\u00e7ada. El recinte abastava una \u00e0rea de m\u00e9s de 30 ha. Al seu interior s&#039;han identificat tres grans espais p\u00fablics: una zona amb temples, una altra destinada a banys i unes latrines p\u00fabliques, a m\u00e9s d&#039;un sistema de clavegueram. Sumelocenna va tenir una exist\u00e8ncia de nom\u00e9s 170 anys, sent els seus edificis sepultats o destru\u00efts amb la construcci\u00f3 de Rottemburg. Sens dubte, la investigaci\u00f3 de les seves restes sota les cases de la moderna ciutat de Rottemburg am Neckar no \u00e9s cap cap\u00edtol tancat. Any darrera anys els descobriments arqueol\u00f2gics se succeeixen, antigues preguntes troben resposta i noves q\u00fcestions queden plantejades. Encara avui, la fascinant hist\u00f2ria d&#039;aquesta antiga ciutat romana es pot observar en nombrosos punts de la ciutat: als banys, als pilars conservats prop de la porta suevica, a l&#039;aq\u00fceducte, per\u00f2 sobretot i principalment al Sumelocenna Museum.&nbsp;<\/p>","protected":false},"featured_media":45873,"template":"","meta":{"kia_subtitle":""},"product_brand":[],"product_cat":[2913],"product_tag":[],"class_list":{"0":"post-45645","1":"product","2":"type-product","3":"status-publish","4":"has-post-thumbnail","6":"product_cat-articulos","8":"first","9":"instock","10":"virtual","11":"product-type-simple"},"meta_box":{"ia_expediente":"","ia_ano":"","ia_fechas_de_actuacion":"","ia_municipios_comarcas":"","ia_directores":"","ia_periodos_culturales":"","ia_tipos_de_intervencion":"","ia_equipo_tecnico":"","ia_autores":"","ia_promotores":"","ia_deposito_de_materiales":"","ia_coordenadas_utm":""},"_links":{"self":[{"href":"https:\/\/marqalicante-admin.qwair.com\/va\/wp-json\/wp\/v2\/product\/45645","targetHints":{"allow":["GET"]}}],"collection":[{"href":"https:\/\/marqalicante-admin.qwair.com\/va\/wp-json\/wp\/v2\/product"}],"about":[{"href":"https:\/\/marqalicante-admin.qwair.com\/va\/wp-json\/wp\/v2\/types\/product"}],"wp:featuredmedia":[{"embeddable":true,"href":"https:\/\/marqalicante-admin.qwair.com\/va\/wp-json\/wp\/v2\/media\/45873"}],"wp:attachment":[{"href":"https:\/\/marqalicante-admin.qwair.com\/va\/wp-json\/wp\/v2\/media?parent=45645"}],"wp:term":[{"taxonomy":"product_brand","embeddable":true,"href":"https:\/\/marqalicante-admin.qwair.com\/va\/wp-json\/wp\/v2\/product_brand?post=45645"},{"taxonomy":"product_cat","embeddable":true,"href":"https:\/\/marqalicante-admin.qwair.com\/va\/wp-json\/wp\/v2\/product_cat?post=45645"},{"taxonomy":"product_tag","embeddable":true,"href":"https:\/\/marqalicante-admin.qwair.com\/va\/wp-json\/wp\/v2\/product_tag?post=45645"}],"curies":[{"name":"wp","href":"https:\/\/api.w.org\/{rel}","templated":true}]}}

<p>Sumelocenna, el nom llatí de Rottemburg en època romana, va constituir sens dubte una de les poblacions més importants de la Germania Superior a la riba dreta del Rhin. L&#039;assentament es va fundar al voltant de 85/90 dC. C., en època de l&#039;emperador Domicià, a la via principal que connectava Suïssa amb el limes. Amb el temps, Sumelocenna va començar a adquirir un caràcter urbà, i cap a finals del segle II dC. C. es va fortificar construint-se una muralla d&#039;1,8 km de longitud i 2 m de gruix, que arribava a assolir els 5 m d&#039;alçada. El recinte abastava una àrea de més de 30 ha. Al seu interior s&#039;han identificat tres grans espais públics: una zona amb temples, una altra destinada a banys i unes latrines públiques, a més d&#039;un sistema de clavegueram. Sumelocenna va tenir una existència de només 170 anys, sent els seus edificis sepultats o destruïts amb la construcció de Rottemburg. Sens dubte, la investigació de les seves restes sota les cases de la moderna ciutat de Rottemburg am Neckar no és cap capítol tancat. Any darrera anys els descobriments arqueològics se succeeixen, antigues preguntes troben resposta i noves qüestions queden plantejades. Encara avui, la fascinant història d&#039;aquesta antiga ciutat romana es pot observar en nombrosos punts de la ciutat: als banys, als pilars conservats prop de la porta suevica, a l&#039;aqüeducte, però sobretot i principalment al Sumelocenna Museum.&nbsp;</p>
