{"id":45632,"date":"2025-05-16T06:31:26","date_gmt":"2025-05-16T06:31:26","guid":{"rendered":"https:\/\/marqalicante-admin.qwair.com\/producto\/le-castellar-de-morera-delche-est-il-la-madina-dal-caskar-des-textes-arabes\/"},"modified":"2025-06-04T16:24:08","modified_gmt":"2025-06-04T16:24:08","slug":"le-castellar-de-morera-delche-est-il-la-madina-dal-caskar-des-textes-arabes","status":"publish","type":"product","link":"https:\/\/marqalicante-admin.qwair.com\/va\/producte\/le-castellar-de-morera-delche-est-il-la-madina-dal-caskar-des-textes-arabes\/","title":{"rendered":"Le Castellar de Morera d&#039;Elx est il la Mad\u00eena d&#039;al-cAskar dels texts \u00e0rabs?"},"content":{"rendered":"<div class=\"documento-item\">\n                    <h2 class=\"documento-title\">Le Castellar de Morera d&#039;Elx est il la Mad\u00eena d&#039;al-cAskar dels texts \u00e0rabs?<\/h2>\n        \n                    <p class=\"documento-subtitle\">Pierre Guichard<\/p>\n        \n                    <a href=\"https:\/\/marqalicante.com\/contenido\/particulos\/pub_37.pdf\" class=\"documento-btn\" target=\"_blank\" rel=\"noopener\">\n                <i class=\"fas fa-file-pdf\"><\/i> Descarregar PDF\n            <\/a>\n            <\/div>","protected":false},"excerpt":{"rendered":"<p>La regi\u00f3 oriental d&#039;al-Andalus (Sharq al-Andalus) coneix, durant els segles VIII \u2013 IX una forta desurbanitzaci\u00f3 (prolongant<br \/>una situaci\u00f3 ja compromesa a l&#039;\u00e8poca visig\u00f2tica). \u00c9s nom\u00e9s a partir del segle X que les ciutats d&#039;aquesta regi\u00f3, amb la reanimaci\u00f3 del comer\u00e7 mediterrani, comencen a assolir la import\u00e0ncia. La descripci\u00f3 d&#039;Andalus redactada cap a la fi del segle IX per l&#039;autor oriental al-Ya&#039;q\u00fbb\u00ee, que no esmenta M\u00farcia, assenyala a la regi\u00f3 de<br \/>Tudmir nom\u00e9s dues ciutats notables (dotades d&#039;un p\u00falpit per predicar o minvar) Lorca i al-&#039;Askar. Aquesta ciutat d&#039;al-&#039;Askar (paraula que designa un ex\u00e8rcit o, com a top\u00f2nim, un \u201ccampament militar\u201d) apareix<br \/>tamb\u00e9 en un petit nombre de fonts relatives als esdeveniments que es produeixen a la regi\u00f3 a finals de l&#039;IX i al comen\u00e7ament del segle X. L&#039;article examina la possibilitat perqu\u00e8 aquest nom de lloc hagu\u00e9s pogut aplicar-se l&#039;empla\u00e7ament arqueol\u00f2gic vast i tard\u00e0-antic i de l&#039;alta Edat Mitjana de Castellar de Morera, prop d&#039;Elx.<br \/>Amb el suport d&#039;aquesta hip\u00f2tesi, podem aportar primer el fet que aquesta identificaci\u00f3 permetria satisfer el buit poc explicable que representa la desaparici\u00f3 de la ciutat d&#039;Elx tant textos com l&#039;arqueologia entre l&#039;aband\u00f3 de l&#039;empla\u00e7ament antic d&#039;Alc\u00fadia i l&#039;\u00e8poca del taifes.<br \/>A continuaci\u00f3 sobretot es pot al\u00b7legar que la fam\u00edlia del Shaykh al-Islam\u00ee, un dels principals rebels a l&#039;autoritat omeia a l&#039;\u00e8poca del fitna o anarquia pol\u00edtica del final del segle IX i del principi del X a la regi\u00f3 de Tudmir, que se sap que t\u00e9 al-`Askar, hagi estat, segons Ibn Hazm, establert a Elx.<\/p>","protected":false},"featured_media":45873,"template":"","meta":{"kia_subtitle":""},"product_brand":[],"product_cat":[2913],"product_tag":[],"class_list":{"0":"post-45632","1":"product","2":"type-product","3":"status-publish","4":"has-post-thumbnail","6":"product_cat-articulos","8":"first","9":"instock","10":"virtual","11":"product-type-simple"},"meta_box":{"ia_expediente":"","ia_ano":"","ia_fechas_de_actuacion":"","ia_municipios_comarcas":"","ia_directores":"","ia_periodos_culturales":"","ia_tipos_de_intervencion":"","ia_equipo_tecnico":"","ia_autores":"","ia_promotores":"","ia_deposito_de_materiales":"","ia_coordenadas_utm":""},"_links":{"self":[{"href":"https:\/\/marqalicante-admin.qwair.com\/va\/wp-json\/wp\/v2\/product\/45632","targetHints":{"allow":["GET"]}}],"collection":[{"href":"https:\/\/marqalicante-admin.qwair.com\/va\/wp-json\/wp\/v2\/product"}],"about":[{"href":"https:\/\/marqalicante-admin.qwair.com\/va\/wp-json\/wp\/v2\/types\/product"}],"wp:featuredmedia":[{"embeddable":true,"href":"https:\/\/marqalicante-admin.qwair.com\/va\/wp-json\/wp\/v2\/media\/45873"}],"wp:attachment":[{"href":"https:\/\/marqalicante-admin.qwair.com\/va\/wp-json\/wp\/v2\/media?parent=45632"}],"wp:term":[{"taxonomy":"product_brand","embeddable":true,"href":"https:\/\/marqalicante-admin.qwair.com\/va\/wp-json\/wp\/v2\/product_brand?post=45632"},{"taxonomy":"product_cat","embeddable":true,"href":"https:\/\/marqalicante-admin.qwair.com\/va\/wp-json\/wp\/v2\/product_cat?post=45632"},{"taxonomy":"product_tag","embeddable":true,"href":"https:\/\/marqalicante-admin.qwair.com\/va\/wp-json\/wp\/v2\/product_tag?post=45632"}],"curies":[{"name":"wp","href":"https:\/\/api.w.org\/{rel}","templated":true}]}}

Le Castellar de Morera d&#039;Elx est il la Madîna d&#039;al-cAskar dels texts àrabs?

<div class="documento-item">
                    <h2 class="documento-title">Le Castellar de Morera d&#039;Elx est il la Madîna d&#039;al-cAskar dels texts àrabs?</h2>
        
                    <p class="documento-subtitle">Pierre Guichard</p>
        
                    <a href="https://marqalicante.com/contenido/particulos/pub_37.pdf" class="documento-btn" target="_blank" rel="noopener">
                <i class="fas fa-file-pdf"></i> Descarregar PDF
            </a>
            </div>

<p>La regió oriental d&#039;al-Andalus (Sharq al-Andalus) coneix, durant els segles VIII – IX una forta desurbanització (prolongant<br />una situació ja compromesa a l&#039;època visigòtica). És només a partir del segle X que les ciutats d&#039;aquesta regió, amb la reanimació del comerç mediterrani, comencen a assolir la importància. La descripció d&#039;Andalus redactada cap a la fi del segle IX per l&#039;autor oriental al-Ya&#039;qûbî, que no esmenta Múrcia, assenyala a la regió de<br />Tudmir només dues ciutats notables (dotades d&#039;un púlpit per predicar o minvar) Lorca i al-&#039;Askar. Aquesta ciutat d&#039;al-&#039;Askar (paraula que designa un exèrcit o, com a topònim, un “campament militar”) apareix<br />també en un petit nombre de fonts relatives als esdeveniments que es produeixen a la regió a finals de l&#039;IX i al començament del segle X. L&#039;article examina la possibilitat perquè aquest nom de lloc hagués pogut aplicar-se l&#039;emplaçament arqueològic vast i tardà-antic i de l&#039;alta Edat Mitjana de Castellar de Morera, prop d&#039;Elx.<br />Amb el suport d&#039;aquesta hipòtesi, podem aportar primer el fet que aquesta identificació permetria satisfer el buit poc explicable que representa la desaparició de la ciutat d&#039;Elx tant textos com l&#039;arqueologia entre l&#039;abandó de l&#039;emplaçament antic d&#039;Alcúdia i l&#039;època del taifes.<br />A continuació sobretot es pot al·legar que la família del Shaykh al-Islamî, un dels principals rebels a l&#039;autoritat omeia a l&#039;època del fitna o anarquia política del final del segle IX i del principi del X a la regió de Tudmir, que se sap que té al-`Askar, hagi estat, segons Ibn Hazm, establert a Elx.</p>
