{"id":45628,"date":"2025-05-16T06:31:25","date_gmt":"2025-05-16T06:31:25","guid":{"rendered":"https:\/\/marqalicante-admin.qwair.com\/producto\/ideologia-arqueologia\/"},"modified":"2025-06-04T16:24:08","modified_gmt":"2025-06-04T16:24:08","slug":"ideologia-arqueologia","status":"publish","type":"product","link":"https:\/\/marqalicante-admin.qwair.com\/va\/producte\/ideologia-arqueologia\/","title":{"rendered":"Ideologia, arqueologia"},"content":{"rendered":"<div class=\"documento-item\">\n                    <h2 class=\"documento-title\">Ideologia, arqueologia<\/h2>\n        \n                    <p class=\"documento-subtitle\">Vicente Lull, Rafael Mic\u00f3, Cristina Rihuete Herrada, Roberto Risch<\/p>\n        \n                    <a href=\"https:\/\/marqalicante.com\/contenido\/particulos\/pub_25.pdf\" class=\"documento-btn\" target=\"_blank\" rel=\"noopener\">\n                <i class=\"fas fa-file-pdf\"><\/i> Descarregar PDF\n            <\/a>\n            <\/div>","protected":false},"excerpt":{"rendered":"<p>Va ser A. Destutt de Tracy qui va encunyar el terme \u201cideologia\u201d. Compartia \u201cideals\u201d amb altres savis de l&#039;Institut National des Sciences et des Arts de Fran\u00e7a que creien que la llibertat de pensament i expressi\u00f3 era el triomf m\u00e9s gran de la Revoluci\u00f3. Aquests ide\u00f2legs es preocupaven de l&#039;origen i la formaci\u00f3 de les idees, alhora que s&#039;afanyaven que els objectius revolucionaris s&#039;aconseguissin.<\/p>","protected":false},"featured_media":45873,"template":"","meta":{"kia_subtitle":""},"product_brand":[],"product_cat":[2913],"product_tag":[],"class_list":{"0":"post-45628","1":"product","2":"type-product","3":"status-publish","4":"has-post-thumbnail","6":"product_cat-articulos","8":"first","9":"instock","10":"virtual","11":"product-type-simple"},"meta_box":{"ia_expediente":"","ia_ano":"","ia_fechas_de_actuacion":"","ia_municipios_comarcas":"","ia_directores":"","ia_periodos_culturales":"","ia_tipos_de_intervencion":"","ia_equipo_tecnico":"","ia_autores":"","ia_promotores":"","ia_deposito_de_materiales":"","ia_coordenadas_utm":""},"_links":{"self":[{"href":"https:\/\/marqalicante-admin.qwair.com\/va\/wp-json\/wp\/v2\/product\/45628","targetHints":{"allow":["GET"]}}],"collection":[{"href":"https:\/\/marqalicante-admin.qwair.com\/va\/wp-json\/wp\/v2\/product"}],"about":[{"href":"https:\/\/marqalicante-admin.qwair.com\/va\/wp-json\/wp\/v2\/types\/product"}],"wp:featuredmedia":[{"embeddable":true,"href":"https:\/\/marqalicante-admin.qwair.com\/va\/wp-json\/wp\/v2\/media\/45873"}],"wp:attachment":[{"href":"https:\/\/marqalicante-admin.qwair.com\/va\/wp-json\/wp\/v2\/media?parent=45628"}],"wp:term":[{"taxonomy":"product_brand","embeddable":true,"href":"https:\/\/marqalicante-admin.qwair.com\/va\/wp-json\/wp\/v2\/product_brand?post=45628"},{"taxonomy":"product_cat","embeddable":true,"href":"https:\/\/marqalicante-admin.qwair.com\/va\/wp-json\/wp\/v2\/product_cat?post=45628"},{"taxonomy":"product_tag","embeddable":true,"href":"https:\/\/marqalicante-admin.qwair.com\/va\/wp-json\/wp\/v2\/product_tag?post=45628"}],"curies":[{"name":"wp","href":"https:\/\/api.w.org\/{rel}","templated":true}]}}

<div class="documento-item">
                    <h2 class="documento-title">Ideologia, arqueologia</h2>
        
                    <p class="documento-subtitle">Vicente Lull, Rafael Micó, Cristina Rihuete Herrada, Roberto Risch</p>
        
                    <a href="https://marqalicante.com/contenido/particulos/pub_25.pdf" class="documento-btn" target="_blank" rel="noopener">
                <i class="fas fa-file-pdf"></i> Descarregar PDF
            </a>
            </div>

<p>Va ser A. Destutt de Tracy qui va encunyar el terme “ideologia”. Compartia “ideals” amb altres savis de l&#039;Institut National des Sciences et des Arts de França que creien que la llibertat de pensament i expressió era el triomf més gran de la Revolució. Aquests ideòlegs es preocupaven de l&#039;origen i la formació de les idees, alhora que s&#039;afanyaven que els objectius revolucionaris s&#039;aconseguissin.</p>
