{"id":45478,"date":"2025-04-04T06:26:10","date_gmt":"2025-04-04T06:26:10","guid":{"rendered":"https:\/\/marqalicante-admin.qwair.com\/producto\/sequies-assuts-i-molins-de-la-capcalera-de-la-font-antiga-de-crevillent-la-tanca-del-forat\/"},"modified":"2025-04-07T08:07:17","modified_gmt":"2025-04-07T08:07:17","slug":"sequies-assuts-i-molins-de-la-capcalera-de-la-font-antiga-de-crevillent-la-tanca-del-forat","status":"publish","type":"product","link":"https:\/\/marqalicante-admin.qwair.com\/va\/producte\/sequies-assuts-i-molins-de-la-capcalera-de-la-font-antiga-de-crevillent-la-tanca-del-forat\/","title":{"rendered":"S\u00e8quies&#44; assuts i molins de la cap\u00e7alera de la Font Antiga de Crevillent. La Tanca del Forat"},"content":{"rendered":"","protected":false},"excerpt":{"rendered":"<p><b>Expedient: <\/b><\/p>\n<p>2011\/0597-A<\/p>\n<p><b>Any: <\/b><\/p>\n<p>2011<\/p>\n<p><b>Dates dactuaci\u00f3: <\/b><\/p>\n<p>15-11-2011 a 16-12-2011<\/p>\n<p><b>Municipis (Comarques): <\/b><\/p>\n<p>CREVILLENT<\/p>\n<p><b>Directors:<\/b><\/p>\n<p>Menargues Gim\u00e9nez&#44; Josep<\/p>\n<p><b>Per\u00edodes culturals: <\/b><\/p>\n<p>Bajomedieval&#44; Isl\u00e1mico&#44; Moderno<\/p>\n<p><b>Tipus d&#039;intervenci\u00f3:<\/b><\/p>\n<p>Acondicionamiento&#44; Excavaci\u00f3n arqueol\u00f3gica&#44; Planimetr\u00eda<\/p>\n<p><b>Equip T\u00e8cnic: <\/b><\/p>\n<p>Marcelino P\u00e9rez Amor\u00f3s (top\u00f3grafo)&#44; Margarita Ferr\u00e0ndez Abell\u00e1n&#44; Lorda Belso Pastor i Joaquim Ferr\u00e0ndez Abell\u00e1n<\/p>\n<p><b>Autors :<\/b><\/p>\n<p>Josep Menargues Gim\u00e9nez<\/p>\n<p><b>Promotors: <\/b><\/p>\n<p>Josep Menargues Gim\u00e9nez<\/p>\n<p><b>Dip\u00f2sit de materials: <\/b><\/p>\n<p>Museu Arqueol\u00f2gic Municipal de Crevillent<\/p>\n<p><b>Coordenades UTM: <\/b><\/p>\n<p>X 690443 \u2013 Y 4237529 (Sondeig Estrep); X 690458 \u2013 Y 4237536 (Sondeig Mur-Brollador)<\/p>\n<p><b>Document PDF: <\/b><\/p>\n    \n    <div class=\"documento-item\">\n                    <h2 class=\"documento-title\">Descarregar aqu\u00ed<\/h2>\n        \n        \n                    <a href=\"https:\/\/marqalicante.com\/contenido\/int_arqueologicas\/doc_246.pdf\" class=\"documento-btn\">\n                <i class=\"fas fa-file-pdf\"><\/i> Descarregar PDF\n            <\/a>\n            <\/div>","protected":false},"featured_media":45501,"template":"","meta":{"kia_subtitle":""},"product_brand":[],"product_cat":[2620],"product_tag":[],"class_list":{"0":"post-45478","1":"product","2":"type-product","3":"status-publish","4":"has-post-thumbnail","6":"product_cat-intervenciones-arqueologicas","8":"first","9":"instock","10":"virtual","11":"product-type-simple"},"meta_box":{"ia_expediente":"","ia_ano":"","ia_fechas_de_actuacion":"","ia_municipios_comarcas":"","ia_directores":"","ia_periodos_culturales":"","ia_tipos_de_intervencion":"","ia_equipo_tecnico":"","ia_autores":"","ia_promotores":"","ia_deposito_de_materiales":"","ia_coordenadas_utm":""},"_links":{"self":[{"href":"https:\/\/marqalicante-admin.qwair.com\/va\/wp-json\/wp\/v2\/product\/45478","targetHints":{"allow":["GET"]}}],"collection":[{"href":"https:\/\/marqalicante-admin.qwair.com\/va\/wp-json\/wp\/v2\/product"}],"about":[{"href":"https:\/\/marqalicante-admin.qwair.com\/va\/wp-json\/wp\/v2\/types\/product"}],"wp:featuredmedia":[{"embeddable":true,"href":"https:\/\/marqalicante-admin.qwair.com\/va\/wp-json\/wp\/v2\/media\/45501"}],"wp:attachment":[{"href":"https:\/\/marqalicante-admin.qwair.com\/va\/wp-json\/wp\/v2\/media?parent=45478"}],"wp:term":[{"taxonomy":"product_brand","embeddable":true,"href":"https:\/\/marqalicante-admin.qwair.com\/va\/wp-json\/wp\/v2\/product_brand?post=45478"},{"taxonomy":"product_cat","embeddable":true,"href":"https:\/\/marqalicante-admin.qwair.com\/va\/wp-json\/wp\/v2\/product_cat?post=45478"},{"taxonomy":"product_tag","embeddable":true,"href":"https:\/\/marqalicante-admin.qwair.com\/va\/wp-json\/wp\/v2\/product_tag?post=45478"}],"curies":[{"name":"wp","href":"https:\/\/api.w.org\/{rel}","templated":true}]}}

Sèquies&#44; assuts i molins de la capçalera de la Font Antiga de Crevillent. La Tanca del Forat

<p><b>Expedient: </b></p>
<p>2011/0597-A</p>
<p><b>Any: </b></p>
<p>2011</p>
<p><b>Dates dactuació: </b></p>
<p>15-11-2011 a 16-12-2011</p>
<p><b>Municipis (Comarques): </b></p>
<p>CREVILLENT</p>
<p><b>Directors:</b></p>
<p>Menargues Giménez&#44; Josep</p>
<p><b>Períodes culturals: </b></p>
<p>Bajomedieval&#44; Islámico&#44; Moderno</p>
<p><b>Tipus d&#039;intervenció:</b></p>
<p>Acondicionamiento&#44; Excavación arqueológica&#44; Planimetría</p>
<p><b>Equip Tècnic: </b></p>
<p>Marcelino Pérez Amorós (topógrafo)&#44; Margarita Ferràndez Abellán&#44; Lorda Belso Pastor i Joaquim Ferràndez Abellán</p>
<p><b>Autors :</b></p>
<p>Josep Menargues Giménez</p>
<p><b>Promotors: </b></p>
<p>Josep Menargues Giménez</p>
<p><b>Dipòsit de materials: </b></p>
<p>Museu Arqueològic Municipal de Crevillent</p>
<p><b>Coordenades UTM: </b></p>
<p>X 690443 – Y 4237529 (Sondeig Estrep); X 690458 – Y 4237536 (Sondeig Mur-Brollador)</p>
<p><b>Document PDF: </b></p>
    
    <div class="documento-item">
                    <h2 class="documento-title">Descarregar aquí</h2>
        
        
                    <a href="https://marqalicante.com/contenido/int_arqueologicas/doc_246.pdf" class="documento-btn">
                <i class="fas fa-file-pdf"></i> Descarregar PDF
            </a>
            </div>
