{"id":45385,"date":"2025-04-04T06:25:25","date_gmt":"2025-04-04T06:25:25","guid":{"rendered":"https:\/\/marqalicante-admin.qwair.com\/producto\/prospeccion-documentacion-y-contextualizacion-de-arte-rupestre-en-las-comarcas-alicantinas-de-lalcoia-el-comtat-la-marina-alta-y-la-marina-baixa-1a-anualidad-sectores-geograficos-4-y\/"},"modified":"2025-04-07T08:06:50","modified_gmt":"2025-04-07T08:06:50","slug":"prospeccion-documentacion-y-contextualizacion-de-arte-rupestre-en-las-comarcas-alicantinas-de-lalcoia-el-comtat-la-marina-alta-y-la-marina-baixa-1a-anualidad-sectores-geograficos-4-y","status":"publish","type":"product","link":"https:\/\/marqalicante-admin.qwair.com\/va\/producte\/prospeccion-documentacion-y-contextualizacion-de-arte-rupestre-en-las-comarcas-alicantinas-de-lalcoia-el-comtat-la-marina-alta-y-la-marina-baixa-1a-anualidad-sectores-geograficos-4-y\/","title":{"rendered":"Prospecci\u00f3, documentaci\u00f3 i contextualitzaci\u00f3 d&#039;art rupestre a les comarques alacantines de l&#039;Alcoi\u00e0, el Comtat, la Marina Alta i la Marina Baixa. 1a anualitat: sectors geogr\u00e0fics 4 i 6"},"content":{"rendered":"","protected":false},"excerpt":{"rendered":"<p><b>Expedient: <\/b><\/p>\n<p>2010\/0908-A<\/p>\n<p><b>Any: <\/b><\/p>\n<p>2011<\/p>\n<p><b>Dates dactuaci\u00f3: <\/b><\/p>\n<p>13-12-2010 \u2013 En curso<\/p>\n<p><b>Municipis (Comarques): <\/b><\/p>\n<p>CONFRITS<\/p>\n<p><b>Directors:<\/b><\/p>\n<p>Barciela Gonz\u00e1lez&#44; Virginia&#44; Molina Hern\u00e1ndez&#44; Francisco Javier<\/p>\n<p><b>Per\u00edodes culturals: <\/b><\/p>\n<p>Neol\u00edtic<\/p>\n<p><b>Tipus d&#039;intervenci\u00f3:<\/b><\/p>\n<p>Documentaci\u00f3<\/p>\n<p><b>Equip T\u00e8cnic: <\/b><\/p>\n<p>\u2013<\/p>\n<p><b>Autors :<\/b><\/p>\n<p>Francisco Javier Molina Hern\u00e1ndez y Virginia Barciela Gonz\u00e1lez\n<\/p>\n<p><b>Promotors: <\/b><\/p>\n<p>Direcci\u00f3 General de Patrimoni Cultural. Generalitat Valenciana<\/p>\n<p><b>Dip\u00f2sit de materials: <\/b><\/p>\n<p>No es va recuperar material arqueol\u00f2gic<\/p>\n<p><b>Coordenades UTM: <\/b><\/p>\n<p>X 737402 \u2013 Y 4284794 (Abrigo de la Condomina); X 736514 \u2013 Y 4283704 (Pla de la Codolla)<\/p>\n<p><b>Document PDF: <\/b><\/p>\n    \n    <div class=\"documento-item\">\n                    <h2 class=\"documento-title\">Descarregar aqu\u00ed<\/h2>\n        \n        \n                    <a href=\"https:\/\/marqalicante.com\/contenido\/int_arqueologicas\/doc_151.pdf\" class=\"documento-btn\">\n                <i class=\"fas fa-file-pdf\"><\/i> Descarregar PDF\n            <\/a>\n            <\/div>","protected":false},"featured_media":45501,"template":"","meta":{"kia_subtitle":""},"product_brand":[],"product_cat":[2620],"product_tag":[],"class_list":{"0":"post-45385","1":"product","2":"type-product","3":"status-publish","4":"has-post-thumbnail","6":"product_cat-intervenciones-arqueologicas","8":"first","9":"instock","10":"virtual","11":"product-type-simple"},"meta_box":{"ia_expediente":"","ia_ano":"","ia_fechas_de_actuacion":"","ia_municipios_comarcas":"","ia_directores":"","ia_periodos_culturales":"","ia_tipos_de_intervencion":"","ia_equipo_tecnico":"","ia_autores":"","ia_promotores":"","ia_deposito_de_materiales":"","ia_coordenadas_utm":""},"_links":{"self":[{"href":"https:\/\/marqalicante-admin.qwair.com\/va\/wp-json\/wp\/v2\/product\/45385","targetHints":{"allow":["GET"]}}],"collection":[{"href":"https:\/\/marqalicante-admin.qwair.com\/va\/wp-json\/wp\/v2\/product"}],"about":[{"href":"https:\/\/marqalicante-admin.qwair.com\/va\/wp-json\/wp\/v2\/types\/product"}],"wp:featuredmedia":[{"embeddable":true,"href":"https:\/\/marqalicante-admin.qwair.com\/va\/wp-json\/wp\/v2\/media\/45501"}],"wp:attachment":[{"href":"https:\/\/marqalicante-admin.qwair.com\/va\/wp-json\/wp\/v2\/media?parent=45385"}],"wp:term":[{"taxonomy":"product_brand","embeddable":true,"href":"https:\/\/marqalicante-admin.qwair.com\/va\/wp-json\/wp\/v2\/product_brand?post=45385"},{"taxonomy":"product_cat","embeddable":true,"href":"https:\/\/marqalicante-admin.qwair.com\/va\/wp-json\/wp\/v2\/product_cat?post=45385"},{"taxonomy":"product_tag","embeddable":true,"href":"https:\/\/marqalicante-admin.qwair.com\/va\/wp-json\/wp\/v2\/product_tag?post=45385"}],"curies":[{"name":"wp","href":"https:\/\/api.w.org\/{rel}","templated":true}]}}

Prospecció, documentació i contextualització d&#039;art rupestre a les comarques alacantines de l&#039;Alcoià, el Comtat, la Marina Alta i la Marina Baixa. 1a anualitat: sectors geogràfics 4 i 6

<p><b>Expedient: </b></p>
<p>2010/0908-A</p>
<p><b>Any: </b></p>
<p>2011</p>
<p><b>Dates dactuació: </b></p>
<p>13-12-2010 – En curso</p>
<p><b>Municipis (Comarques): </b></p>
<p>CONFRITS</p>
<p><b>Directors:</b></p>
<p>Barciela González&#44; Virginia&#44; Molina Hernández&#44; Francisco Javier</p>
<p><b>Períodes culturals: </b></p>
<p>Neolític</p>
<p><b>Tipus d&#039;intervenció:</b></p>
<p>Documentació</p>
<p><b>Equip Tècnic: </b></p>
<p>–</p>
<p><b>Autors :</b></p>
<p>Francisco Javier Molina Hernández y Virginia Barciela González
</p>
<p><b>Promotors: </b></p>
<p>Direcció General de Patrimoni Cultural. Generalitat Valenciana</p>
<p><b>Dipòsit de materials: </b></p>
<p>No es va recuperar material arqueològic</p>
<p><b>Coordenades UTM: </b></p>
<p>X 737402 – Y 4284794 (Abrigo de la Condomina); X 736514 – Y 4283704 (Pla de la Codolla)</p>
<p><b>Document PDF: </b></p>
    
    <div class="documento-item">
                    <h2 class="documento-title">Descarregar aquí</h2>
        
        
                    <a href="https://marqalicante.com/contenido/int_arqueologicas/doc_151.pdf" class="documento-btn">
                <i class="fas fa-file-pdf"></i> Descarregar PDF
            </a>
            </div>
