{"id":45245,"date":"2025-04-04T06:24:12","date_gmt":"2025-04-04T06:24:12","guid":{"rendered":"https:\/\/marqalicante-admin.qwair.com\/producto\/tossal-de-manises-areas-del-foro-y-de-las-termas-de-popilio\/"},"modified":"2025-04-07T08:06:07","modified_gmt":"2025-04-07T08:06:07","slug":"tossal-de-manises-areas-del-foro-y-de-las-termas-de-popilio","status":"publish","type":"product","link":"https:\/\/marqalicante-admin.qwair.com\/va\/producte\/tossal-de-manises-areas-del-foro-y-de-las-termas-de-popilio\/","title":{"rendered":"Tossal de Manises. \u00c0rees del f\u00f2rum i de les termes de Popili"},"content":{"rendered":"","protected":false},"excerpt":{"rendered":"<p><b>Expedient: <\/b><\/p>\n<p>2008\/1089-A<\/p>\n<p><b>Any: <\/b><\/p>\n<p>2010<\/p>\n<p><b>Dates dactuaci\u00f3: <\/b><\/p>\n<p>09-09-2009 a 31-05-2010<\/p>\n<p><b>Municipis (Comarques): <\/b><\/p>\n<p>ALACANT \/ ALACANT<\/p>\n<p><b>Directors:<\/b><\/p>\n<p>Guilabert Mas, Antonio, Olcina Dom\u00e8nech, Manuel, Botiga Porras, Eva<\/p>\n<p><b>Per\u00edodes culturals: <\/b><\/p>\n<p>Ib\u00e8ric, Isl\u00e0mic, Rom\u00e0<\/p>\n<p><b>Tipus d&#039;intervenci\u00f3:<\/b><\/p>\n<p>Excavaci\u00f3 arqueol\u00f2gica<\/p>\n<p><b>Equip T\u00e8cnic: <\/b><\/p>\n<p>Vict\u00f2ria Amor\u00f3s Ruiz, Raquel Ortega Echevarr\u00eda i Vicente Aniorte Parres (ALEBUS Patrimoni Hist\u00f2ric SL)\n<\/p>\n<p><b>Autors :<\/b><\/p>\n<p>Manuel Olcina Dom\u00e9nech, Antonio Guilabert Mas i Eva Tendero Porras\n<\/p>\n<p><b>Promotors: <\/b><\/p>\n<p>Excma. Diputaci\u00f3 Provincial d&#039;Alacant<\/p>\n<p><b>Dip\u00f2sit de materials: <\/b><\/p>\n<p>Museu Arqueol\u00f2gic d&#039;Alacant (MARQ)<\/p>\n<p><b>Coordenades UTM: <\/b><\/p>\n<p>X 723867 \u2013 I 4249522<\/p>\n<p><b>Document PDF: <\/b><\/p>\n    \n    <div class=\"documento-item\">\n                    <h2 class=\"documento-title\">Descarregar aqu\u00ed<\/h2>\n        \n        \n                    <a href=\"https:\/\/marqalicante.com\/contenido\/int_arqueologicas\/doc_6.pdf\" class=\"documento-btn\">\n                <i class=\"fas fa-file-pdf\"><\/i> Descarregar PDF\n            <\/a>\n            <\/div>","protected":false},"featured_media":45501,"template":"","meta":{"kia_subtitle":""},"product_brand":[],"product_cat":[2620],"product_tag":[],"class_list":{"0":"post-45245","1":"product","2":"type-product","3":"status-publish","4":"has-post-thumbnail","6":"product_cat-intervenciones-arqueologicas","8":"first","9":"instock","10":"virtual","11":"product-type-simple"},"meta_box":{"ia_expediente":"","ia_ano":"","ia_fechas_de_actuacion":"","ia_municipios_comarcas":"","ia_directores":"","ia_periodos_culturales":"","ia_tipos_de_intervencion":"","ia_equipo_tecnico":"","ia_autores":"","ia_promotores":"","ia_deposito_de_materiales":"","ia_coordenadas_utm":""},"_links":{"self":[{"href":"https:\/\/marqalicante-admin.qwair.com\/va\/wp-json\/wp\/v2\/product\/45245","targetHints":{"allow":["GET"]}}],"collection":[{"href":"https:\/\/marqalicante-admin.qwair.com\/va\/wp-json\/wp\/v2\/product"}],"about":[{"href":"https:\/\/marqalicante-admin.qwair.com\/va\/wp-json\/wp\/v2\/types\/product"}],"wp:featuredmedia":[{"embeddable":true,"href":"https:\/\/marqalicante-admin.qwair.com\/va\/wp-json\/wp\/v2\/media\/45501"}],"wp:attachment":[{"href":"https:\/\/marqalicante-admin.qwair.com\/va\/wp-json\/wp\/v2\/media?parent=45245"}],"wp:term":[{"taxonomy":"product_brand","embeddable":true,"href":"https:\/\/marqalicante-admin.qwair.com\/va\/wp-json\/wp\/v2\/product_brand?post=45245"},{"taxonomy":"product_cat","embeddable":true,"href":"https:\/\/marqalicante-admin.qwair.com\/va\/wp-json\/wp\/v2\/product_cat?post=45245"},{"taxonomy":"product_tag","embeddable":true,"href":"https:\/\/marqalicante-admin.qwair.com\/va\/wp-json\/wp\/v2\/product_tag?post=45245"}],"curies":[{"name":"wp","href":"https:\/\/api.w.org\/{rel}","templated":true}]}}

Tossal de Manises. Àrees del fòrum i de les termes de Popili

<p><b>Expedient: </b></p>
<p>2008/1089-A</p>
<p><b>Any: </b></p>
<p>2010</p>
<p><b>Dates dactuació: </b></p>
<p>09-09-2009 a 31-05-2010</p>
<p><b>Municipis (Comarques): </b></p>
<p>ALACANT / ALACANT</p>
<p><b>Directors:</b></p>
<p>Guilabert Mas, Antonio, Olcina Domènech, Manuel, Botiga Porras, Eva</p>
<p><b>Períodes culturals: </b></p>
<p>Ibèric, Islàmic, Romà</p>
<p><b>Tipus d&#039;intervenció:</b></p>
<p>Excavació arqueològica</p>
<p><b>Equip Tècnic: </b></p>
<p>Victòria Amorós Ruiz, Raquel Ortega Echevarría i Vicente Aniorte Parres (ALEBUS Patrimoni Històric SL)
</p>
<p><b>Autors :</b></p>
<p>Manuel Olcina Doménech, Antonio Guilabert Mas i Eva Tendero Porras
</p>
<p><b>Promotors: </b></p>
<p>Excma. Diputació Provincial d&#039;Alacant</p>
<p><b>Dipòsit de materials: </b></p>
<p>Museu Arqueològic d&#039;Alacant (MARQ)</p>
<p><b>Coordenades UTM: </b></p>
<p>X 723867 – I 4249522</p>
<p><b>Document PDF: </b></p>
    
    <div class="documento-item">
                    <h2 class="documento-title">Descarregar aquí</h2>
        
        
                    <a href="https://marqalicante.com/contenido/int_arqueologicas/doc_6.pdf" class="documento-btn">
                <i class="fas fa-file-pdf"></i> Descarregar PDF
            </a>
            </div>
