{"id":35941,"date":"2025-03-05T18:25:05","date_gmt":"2025-03-05T18:25:05","guid":{"rendered":"https:\/\/marqalicante-admin.qwair.com\/item\/cuatro-kreutzer-ano-1861\/"},"modified":"2025-03-05T18:28:00","modified_gmt":"2025-03-05T18:28:00","slug":"cuatro-kreutzer-ano-1861","status":"publish","type":"product","link":"https:\/\/marqalicante-admin.qwair.com\/va\/producte\/cuatro-kreutzer-ano-1861\/","title":{"rendered":"<b>Quatre kreutzer<\/b>   Any 1861."},"content":{"rendered":"","protected":false},"excerpt":{"rendered":"<h3>Edat contempor\u00e0nia<\/h3>\n<p><b>Metall:<\/b> Coure.<br \/><b>Entitat emissora: <\/b> \u00c0ustria. Francisco Jos\u00e9.<br \/><b>Seca:<\/b> Viena.<br \/><b>Data:<\/b> Any 1861.<br \/><b>Anvers:<\/b><br \/> Escut austr\u00edac i \u00e0guila bic\u00e8fala coronada. Llegenda: KKOESTERREICHISCHER SCHEIDEM\u00dcNZE.<br \/><b>Revers:<\/b><br \/> Valor, anys d&#039;encunyaci\u00f3 i marca de seca envoltats de corona vegetal. Llegenda: 4 1861 A.<br \/>\n<br \/><b>Pes:<\/b> 13.14 g \u2013 <b>Di\u00e0metre:<\/b> 27 mm \u2013 <b>Eixos:<\/b> 12 h.<br \/><b>Descrita a:<\/b> Krause, CL i Mishler, C., 1980: Standard Catalog of World Coins, Wisconsin, p. 83, n\u00fam. 8.<br \/><b>Publicada a:<\/b><br \/>Bayo Fuentes, S., Ram\u00f3n S\u00e1nchez, JJ, 2010: \u00abCat\u00e0leg. Col\u00b7leccions\u00bb, a Ram\u00f3n S\u00e1nchez, JJ (ed.), Monedes. Totes les cares de la Hist\u00f2ria. Col\u00b7leccions numism\u00e0tiques del MARQ, Alacant, p. 175.<br \/><b>N\u00famero Inventari Monetari:<\/b> 2558.<br \/>Fons del MARQ. Fons Numism\u00e0tic Antic<\/p>","protected":false},"featured_media":35597,"template":"","meta":{"kia_subtitle":""},"product_brand":[],"product_cat":[2316],"product_tag":[],"class_list":{"0":"post-35941","1":"product","2":"type-product","3":"status-publish","4":"has-post-thumbnail","6":"product_cat-catalogo-numismatico","8":"first","9":"instock","10":"virtual","11":"product-type-simple"},"meta_box":{"ia_expediente":"","ia_ano":"","ia_fechas_de_actuacion":"","ia_municipios_comarcas":"","ia_directores":"","ia_periodos_culturales":"","ia_tipos_de_intervencion":"","ia_equipo_tecnico":"","ia_autores":"","ia_promotores":"","ia_deposito_de_materiales":"","ia_coordenadas_utm":""},"_links":{"self":[{"href":"https:\/\/marqalicante-admin.qwair.com\/va\/wp-json\/wp\/v2\/product\/35941","targetHints":{"allow":["GET"]}}],"collection":[{"href":"https:\/\/marqalicante-admin.qwair.com\/va\/wp-json\/wp\/v2\/product"}],"about":[{"href":"https:\/\/marqalicante-admin.qwair.com\/va\/wp-json\/wp\/v2\/types\/product"}],"wp:featuredmedia":[{"embeddable":true,"href":"https:\/\/marqalicante-admin.qwair.com\/va\/wp-json\/wp\/v2\/media\/35597"}],"wp:attachment":[{"href":"https:\/\/marqalicante-admin.qwair.com\/va\/wp-json\/wp\/v2\/media?parent=35941"}],"wp:term":[{"taxonomy":"product_brand","embeddable":true,"href":"https:\/\/marqalicante-admin.qwair.com\/va\/wp-json\/wp\/v2\/product_brand?post=35941"},{"taxonomy":"product_cat","embeddable":true,"href":"https:\/\/marqalicante-admin.qwair.com\/va\/wp-json\/wp\/v2\/product_cat?post=35941"},{"taxonomy":"product_tag","embeddable":true,"href":"https:\/\/marqalicante-admin.qwair.com\/va\/wp-json\/wp\/v2\/product_tag?post=35941"}],"curies":[{"name":"wp","href":"https:\/\/api.w.org\/{rel}","templated":true}]}}

<h3>Edat contemporània</h3>
<p><b>Metall:</b> Coure.<br /><b>Entitat emissora: </b> Àustria. Francisco José.<br /><b>Seca:</b> Viena.<br /><b>Data:</b> Any 1861.<br /><b>Anvers:</b><br /> Escut austríac i àguila bicèfala coronada. Llegenda: KKOESTERREICHISCHER SCHEIDEMÜNZE.<br /><b>Revers:</b><br /> Valor, anys d&#039;encunyació i marca de seca envoltats de corona vegetal. Llegenda: 4 1861 A.<br />
<br /><b>Pes:</b> 13.14 g – <b>Diàmetre:</b> 27 mm – <b>Eixos:</b> 12 h.<br /><b>Descrita a:</b> Krause, CL i Mishler, C., 1980: Standard Catalog of World Coins, Wisconsin, p. 83, núm. 8.<br /><b>Publicada a:</b><br />Bayo Fuentes, S., Ramón Sánchez, JJ, 2010: «Catàleg. Col·leccions», a Ramón Sánchez, JJ (ed.), Monedes. Totes les cares de la Història. Col·leccions numismàtiques del MARQ, Alacant, p. 175.<br /><b>Número Inventari Monetari:</b> 2558.<br />Fons del MARQ. Fons Numismàtic Antic</p>
