{"id":35939,"date":"2025-03-05T18:25:04","date_gmt":"2025-03-05T18:25:04","guid":{"rendered":"https:\/\/marqalicante-admin.qwair.com\/item\/dos-peniques-anos-1660-1662\/"},"modified":"2025-03-05T18:27:59","modified_gmt":"2025-03-05T18:27:59","slug":"dos-peniques-anos-1660-1662","status":"publish","type":"product","link":"https:\/\/marqalicante-admin.qwair.com\/va\/producte\/dos-peniques-anos-1660-1662\/","title":{"rendered":"<b>Dos penics<\/b>   Anys 1660-1662."},"content":{"rendered":"","protected":false},"excerpt":{"rendered":"<h3>Edat moderna<\/h3>\n<p><b>Metall:<\/b> Plata.<br \/><b>Entitat emissora: <\/b> Anglaterra. Carles II.<br \/><b>Seca:<\/b> No \u00e9s precisable.<br \/><b>Data:<\/b> Anys 1660-1662.<br \/><b>Anvers:<\/b><br \/> Bust coronat a esquerra, darrere marca de valor II. Llegenda: CAROLUS II DG MAG BRIT FRAN ET HIB REX.<br \/>\n<br \/><b>Revers:<\/b><br \/> Escut casernat amb armes reals, darrere creu en forma de forquilla. Llegenda: CRISTO AVSPICE REGNO.<br \/><b>Pes:<\/b> 0.99 g \u2013 <b>Di\u00e0metre:<\/b> 17 mm \u2013 <b>Eixos:<\/b> 8 h.<br \/><b>Descrita a:<\/b> Sutherland, CHV, 1973: English coinage, 600-1900, Londres, p. 212, pl. 99, n\u00fam. 705.<br \/><b>Publicada a:<\/b><br \/>Bayo Fuentes, S., Ram\u00f3n S\u00e1nchez, JJ, 2010: \u00abCat\u00e0leg. Col\u00b7leccions\u00bb, a Ram\u00f3n S\u00e1nchez, JJ (ed.), Monedes. Totes les cares de la Hist\u00f2ria. Col\u00b7leccions numism\u00e0tiques del MARQ, Alacant, p. 180.<br \/><b>N\u00famero Inventari Monetari:<\/b> 7603.<br \/>Cessi\u00f3. Col\u00b7lecci\u00f3 Julio Furg\u00fas<\/p>","protected":false},"featured_media":35591,"template":"","meta":{"kia_subtitle":""},"product_brand":[],"product_cat":[2316],"product_tag":[],"class_list":{"0":"post-35939","1":"product","2":"type-product","3":"status-publish","4":"has-post-thumbnail","6":"product_cat-catalogo-numismatico","8":"first","9":"instock","10":"virtual","11":"product-type-simple"},"meta_box":{"ia_expediente":"","ia_ano":"","ia_fechas_de_actuacion":"","ia_municipios_comarcas":"","ia_directores":"","ia_periodos_culturales":"","ia_tipos_de_intervencion":"","ia_equipo_tecnico":"","ia_autores":"","ia_promotores":"","ia_deposito_de_materiales":"","ia_coordenadas_utm":""},"_links":{"self":[{"href":"https:\/\/marqalicante-admin.qwair.com\/va\/wp-json\/wp\/v2\/product\/35939","targetHints":{"allow":["GET"]}}],"collection":[{"href":"https:\/\/marqalicante-admin.qwair.com\/va\/wp-json\/wp\/v2\/product"}],"about":[{"href":"https:\/\/marqalicante-admin.qwair.com\/va\/wp-json\/wp\/v2\/types\/product"}],"wp:featuredmedia":[{"embeddable":true,"href":"https:\/\/marqalicante-admin.qwair.com\/va\/wp-json\/wp\/v2\/media\/35591"}],"wp:attachment":[{"href":"https:\/\/marqalicante-admin.qwair.com\/va\/wp-json\/wp\/v2\/media?parent=35939"}],"wp:term":[{"taxonomy":"product_brand","embeddable":true,"href":"https:\/\/marqalicante-admin.qwair.com\/va\/wp-json\/wp\/v2\/product_brand?post=35939"},{"taxonomy":"product_cat","embeddable":true,"href":"https:\/\/marqalicante-admin.qwair.com\/va\/wp-json\/wp\/v2\/product_cat?post=35939"},{"taxonomy":"product_tag","embeddable":true,"href":"https:\/\/marqalicante-admin.qwair.com\/va\/wp-json\/wp\/v2\/product_tag?post=35939"}],"curies":[{"name":"wp","href":"https:\/\/api.w.org\/{rel}","templated":true}]}}

<h3>Edat moderna</h3>
<p><b>Metall:</b> Plata.<br /><b>Entitat emissora: </b> Anglaterra. Carles II.<br /><b>Seca:</b> No és precisable.<br /><b>Data:</b> Anys 1660-1662.<br /><b>Anvers:</b><br /> Bust coronat a esquerra, darrere marca de valor II. Llegenda: CAROLUS II DG MAG BRIT FRAN ET HIB REX.<br />
<br /><b>Revers:</b><br /> Escut casernat amb armes reals, darrere creu en forma de forquilla. Llegenda: CRISTO AVSPICE REGNO.<br /><b>Pes:</b> 0.99 g – <b>Diàmetre:</b> 17 mm – <b>Eixos:</b> 8 h.<br /><b>Descrita a:</b> Sutherland, CHV, 1973: English coinage, 600-1900, Londres, p. 212, pl. 99, núm. 705.<br /><b>Publicada a:</b><br />Bayo Fuentes, S., Ramón Sánchez, JJ, 2010: «Catàleg. Col·leccions», a Ramón Sánchez, JJ (ed.), Monedes. Totes les cares de la Història. Col·leccions numismàtiques del MARQ, Alacant, p. 180.<br /><b>Número Inventari Monetari:</b> 7603.<br />Cessió. Col·lecció Julio Furgús</p>
