{"id":35930,"date":"2025-03-05T18:25:00","date_gmt":"2025-03-05T18:25:00","guid":{"rendered":"https:\/\/marqalicante-admin.qwair.com\/item\/cuarto-y-medio-ano-1811\/"},"modified":"2025-03-05T18:27:57","modified_gmt":"2025-03-05T18:27:57","slug":"cuarto-y-medio-ano-1811","status":"publish","type":"product","link":"https:\/\/marqalicante-admin.qwair.com\/va\/producte\/cuarto-y-medio-ano-1811\/","title":{"rendered":"<b>Cambra i mig<\/b>   Any 1811."},"content":{"rendered":"","protected":false},"excerpt":{"rendered":"<h3>Edat contempor\u00e0nia<\/h3>\n<p><b>Metall:<\/b> Coure.<br \/><b>Entitat emissora: <\/b> Espanya. Ferran VII.<br \/><b>Seca:<\/b> Barcelona.<br \/><b>Data:<\/b> Any 1811.<br \/><b>Anvers:<\/b><br \/> Escut coronat i caserna amb les armes de Castella, Lle\u00f3 i Granada i al centre escus\u00f3 de la Casa de Borb\u00f3. Llegenda: FERDIN VII HISP REX 1811.<br \/>\n<br \/><b>Revers:<\/b><br \/> Escut circular barrat de Catalunya coronat. Llegenda: PRINCIP CATHAL (QUART I MIG).<br \/>\n<br \/><b>Pes:<\/b> 3.83 g \u2013 <b>Di\u00e0metre:<\/b> 21 mm \u2013 <b>Eixos:<\/b> 12 h.<br \/><b>Descrita a:<\/b> Calic\u00f3 Estivill, F., Calic\u00f3 Estivill, X., Blat Reial, J., 1994: Les monedes espanyoles des de Fernando i Isabel a Joan Carles I. Anys: 1474 a 1994, Barcelona, p. 599, tipus 314, n\u00fam. 1336.<br \/>\n<br \/><b>Publicada a:<\/b><br \/>Ramon S\u00e1nchez, JJ, Ib\u00e1\u00f1ez Sarri\u00f3, C., 2010: \u00abCat\u00e0leg. Edat Moderna i contempor\u00e0nia\u00bb, a Ram\u00f3n S\u00e1nchez, JJ (ed.), Monedes. Totes les cares de la Hist\u00f2ria. Col\u00b7leccions numism\u00e0tiques del MARQ, Alacant, p. 165.<br \/><b>N\u00famero Inventari Monetari:<\/b> 2630.<br \/>Fons del MARQ. Fons Numism\u00e0tic Antic<\/p>","protected":false},"featured_media":35564,"template":"","meta":{"kia_subtitle":""},"product_brand":[],"product_cat":[2316],"product_tag":[],"class_list":{"0":"post-35930","1":"product","2":"type-product","3":"status-publish","4":"has-post-thumbnail","6":"product_cat-catalogo-numismatico","8":"first","9":"instock","10":"virtual","11":"product-type-simple"},"meta_box":{"ia_expediente":"","ia_ano":"","ia_fechas_de_actuacion":"","ia_municipios_comarcas":"","ia_directores":"","ia_periodos_culturales":"","ia_tipos_de_intervencion":"","ia_equipo_tecnico":"","ia_autores":"","ia_promotores":"","ia_deposito_de_materiales":"","ia_coordenadas_utm":""},"_links":{"self":[{"href":"https:\/\/marqalicante-admin.qwair.com\/va\/wp-json\/wp\/v2\/product\/35930","targetHints":{"allow":["GET"]}}],"collection":[{"href":"https:\/\/marqalicante-admin.qwair.com\/va\/wp-json\/wp\/v2\/product"}],"about":[{"href":"https:\/\/marqalicante-admin.qwair.com\/va\/wp-json\/wp\/v2\/types\/product"}],"wp:featuredmedia":[{"embeddable":true,"href":"https:\/\/marqalicante-admin.qwair.com\/va\/wp-json\/wp\/v2\/media\/35564"}],"wp:attachment":[{"href":"https:\/\/marqalicante-admin.qwair.com\/va\/wp-json\/wp\/v2\/media?parent=35930"}],"wp:term":[{"taxonomy":"product_brand","embeddable":true,"href":"https:\/\/marqalicante-admin.qwair.com\/va\/wp-json\/wp\/v2\/product_brand?post=35930"},{"taxonomy":"product_cat","embeddable":true,"href":"https:\/\/marqalicante-admin.qwair.com\/va\/wp-json\/wp\/v2\/product_cat?post=35930"},{"taxonomy":"product_tag","embeddable":true,"href":"https:\/\/marqalicante-admin.qwair.com\/va\/wp-json\/wp\/v2\/product_tag?post=35930"}],"curies":[{"name":"wp","href":"https:\/\/api.w.org\/{rel}","templated":true}]}}

<h3>Edat contemporània</h3>
<p><b>Metall:</b> Coure.<br /><b>Entitat emissora: </b> Espanya. Ferran VII.<br /><b>Seca:</b> Barcelona.<br /><b>Data:</b> Any 1811.<br /><b>Anvers:</b><br /> Escut coronat i caserna amb les armes de Castella, Lleó i Granada i al centre escusó de la Casa de Borbó. Llegenda: FERDIN VII HISP REX 1811.<br />
<br /><b>Revers:</b><br /> Escut circular barrat de Catalunya coronat. Llegenda: PRINCIP CATHAL (QUART I MIG).<br />
<br /><b>Pes:</b> 3.83 g – <b>Diàmetre:</b> 21 mm – <b>Eixos:</b> 12 h.<br /><b>Descrita a:</b> Calicó Estivill, F., Calicó Estivill, X., Blat Reial, J., 1994: Les monedes espanyoles des de Fernando i Isabel a Joan Carles I. Anys: 1474 a 1994, Barcelona, p. 599, tipus 314, núm. 1336.<br />
<br /><b>Publicada a:</b><br />Ramon Sánchez, JJ, Ibáñez Sarrió, C., 2010: «Catàleg. Edat Moderna i contemporània», a Ramón Sánchez, JJ (ed.), Monedes. Totes les cares de la Història. Col·leccions numismàtiques del MARQ, Alacant, p. 165.<br /><b>Número Inventari Monetari:</b> 2630.<br />Fons del MARQ. Fons Numismàtic Antic</p>
