{"id":35928,"date":"2025-03-05T18:25:00","date_gmt":"2025-03-05T18:25:00","guid":{"rendered":"https:\/\/marqalicante-admin.qwair.com\/item\/cuatro-maravedis-ano-1720\/"},"modified":"2025-03-05T18:27:57","modified_gmt":"2025-03-05T18:27:57","slug":"cuatro-maravedis-ano-1720","status":"publish","type":"product","link":"https:\/\/marqalicante-admin.qwair.com\/va\/producte\/cuatro-maravedis-ano-1720\/","title":{"rendered":"<b>Quatre maraved\u00eds<\/b>   Any 1720."},"content":{"rendered":"","protected":false},"excerpt":{"rendered":"<h3>Edat moderna<\/h3>\n<p><b>Metall:<\/b> Coure.<br \/><b>Entitat emissora: <\/b> Espanya. Felip V.<br \/><b>Seca:<\/b> Barcelona.<br \/><b>Data:<\/b> Any 1720.<br \/><b>Anvers:<\/b><br \/> Escut coronat amb armes de Castella, Lle\u00f3 i llisos de Borb\u00f3. Llegenda: PHILIP VDG HISPAN REX. Marca de seca: B. Marca de valor: IIII.<br \/><b>Revers:<\/b><br \/> Lle\u00f3 coronat a esquerra, amb espasa i ceptre, recolzat sobre dos mons. Llegenda: VTRVMQ VIRT PROTEG 1720.<br \/>\n<br \/><b>Pes:<\/b> 1.12 g \u2013 <b>Di\u00e0metre:<\/b> 16 mm \u2013 <b>Eixos:<\/b> 12 h.<br \/><b>Descrita a:<\/b> Calic\u00f3 Estivill, F., Calic\u00f3 Estivill, X., Blat Reial, J., 1994: Les monedes espanyoles des de Fernando i Isabel a Joan Carles I. Anys: 1474 a 1994, Barcelona, p. 400, tipus 234 a, n\u00fam. 1655.<br \/><b>Publicada a:<\/b><br \/>Ramon S\u00e1nchez, JJ, Ib\u00e1\u00f1ez Sarri\u00f3, C., 2010: \u00abCat\u00e0leg. Edat Moderna i contempor\u00e0nia\u00bb, a Ram\u00f3n S\u00e1nchez, JJ (ed.), Monedes. Totes les cares de la Hist\u00f2ria. Col\u00b7leccions numism\u00e0tiques del MARQ, Alacant, p. 161.<br \/><b>N\u00famero Inventari Monetari:<\/b> 2338.<br \/>Fons del MARQ. Fons Numism\u00e0tic Antic<\/p>","protected":false},"featured_media":35558,"template":"","meta":{"kia_subtitle":""},"product_brand":[],"product_cat":[2316],"product_tag":[],"class_list":{"0":"post-35928","1":"product","2":"type-product","3":"status-publish","4":"has-post-thumbnail","6":"product_cat-catalogo-numismatico","8":"first","9":"instock","10":"virtual","11":"product-type-simple"},"meta_box":{"ia_expediente":"","ia_ano":"","ia_fechas_de_actuacion":"","ia_municipios_comarcas":"","ia_directores":"","ia_periodos_culturales":"","ia_tipos_de_intervencion":"","ia_equipo_tecnico":"","ia_autores":"","ia_promotores":"","ia_deposito_de_materiales":"","ia_coordenadas_utm":""},"_links":{"self":[{"href":"https:\/\/marqalicante-admin.qwair.com\/va\/wp-json\/wp\/v2\/product\/35928","targetHints":{"allow":["GET"]}}],"collection":[{"href":"https:\/\/marqalicante-admin.qwair.com\/va\/wp-json\/wp\/v2\/product"}],"about":[{"href":"https:\/\/marqalicante-admin.qwair.com\/va\/wp-json\/wp\/v2\/types\/product"}],"wp:featuredmedia":[{"embeddable":true,"href":"https:\/\/marqalicante-admin.qwair.com\/va\/wp-json\/wp\/v2\/media\/35558"}],"wp:attachment":[{"href":"https:\/\/marqalicante-admin.qwair.com\/va\/wp-json\/wp\/v2\/media?parent=35928"}],"wp:term":[{"taxonomy":"product_brand","embeddable":true,"href":"https:\/\/marqalicante-admin.qwair.com\/va\/wp-json\/wp\/v2\/product_brand?post=35928"},{"taxonomy":"product_cat","embeddable":true,"href":"https:\/\/marqalicante-admin.qwair.com\/va\/wp-json\/wp\/v2\/product_cat?post=35928"},{"taxonomy":"product_tag","embeddable":true,"href":"https:\/\/marqalicante-admin.qwair.com\/va\/wp-json\/wp\/v2\/product_tag?post=35928"}],"curies":[{"name":"wp","href":"https:\/\/api.w.org\/{rel}","templated":true}]}}

<b>Quatre maravedís</b>   Any 1720.

<h3>Edat moderna</h3>
<p><b>Metall:</b> Coure.<br /><b>Entitat emissora: </b> Espanya. Felip V.<br /><b>Seca:</b> Barcelona.<br /><b>Data:</b> Any 1720.<br /><b>Anvers:</b><br /> Escut coronat amb armes de Castella, Lleó i llisos de Borbó. Llegenda: PHILIP VDG HISPAN REX. Marca de seca: B. Marca de valor: IIII.<br /><b>Revers:</b><br /> Lleó coronat a esquerra, amb espasa i ceptre, recolzat sobre dos mons. Llegenda: VTRVMQ VIRT PROTEG 1720.<br />
<br /><b>Pes:</b> 1.12 g – <b>Diàmetre:</b> 16 mm – <b>Eixos:</b> 12 h.<br /><b>Descrita a:</b> Calicó Estivill, F., Calicó Estivill, X., Blat Reial, J., 1994: Les monedes espanyoles des de Fernando i Isabel a Joan Carles I. Anys: 1474 a 1994, Barcelona, p. 400, tipus 234 a, núm. 1655.<br /><b>Publicada a:</b><br />Ramon Sánchez, JJ, Ibáñez Sarrió, C., 2010: «Catàleg. Edat Moderna i contemporània», a Ramón Sánchez, JJ (ed.), Monedes. Totes les cares de la Història. Col·leccions numismàtiques del MARQ, Alacant, p. 161.<br /><b>Número Inventari Monetari:</b> 2338.<br />Fons del MARQ. Fons Numismàtic Antic</p>
