{"id":35823,"date":"2025-03-05T18:24:23","date_gmt":"2025-03-05T18:24:23","guid":{"rendered":"https:\/\/marqalicante-admin.qwair.com\/item\/mancuso-ano-409-h-1018-1019-d-c\/"},"modified":"2025-03-05T18:27:38","modified_gmt":"2025-03-05T18:27:38","slug":"mancuso-ano-409-h-1018-1019-d-c","status":"publish","type":"product","link":"https:\/\/marqalicante-admin.qwair.com\/va\/producte\/mancuso-ano-409-h-1018-1019-d-c\/","title":{"rendered":"<b>Mancus<\/b>   Any 409 H. \/ 1018-1019 d. C."},"content":{"rendered":"","protected":false},"excerpt":{"rendered":"<h3>Medieval isl\u00e0mic<\/h3>\n<p><b>Metall:<\/b> Or.<br \/><b>Entitat emissora: <\/b> Comtat de Barcelona. Ramon Berenguer I.<br \/><b>Seca:<\/b> Barcelona.<br \/><b>Data:<\/b> Any 409 H. \/ 1018-1019 d. C.<br \/><b>Anvers:<\/b><br \/> IC: \u0627\u0644\u0642\u0627<br \/>\n     &#1604;&#1575; &#1575;&#1604;&#1607; &#1575;&#1604;&#1575;<br \/>\n     &#1604;&#1604;&#1607; &#1608;&#1581;&#1583;&#1607;<br \/>\n     &#1604;&#1575; &#1588;&#1585;&#1610;&#1603; &#1604;&#1607;<br \/>\n     &#1587;&#1605;<br \/>\nIM: Valor, data i seca.<br \/><b>Revers:<\/b><br \/> IIC: \u0648\u0644\u064a \u0627\u0644\u0639\u0647\u062f<br \/>\n      &#1575;&#1604;&#1575;&#1605;&#1575;&#1605; &#1610;&#1581;&#1610;&#1609;<br \/>\n      &#1575;&#1604;&#1605;&#1593;&#1578;&#1604;&#1609; &#1576;&#1575;&#1604;&#1604;&#1607;<br \/>\n      &#1575;&#1605;&#1610;&#1585; &#1575;&#1604;&#1605;&#1608;&#1605;&#1606;&#1610;&#1606;<br \/>\n      &#1575;&#1583;&#1610;&#1587;<br \/>\nIIM: RAIMVNDVS COMES (retr\u00f2grada i exterior; A sense travesser i S tombades)<br \/><b>Pes:<\/b> 1.90 g \u2013 <b>Di\u00e0metre:<\/b> 20 mm \u2013 <b>Eixos:<\/b> 9 h.<br \/><b>Descrita a:<\/b> Balaguer Prunes, AM 1993: Del manc\u00fas a la doblega. Or i p\u00e0ries d&#039;Hisp\u00e0nia, Barcelona, n\u00fam. 18.<br \/>\n<br \/><b>Publicada a:<\/b><br \/>Dom\u00e8nech Belda, C., Ramon S\u00e1nchez, JJ, Ahuir Dom\u00ednguez, JA, 2010: \u00abCat\u00e0leg. Edat Mitjana\u00bb, a Ram\u00f3n S\u00e1nchez, JJ (ed.), Monedes. Totes les cares de la Hist\u00f2ria. Col\u00b7leccions numism\u00e0tiques del MARQ, Alacant, p. 145.<br \/><b>N\u00famero Inventari Monetari:<\/b> 7395.<br \/>Cessi\u00f3. Col\u00b7lecci\u00f3 Julio Furg\u00fas<\/p>","protected":false},"featured_media":35243,"template":"","meta":{"kia_subtitle":""},"product_brand":[],"product_cat":[2316],"product_tag":[],"class_list":{"0":"post-35823","1":"product","2":"type-product","3":"status-publish","4":"has-post-thumbnail","6":"product_cat-catalogo-numismatico","8":"first","9":"instock","10":"virtual","11":"product-type-simple"},"meta_box":{"ia_expediente":"","ia_ano":"","ia_fechas_de_actuacion":"","ia_municipios_comarcas":"","ia_directores":"","ia_periodos_culturales":"","ia_tipos_de_intervencion":"","ia_equipo_tecnico":"","ia_autores":"","ia_promotores":"","ia_deposito_de_materiales":"","ia_coordenadas_utm":""},"_links":{"self":[{"href":"https:\/\/marqalicante-admin.qwair.com\/va\/wp-json\/wp\/v2\/product\/35823","targetHints":{"allow":["GET"]}}],"collection":[{"href":"https:\/\/marqalicante-admin.qwair.com\/va\/wp-json\/wp\/v2\/product"}],"about":[{"href":"https:\/\/marqalicante-admin.qwair.com\/va\/wp-json\/wp\/v2\/types\/product"}],"wp:featuredmedia":[{"embeddable":true,"href":"https:\/\/marqalicante-admin.qwair.com\/va\/wp-json\/wp\/v2\/media\/35243"}],"wp:attachment":[{"href":"https:\/\/marqalicante-admin.qwair.com\/va\/wp-json\/wp\/v2\/media?parent=35823"}],"wp:term":[{"taxonomy":"product_brand","embeddable":true,"href":"https:\/\/marqalicante-admin.qwair.com\/va\/wp-json\/wp\/v2\/product_brand?post=35823"},{"taxonomy":"product_cat","embeddable":true,"href":"https:\/\/marqalicante-admin.qwair.com\/va\/wp-json\/wp\/v2\/product_cat?post=35823"},{"taxonomy":"product_tag","embeddable":true,"href":"https:\/\/marqalicante-admin.qwair.com\/va\/wp-json\/wp\/v2\/product_tag?post=35823"}],"curies":[{"name":"wp","href":"https:\/\/api.w.org\/{rel}","templated":true}]}}

<h3>Medieval islàmic</h3>
<p><b>Metall:</b> Or.<br /><b>Entitat emissora: </b> Comtat de Barcelona. Ramon Berenguer I.<br /><b>Seca:</b> Barcelona.<br /><b>Data:</b> Any 409 H. / 1018-1019 d. C.<br /><b>Anvers:</b><br /> IC: القا<br />
     &#1604;&#1575; &#1575;&#1604;&#1607; &#1575;&#1604;&#1575;<br />
     &#1604;&#1604;&#1607; &#1608;&#1581;&#1583;&#1607;<br />
     &#1604;&#1575; &#1588;&#1585;&#1610;&#1603; &#1604;&#1607;<br />
     &#1587;&#1605;<br />
IM: Valor, data i seca.<br /><b>Revers:</b><br /> IIC: ولي العهد<br />
      &#1575;&#1604;&#1575;&#1605;&#1575;&#1605; &#1610;&#1581;&#1610;&#1609;<br />
      &#1575;&#1604;&#1605;&#1593;&#1578;&#1604;&#1609; &#1576;&#1575;&#1604;&#1604;&#1607;<br />
      &#1575;&#1605;&#1610;&#1585; &#1575;&#1604;&#1605;&#1608;&#1605;&#1606;&#1610;&#1606;<br />
      &#1575;&#1583;&#1610;&#1587;<br />
IIM: RAIMVNDVS COMES (retrògrada i exterior; A sense travesser i S tombades)<br /><b>Pes:</b> 1.90 g – <b>Diàmetre:</b> 20 mm – <b>Eixos:</b> 9 h.<br /><b>Descrita a:</b> Balaguer Prunes, AM 1993: Del mancús a la doblega. Or i pàries d&#039;Hispània, Barcelona, núm. 18.<br />
<br /><b>Publicada a:</b><br />Domènech Belda, C., Ramon Sánchez, JJ, Ahuir Domínguez, JA, 2010: «Catàleg. Edat Mitjana», a Ramón Sánchez, JJ (ed.), Monedes. Totes les cares de la Història. Col·leccions numismàtiques del MARQ, Alacant, p. 145.<br /><b>Número Inventari Monetari:</b> 7395.<br />Cessió. Col·lecció Julio Furgús</p>
