{"id":35793,"date":"2025-03-05T18:24:12","date_gmt":"2025-03-05T18:24:12","guid":{"rendered":"https:\/\/marqalicante-admin.qwair.com\/item\/nummus-anos-317-318-d-c\/"},"modified":"2025-03-05T18:27:32","modified_gmt":"2025-03-05T18:27:32","slug":"nummus-anos-317-318-d-c","status":"publish","type":"product","link":"https:\/\/marqalicante-admin.qwair.com\/va\/producte\/nummus-anos-317-318-d-c\/","title":{"rendered":"<b>Nummus<\/b>   Anys 317-318 d. C."},"content":{"rendered":"","protected":false},"excerpt":{"rendered":"<h3>Imperi rom\u00e0<\/h3>\n<p><b>Metall:<\/b> Bronze.<br \/><b>Entitat emissora: <\/b> Roma. Crispo (C\u00e8sar).<br \/><b>Seca:<\/b> Ticinum (Pavia, It\u00e0lia).<br \/><b>Data:<\/b> Anys 317-318 d. C.<br \/><b>Anvers:<\/b><br \/> Bust llorejat i amb cuirassa a dreta. Llegenda: IVL CRISPVS NOB CAES.<br \/>\n<br \/><b>Revers:<\/b><br \/> Pr\u00edncep amb abillament militar de peu a esquerra, sostenint llan\u00e7a invertida amb m\u00e0 esquerra i m\u00e0 dreta recolzada en escut. Una cl\u00e0mide cau de la seva espatlla esquerra. Llegenda: PRINCIPIA IV \u2013 VENTVTIS. Marca de seca: P\/PT.<br \/><b>Pes:<\/b> 2.55 g \u2013 <b>Di\u00e0metre:<\/b> 20 mm \u2013 <b>Eixos:<\/b> 6 h.<br \/><b>Descrita a:<\/b> RIC VII 74.<br \/><b>Publicada a:<\/b><br \/>Ramon S\u00e1nchez, JJ, Garc\u00eda Barrachina, A., Verd\u00fa Parra, E., Bayo Fuentes, S., 2010: \u00abCat\u00e0leg. Antiguitat\u00bb, a Ram\u00f3n S\u00e1nchez, JJ (ed.), Monedes. Totes les cares de la Hist\u00f2ria. Col\u00b7leccions numism\u00e0tiques del MARQ, Alacant, p. 121.<br \/><b>N\u00famero Inventari Monetari:<\/b> 216.<br \/>Compra. Col\u00b7lecci\u00f3 Isidro Albert<\/p>","protected":false},"featured_media":35153,"template":"","meta":{"kia_subtitle":""},"product_brand":[],"product_cat":[2316],"product_tag":[],"class_list":{"0":"post-35793","1":"product","2":"type-product","3":"status-publish","4":"has-post-thumbnail","6":"product_cat-catalogo-numismatico","8":"first","9":"instock","10":"virtual","11":"product-type-simple"},"meta_box":{"ia_expediente":"","ia_ano":"","ia_fechas_de_actuacion":"","ia_municipios_comarcas":"","ia_directores":"","ia_periodos_culturales":"","ia_tipos_de_intervencion":"","ia_equipo_tecnico":"","ia_autores":"","ia_promotores":"","ia_deposito_de_materiales":"","ia_coordenadas_utm":""},"_links":{"self":[{"href":"https:\/\/marqalicante-admin.qwair.com\/va\/wp-json\/wp\/v2\/product\/35793","targetHints":{"allow":["GET"]}}],"collection":[{"href":"https:\/\/marqalicante-admin.qwair.com\/va\/wp-json\/wp\/v2\/product"}],"about":[{"href":"https:\/\/marqalicante-admin.qwair.com\/va\/wp-json\/wp\/v2\/types\/product"}],"wp:featuredmedia":[{"embeddable":true,"href":"https:\/\/marqalicante-admin.qwair.com\/va\/wp-json\/wp\/v2\/media\/35153"}],"wp:attachment":[{"href":"https:\/\/marqalicante-admin.qwair.com\/va\/wp-json\/wp\/v2\/media?parent=35793"}],"wp:term":[{"taxonomy":"product_brand","embeddable":true,"href":"https:\/\/marqalicante-admin.qwair.com\/va\/wp-json\/wp\/v2\/product_brand?post=35793"},{"taxonomy":"product_cat","embeddable":true,"href":"https:\/\/marqalicante-admin.qwair.com\/va\/wp-json\/wp\/v2\/product_cat?post=35793"},{"taxonomy":"product_tag","embeddable":true,"href":"https:\/\/marqalicante-admin.qwair.com\/va\/wp-json\/wp\/v2\/product_tag?post=35793"}],"curies":[{"name":"wp","href":"https:\/\/api.w.org\/{rel}","templated":true}]}}

<h3>Imperi romà</h3>
<p><b>Metall:</b> Bronze.<br /><b>Entitat emissora: </b> Roma. Crispo (Cèsar).<br /><b>Seca:</b> Ticinum (Pavia, Itàlia).<br /><b>Data:</b> Anys 317-318 d. C.<br /><b>Anvers:</b><br /> Bust llorejat i amb cuirassa a dreta. Llegenda: IVL CRISPVS NOB CAES.<br />
<br /><b>Revers:</b><br /> Príncep amb abillament militar de peu a esquerra, sostenint llança invertida amb mà esquerra i mà dreta recolzada en escut. Una clàmide cau de la seva espatlla esquerra. Llegenda: PRINCIPIA IV – VENTVTIS. Marca de seca: P/PT.<br /><b>Pes:</b> 2.55 g – <b>Diàmetre:</b> 20 mm – <b>Eixos:</b> 6 h.<br /><b>Descrita a:</b> RIC VII 74.<br /><b>Publicada a:</b><br />Ramon Sánchez, JJ, García Barrachina, A., Verdú Parra, E., Bayo Fuentes, S., 2010: «Catàleg. Antiguitat», a Ramón Sánchez, JJ (ed.), Monedes. Totes les cares de la Història. Col·leccions numismàtiques del MARQ, Alacant, p. 121.<br /><b>Número Inventari Monetari:</b> 216.<br />Compra. Col·lecció Isidro Albert</p>
