{"id":35769,"date":"2025-03-05T18:24:04","date_gmt":"2025-03-05T18:24:04","guid":{"rendered":"https:\/\/marqalicante-admin.qwair.com\/item\/as-anos-27-a-c-14-d-c-2\/"},"modified":"2025-03-05T18:27:28","modified_gmt":"2025-03-05T18:27:28","slug":"as-anos-27-a-c-14-d-c-2","status":"publish","type":"product","link":"https:\/\/marqalicante-admin.qwair.com\/va\/producte\/as-anos-27-a-c-14-d-c-2\/","title":{"rendered":"<b>As<\/b>   Anys 27 a. C.-14 d."},"content":{"rendered":"","protected":false},"excerpt":{"rendered":"<h3>Imperi rom\u00e0<\/h3>\n<p><b>Metall:<\/b> Coure.<br \/><b>Entitat emissora: <\/b> Calagurris (Calahorra, La Rioja). August.<br \/><b>Seca:<\/b> Calagurris (Calahorra, La Rioja).<br \/><b>Data:<\/b> Anys 27 a. C.-14 d.<br \/><b>Anvers:<\/b><br \/> Cap llorejat d&#039;August a dreta. Llegenda: AVGVSTVS MV CAL IVLIA.<br \/>\n<br \/><b>Revers:<\/b><br \/> Bou aturat a dreta. Llegenda: L BAEB PRISCO C GRAN BROC IIVIR.<br \/>\n<br \/><b>Pes:<\/b> 11.83 g \u2013 <b>Di\u00e0metre:<\/b> 30 mm \u2013 <b>Eixos:<\/b> 12 h.<br \/><b>Descrita a:<\/b> RPC 441; Vives, 143, 8 i 9; Hill, 36-5; Ruiz Trapero, M., 1968: Les encunyacions hispano-romanes de Calagurris, Barcelona, tipus 16 i 18; Ripoll\u00e8s Alegre, PP, 2010: Les encunyacions provincials romanes d&#039;Hisp\u00e0nia, Madrid, p. 265.<br \/><b>Publicada a:<\/b><br \/>Ramon S\u00e1nchez, JJ, Garc\u00eda Barrachina, A., Verd\u00fa Parra, E., Bayo Fuentes, S., 2010: \u00abCat\u00e0leg. Antiguitat\u00bb, a Ram\u00f3n S\u00e1nchez, JJ (ed.), Monedes. Totes les cares de la Hist\u00f2ria. Col\u00b7leccions numism\u00e0tiques del MARQ, Alacant, p. 106.<br \/><b>N\u00famero Inventari Monetari:<\/b> 66.<br \/>Compra. Col\u00b7lecci\u00f3 Isidro Albert<\/p>","protected":false},"featured_media":35081,"template":"","meta":{"kia_subtitle":""},"product_brand":[],"product_cat":[2316],"product_tag":[],"class_list":{"0":"post-35769","1":"product","2":"type-product","3":"status-publish","4":"has-post-thumbnail","6":"product_cat-catalogo-numismatico","8":"first","9":"instock","10":"virtual","11":"product-type-simple"},"meta_box":{"ia_expediente":"","ia_ano":"","ia_fechas_de_actuacion":"","ia_municipios_comarcas":"","ia_directores":"","ia_periodos_culturales":"","ia_tipos_de_intervencion":"","ia_equipo_tecnico":"","ia_autores":"","ia_promotores":"","ia_deposito_de_materiales":"","ia_coordenadas_utm":""},"_links":{"self":[{"href":"https:\/\/marqalicante-admin.qwair.com\/va\/wp-json\/wp\/v2\/product\/35769","targetHints":{"allow":["GET"]}}],"collection":[{"href":"https:\/\/marqalicante-admin.qwair.com\/va\/wp-json\/wp\/v2\/product"}],"about":[{"href":"https:\/\/marqalicante-admin.qwair.com\/va\/wp-json\/wp\/v2\/types\/product"}],"wp:featuredmedia":[{"embeddable":true,"href":"https:\/\/marqalicante-admin.qwair.com\/va\/wp-json\/wp\/v2\/media\/35081"}],"wp:attachment":[{"href":"https:\/\/marqalicante-admin.qwair.com\/va\/wp-json\/wp\/v2\/media?parent=35769"}],"wp:term":[{"taxonomy":"product_brand","embeddable":true,"href":"https:\/\/marqalicante-admin.qwair.com\/va\/wp-json\/wp\/v2\/product_brand?post=35769"},{"taxonomy":"product_cat","embeddable":true,"href":"https:\/\/marqalicante-admin.qwair.com\/va\/wp-json\/wp\/v2\/product_cat?post=35769"},{"taxonomy":"product_tag","embeddable":true,"href":"https:\/\/marqalicante-admin.qwair.com\/va\/wp-json\/wp\/v2\/product_tag?post=35769"}],"curies":[{"name":"wp","href":"https:\/\/api.w.org\/{rel}","templated":true}]}}

<h3>Imperi romà</h3>
<p><b>Metall:</b> Coure.<br /><b>Entitat emissora: </b> Calagurris (Calahorra, La Rioja). August.<br /><b>Seca:</b> Calagurris (Calahorra, La Rioja).<br /><b>Data:</b> Anys 27 a. C.-14 d.<br /><b>Anvers:</b><br /> Cap llorejat d&#039;August a dreta. Llegenda: AVGVSTVS MV CAL IVLIA.<br />
<br /><b>Revers:</b><br /> Bou aturat a dreta. Llegenda: L BAEB PRISCO C GRAN BROC IIVIR.<br />
<br /><b>Pes:</b> 11.83 g – <b>Diàmetre:</b> 30 mm – <b>Eixos:</b> 12 h.<br /><b>Descrita a:</b> RPC 441; Vives, 143, 8 i 9; Hill, 36-5; Ruiz Trapero, M., 1968: Les encunyacions hispano-romanes de Calagurris, Barcelona, tipus 16 i 18; Ripollès Alegre, PP, 2010: Les encunyacions provincials romanes d&#039;Hispània, Madrid, p. 265.<br /><b>Publicada a:</b><br />Ramon Sánchez, JJ, García Barrachina, A., Verdú Parra, E., Bayo Fuentes, S., 2010: «Catàleg. Antiguitat», a Ramón Sánchez, JJ (ed.), Monedes. Totes les cares de la Història. Col·leccions numismàtiques del MARQ, Alacant, p. 106.<br /><b>Número Inventari Monetari:</b> 66.<br />Compra. Col·lecció Isidro Albert</p>
