{"id":18952,"date":"2025-01-20T07:07:34","date_gmt":"2025-01-20T07:07:34","guid":{"rendered":"https:\/\/marqalicante-admin.qwair.com\/item\/idols-mirades-mil%c2%b7lenaries\/"},"modified":"2025-03-03T14:09:53","modified_gmt":"2025-03-03T14:09:53","slug":"idols-mirades-mil%c2%b7lenaries","status":"publish","type":"product","link":"https:\/\/marqalicante-admin.qwair.com\/va\/producte\/idols-mirades-mil%c2%b7lenaries\/","title":{"rendered":"\u00cddols. Mirades mil\u00b7len\u00e0ries"},"content":{"rendered":"<div class=\"documento-item\">\n                    <h2 class=\"documento-title\">Guia completa<\/h2>\n        \n        \n                    <a href=\"https:\/\/marqalicante.com\/contenido\/genericas\/idolos_valenc_(1).pdf\" class=\"documento-btn\" target=\"_blank\" rel=\"noopener\">\n                <i class=\"fas fa-file-pdf\"><\/i> Descarregar PDF\n            <\/a>\n            <\/div>","protected":false},"excerpt":{"rendered":"<p>Guia did\u00e0ctica dirigida als docents i al p\u00fablic en general sobre aquesta exposici\u00f3, \u00fanica al seu g\u00e8nere, que tracta de les representacions de la figura humana a la Prehist\u00f2ria de la Pen\u00ednsula Ib\u00e8rica.  Coneixereu les figuretes en pedra, us o fang de fa m\u00e9s de 5.000 (Neol\u00edtic final-Calcol\u00edtic) trobades en diferents contextos i que s\u00f3n testimoniatges de les creences religioses dels nostres avantpassats.\u00a0<\/p>","protected":false},"featured_media":18827,"template":"","meta":{"kia_subtitle":""},"product_brand":[],"product_cat":[1717],"product_tag":[],"class_list":{"0":"post-18952","1":"product","2":"type-product","3":"status-publish","4":"has-post-thumbnail","6":"product_cat-guias-didacticas","8":"first","9":"instock","10":"virtual","11":"product-type-simple"},"meta_box":{"ia_expediente":"","ia_ano":"","ia_fechas_de_actuacion":"","ia_municipios_comarcas":"","ia_directores":"","ia_periodos_culturales":"","ia_tipos_de_intervencion":"","ia_equipo_tecnico":"","ia_autores":"","ia_promotores":"","ia_deposito_de_materiales":"","ia_coordenadas_utm":""},"_links":{"self":[{"href":"https:\/\/marqalicante-admin.qwair.com\/va\/wp-json\/wp\/v2\/product\/18952","targetHints":{"allow":["GET"]}}],"collection":[{"href":"https:\/\/marqalicante-admin.qwair.com\/va\/wp-json\/wp\/v2\/product"}],"about":[{"href":"https:\/\/marqalicante-admin.qwair.com\/va\/wp-json\/wp\/v2\/types\/product"}],"wp:featuredmedia":[{"embeddable":true,"href":"https:\/\/marqalicante-admin.qwair.com\/va\/wp-json\/wp\/v2\/media\/18827"}],"wp:attachment":[{"href":"https:\/\/marqalicante-admin.qwair.com\/va\/wp-json\/wp\/v2\/media?parent=18952"}],"wp:term":[{"taxonomy":"product_brand","embeddable":true,"href":"https:\/\/marqalicante-admin.qwair.com\/va\/wp-json\/wp\/v2\/product_brand?post=18952"},{"taxonomy":"product_cat","embeddable":true,"href":"https:\/\/marqalicante-admin.qwair.com\/va\/wp-json\/wp\/v2\/product_cat?post=18952"},{"taxonomy":"product_tag","embeddable":true,"href":"https:\/\/marqalicante-admin.qwair.com\/va\/wp-json\/wp\/v2\/product_tag?post=18952"}],"curies":[{"name":"wp","href":"https:\/\/api.w.org\/{rel}","templated":true}]}}

Ídols. Mirades mil·lenàries

<p>Guia didàctica dirigida als docents i al públic en general sobre aquesta exposició, única al seu gènere, que tracta de les representacions de la figura humana a la Prehistòria de la Península Ibèrica.  Coneixereu les figuretes en pedra, us o fang de fa més de 5.000 (Neolític final-Calcolític) trobades en diferents contextos i que són testimoniatges de les creences religioses dels nostres avantpassats. </p>
