{"id":18943,"date":"2025-01-20T07:07:32","date_gmt":"2025-01-20T07:07:32","guid":{"rendered":"https:\/\/marqalicante-admin.qwair.com\/item\/art-i-mort-al-montgo-la-cova-del-barranc-del-migdia-de-xabia\/"},"modified":"2025-03-03T14:09:52","modified_gmt":"2025-03-03T14:09:52","slug":"art-i-mort-al-montgo-la-cova-del-barranc-del-migdia-de-xabia","status":"publish","type":"product","link":"https:\/\/marqalicante-admin.qwair.com\/va\/producte\/art-i-mort-al-montgo-la-cova-del-barranc-del-migdia-de-xabia\/","title":{"rendered":"Art i Mort al Montg\u00f3. La Cova del Barranc del Migdia de X\u00e0bia"},"content":{"rendered":"<div class=\"documento-item\">\n                    <h2 class=\"documento-title\">Guia completa<\/h2>\n        \n        \n                    <a href=\"https:\/\/marqalicante.com\/contenido\/genericas\/BAJA%20RESO%20montgo%20cast.pdf\" class=\"documento-btn\" target=\"_blank\" rel=\"noopener\">\n                <i class=\"fas fa-file-pdf\"><\/i> Descarregar PDF\n            <\/a>\n            <\/div>","protected":false},"excerpt":{"rendered":"<p>Quadern did\u00e0ctic orientat a Educaci\u00f3 Prim\u00e0ria i Secund\u00e0ria i dedicada a mostrar aquesta important cova d&#039;enterrament del Calcol\u00edtic o Edat del Coure, on tamb\u00e9 hi ha destacades mostres d&#039;art rupestre d&#039;estil esquem\u00e0tic. \u00a0<\/p>","protected":false},"featured_media":18819,"template":"","meta":{"kia_subtitle":""},"product_brand":[],"product_cat":[1717],"product_tag":[],"class_list":{"0":"post-18943","1":"product","2":"type-product","3":"status-publish","4":"has-post-thumbnail","6":"product_cat-guias-didacticas","8":"first","9":"instock","10":"virtual","11":"product-type-simple"},"meta_box":{"ia_expediente":"","ia_ano":"","ia_fechas_de_actuacion":"","ia_municipios_comarcas":"","ia_directores":"","ia_periodos_culturales":"","ia_tipos_de_intervencion":"","ia_equipo_tecnico":"","ia_autores":"","ia_promotores":"","ia_deposito_de_materiales":"","ia_coordenadas_utm":""},"_links":{"self":[{"href":"https:\/\/marqalicante-admin.qwair.com\/va\/wp-json\/wp\/v2\/product\/18943","targetHints":{"allow":["GET"]}}],"collection":[{"href":"https:\/\/marqalicante-admin.qwair.com\/va\/wp-json\/wp\/v2\/product"}],"about":[{"href":"https:\/\/marqalicante-admin.qwair.com\/va\/wp-json\/wp\/v2\/types\/product"}],"wp:featuredmedia":[{"embeddable":true,"href":"https:\/\/marqalicante-admin.qwair.com\/va\/wp-json\/wp\/v2\/media\/18819"}],"wp:attachment":[{"href":"https:\/\/marqalicante-admin.qwair.com\/va\/wp-json\/wp\/v2\/media?parent=18943"}],"wp:term":[{"taxonomy":"product_brand","embeddable":true,"href":"https:\/\/marqalicante-admin.qwair.com\/va\/wp-json\/wp\/v2\/product_brand?post=18943"},{"taxonomy":"product_cat","embeddable":true,"href":"https:\/\/marqalicante-admin.qwair.com\/va\/wp-json\/wp\/v2\/product_cat?post=18943"},{"taxonomy":"product_tag","embeddable":true,"href":"https:\/\/marqalicante-admin.qwair.com\/va\/wp-json\/wp\/v2\/product_tag?post=18943"}],"curies":[{"name":"wp","href":"https:\/\/api.w.org\/{rel}","templated":true}]}}

Art i Mort al Montgó. La Cova del Barranc del Migdia de Xàbia

<p>Quadern didàctic orientat a Educació Primària i Secundària i dedicada a mostrar aquesta important cova d&#039;enterrament del Calcolític o Edat del Coure, on també hi ha destacades mostres d&#039;art rupestre d&#039;estil esquemàtic.  </p>
