{"id":18906,"date":"2025-01-20T07:07:22","date_gmt":"2025-01-20T07:07:22","guid":{"rendered":"https:\/\/marqalicante-admin.qwair.com\/item\/revista-club-llumiq-no35\/"},"modified":"2025-03-03T14:09:45","modified_gmt":"2025-03-03T14:09:45","slug":"revista-club-llumiq-no35","status":"publish","type":"product","link":"https:\/\/marqalicante-admin.qwair.com\/va\/producte\/revista-club-llumiq-no35\/","title":{"rendered":"REVISTA CLUB LLUMIQ N\u00ba35"},"content":{"rendered":"<div class=\"documento-item\">\n                    <h2 class=\"documento-title\">REVISTA CLUB LLUMIQ N\u00ba35<\/h2>\n        \n        \n                    <a href=\"https:\/\/marqalicante.com\/contenido\/genericas\/REVISTA%20N\u00ba35.pdf\" class=\"documento-btn\" target=\"_blank\" rel=\"noopener\">\n                <i class=\"fas fa-file-pdf\"><\/i> Descarregar PDF\n            <\/a>\n            <\/div>","protected":false},"excerpt":{"rendered":"<p>Estiu 2014. En aquesta edici\u00f3 ampli reportatge de la X Campanya d&#039;activitats del Club Llumiq: Estiu al MARQ 2014, la tem\u00e0tica del qual de tallers, jocs i activitats versar\u00e0 sobre l&#039;exposici\u00f3 permanent i les fant\u00e0stiques exposicions temporals d&#039;aquesta temporada, que s\u00f3n Senyors del Cel i de la Terra, Xina a la Dina fragi i El Vi a Alacant. A m\u00e9s, informaci\u00f3 sobre activitats passades com s\u00f3n les de la primavera i la seva campanya Els Vincles del MARQ.<\/p>","protected":false},"featured_media":18782,"template":"","meta":{"kia_subtitle":""},"product_brand":[],"product_cat":[1717],"product_tag":[],"class_list":{"0":"post-18906","1":"product","2":"type-product","3":"status-publish","4":"has-post-thumbnail","6":"product_cat-guias-didacticas","8":"first","9":"instock","10":"virtual","11":"product-type-simple"},"meta_box":{"ia_expediente":"","ia_ano":"","ia_fechas_de_actuacion":"","ia_municipios_comarcas":"","ia_directores":"","ia_periodos_culturales":"","ia_tipos_de_intervencion":"","ia_equipo_tecnico":"","ia_autores":"","ia_promotores":"","ia_deposito_de_materiales":"","ia_coordenadas_utm":""},"_links":{"self":[{"href":"https:\/\/marqalicante-admin.qwair.com\/va\/wp-json\/wp\/v2\/product\/18906","targetHints":{"allow":["GET"]}}],"collection":[{"href":"https:\/\/marqalicante-admin.qwair.com\/va\/wp-json\/wp\/v2\/product"}],"about":[{"href":"https:\/\/marqalicante-admin.qwair.com\/va\/wp-json\/wp\/v2\/types\/product"}],"wp:featuredmedia":[{"embeddable":true,"href":"https:\/\/marqalicante-admin.qwair.com\/va\/wp-json\/wp\/v2\/media\/18782"}],"wp:attachment":[{"href":"https:\/\/marqalicante-admin.qwair.com\/va\/wp-json\/wp\/v2\/media?parent=18906"}],"wp:term":[{"taxonomy":"product_brand","embeddable":true,"href":"https:\/\/marqalicante-admin.qwair.com\/va\/wp-json\/wp\/v2\/product_brand?post=18906"},{"taxonomy":"product_cat","embeddable":true,"href":"https:\/\/marqalicante-admin.qwair.com\/va\/wp-json\/wp\/v2\/product_cat?post=18906"},{"taxonomy":"product_tag","embeddable":true,"href":"https:\/\/marqalicante-admin.qwair.com\/va\/wp-json\/wp\/v2\/product_tag?post=18906"}],"curies":[{"name":"wp","href":"https:\/\/api.w.org\/{rel}","templated":true}]}}

REVISTA CLUB LLUMIQ Nº35

<div class="documento-item">
                    <h2 class="documento-title">REVISTA CLUB LLUMIQ Nº35</h2>
        
        
                    <a href="https://marqalicante.com/contenido/genericas/REVISTA%20Nº35.pdf" class="documento-btn" target="_blank" rel="noopener">
                <i class="fas fa-file-pdf"></i> Descarregar PDF
            </a>
            </div>

<p>Estiu 2014. En aquesta edició ampli reportatge de la X Campanya d&#039;activitats del Club Llumiq: Estiu al MARQ 2014, la temàtica del qual de tallers, jocs i activitats versarà sobre l&#039;exposició permanent i les fantàstiques exposicions temporals d&#039;aquesta temporada, que són Senyors del Cel i de la Terra, Xina a la Dina fragi i El Vi a Alacant. A més, informació sobre activitats passades com són les de la primavera i la seva campanya Els Vincles del MARQ.</p>
