{"id":18676,"date":"2025-01-20T06:01:45","date_gmt":"2025-01-20T06:01:45","guid":{"rendered":"https:\/\/marqalicante-admin.qwair.com\/item\/arte-rupestre-en-alicante\/"},"modified":"2025-07-23T06:41:38","modified_gmt":"2025-07-23T06:41:38","slug":"arte-rupestre-en-alicante","status":"publish","type":"product","link":"https:\/\/marqalicante-admin.qwair.com\/va\/producte\/arte-rupestre-en-alicante\/","title":{"rendered":"Art Rupestre a Alacant"},"content":{"rendered":"<div class=\"documento-item\">\n        \n        \n                    <a href=\"https:\/\/marqalicante-classic-admin.qwair.com\/contenido\/publicaciones\/pub_141.pdf\" class=\"documento-btn\" target=\"_blank\" rel=\"noopener\">\n                <i class=\"fas fa-file-pdf\"><\/i> Descarregar PDF\n            <\/a>\n            <\/div>","protected":false},"excerpt":{"rendered":"<p>El Banc d&#039;Alacant i la Fundaci\u00f3 Banc Exterior d&#039;Espanya contribueixen, en patrocinar la publicaci\u00f3 d&#039;aquest llibre sobre l&#039;art rupestre a Alacant, a difondre les investigacions i els treballs duts a terme aquests darrers vuit anys pel Professor Mauro S. Hern\u00e1ndez P\u00e9rez, Catedr\u00e0tic de Prehist\u00f2ria de la Universitat d&#039;Alacant, amb la valuosa col\u00b7laboraci\u00f3 del Centre d&#039;Estudi. Dos membres del Centre, Pere Ferrer i Marset i Enrique Catal\u00e1 Ferrer, i de manera ocasional molts altres, han constitu\u00eft, amb el Professor Mauro Hern\u00e1ndez i alguns dels seus alumnes de la Universitat, un equip entusiasta i entregat, capa\u00e7 d&#039;obtenir uns resultats extraordin\u00e0riament importants.<\/p>","protected":false},"featured_media":18501,"template":"","meta":{"kia_subtitle":""},"product_brand":[],"product_cat":[1397],"product_tag":[],"class_list":{"0":"post-18676","1":"product","2":"type-product","3":"status-publish","4":"has-post-thumbnail","6":"product_cat-publicaciones","8":"first","9":"instock","10":"virtual","11":"product-type-simple"},"meta_box":{"ia_expediente":"","ia_ano":"","ia_fechas_de_actuacion":"","ia_municipios_comarcas":"","ia_directores":"","ia_periodos_culturales":"","ia_tipos_de_intervencion":"","ia_equipo_tecnico":"","ia_autores":"","ia_promotores":"","ia_deposito_de_materiales":"","ia_coordenadas_utm":""},"_links":{"self":[{"href":"https:\/\/marqalicante-admin.qwair.com\/va\/wp-json\/wp\/v2\/product\/18676","targetHints":{"allow":["GET"]}}],"collection":[{"href":"https:\/\/marqalicante-admin.qwair.com\/va\/wp-json\/wp\/v2\/product"}],"about":[{"href":"https:\/\/marqalicante-admin.qwair.com\/va\/wp-json\/wp\/v2\/types\/product"}],"wp:featuredmedia":[{"embeddable":true,"href":"https:\/\/marqalicante-admin.qwair.com\/va\/wp-json\/wp\/v2\/media\/18501"}],"wp:attachment":[{"href":"https:\/\/marqalicante-admin.qwair.com\/va\/wp-json\/wp\/v2\/media?parent=18676"}],"wp:term":[{"taxonomy":"product_brand","embeddable":true,"href":"https:\/\/marqalicante-admin.qwair.com\/va\/wp-json\/wp\/v2\/product_brand?post=18676"},{"taxonomy":"product_cat","embeddable":true,"href":"https:\/\/marqalicante-admin.qwair.com\/va\/wp-json\/wp\/v2\/product_cat?post=18676"},{"taxonomy":"product_tag","embeddable":true,"href":"https:\/\/marqalicante-admin.qwair.com\/va\/wp-json\/wp\/v2\/product_tag?post=18676"}],"curies":[{"name":"wp","href":"https:\/\/api.w.org\/{rel}","templated":true}]}}

<p>El Banc d&#039;Alacant i la Fundació Banc Exterior d&#039;Espanya contribueixen, en patrocinar la publicació d&#039;aquest llibre sobre l&#039;art rupestre a Alacant, a difondre les investigacions i els treballs duts a terme aquests darrers vuit anys pel Professor Mauro S. Hernández Pérez, Catedràtic de Prehistòria de la Universitat d&#039;Alacant, amb la valuosa col·laboració del Centre d&#039;Estudi. Dos membres del Centre, Pere Ferrer i Marset i Enrique Catalá Ferrer, i de manera ocasional molts altres, han constituït, amb el Professor Mauro Hernández i alguns dels seus alumnes de la Universitat, un equip entusiasta i entregat, capaç d&#039;obtenir uns resultats extraordinàriament importants.</p>
