{"id":18662,"date":"2025-02-03T07:09:32","date_gmt":"2025-02-03T07:09:32","guid":{"rendered":"https:\/\/marqalicante-admin.qwair.com\/item\/marq-arqueologia-y-museos-06-2\/"},"modified":"2025-06-04T16:33:27","modified_gmt":"2025-06-04T16:33:27","slug":"marq-arqueologia-y-museos-06-2","status":"publish","type":"product","link":"https:\/\/marqalicante-admin.qwair.com\/va\/producte\/marq-arqueologia-y-museos-06-2\/","title":{"rendered":"MARQ, ARQUEOLOGIA I MUSEUS 06"},"content":{"rendered":"<div class=\"documento-item\">\n                    <h2 class=\"documento-title\">La Cova del Barranc Fons (X\u00e0tiva, Val\u00e8ncia). Materials dipositats al Museu de Prehist\u00f2ria de Val\u00e8ncia<\/h2>\n        \n                    <p class=\"documento-subtitle\">Pablo Garc\u00eda Borja, \u00c0ngel Velasco Berzosa, Margarita Vadillo Conesa, Josep Llu\u00eds Pascual Benito, Mario Sanz Tormo i Emilio Cortell P\u00e9rez<\/p>\n        \n                    <a href=\"\/wp-content\/uploads\/2025\/01\/publi-revistas\/pub_86.pdf\" class=\"documento-btn\">\n                <i class=\"fas fa-file-pdf\"><\/i> Descarregar PDF\n            <\/a>\n            <\/div>\n\n        \n    <div class=\"documento-item\">\n                    <h2 class=\"documento-title\">Evid\u00e8ncies d&#039;extracci\u00f3 de suports com a m\u00e8tode per elaborar artefactes ossis durant el II mil\u00b7lenni AC a la Pen\u00ednsula Ib\u00e8rica<\/h2>\n        \n                    <p class=\"documento-subtitle\">Manuel Altamirano Garc\u00eda<\/p>\n        \n                    <a href=\"\/wp-content\/uploads\/2025\/01\/publi-revistas\/pub_87.pdf\" class=\"documento-btn\">\n                <i class=\"fas fa-file-pdf\"><\/i> Descarregar PDF\n            <\/a>\n            <\/div>\n\n        \n    <div class=\"documento-item\">\n                    <h2 class=\"documento-title\">Espais de forja a El Argar. L&#039;edifici central de Tira del Llen\u00e7 (Totana, M\u00farcia)<\/h2>\n        \n                    <p class=\"documento-subtitle\">Selina Delgado-Raack, Vicente Lull, Katja Martin, Rafael Mic\u00f3, Cristina Rihuete Herrada i Roberto Risch<\/p>\n        \n                    <a href=\"\/wp-content\/uploads\/2025\/01\/publi-revistas\/pub_88.pdf\" class=\"documento-btn\">\n                <i class=\"fas fa-file-pdf\"><\/i> Descarregar PDF\n            <\/a>\n            <\/div>\n\n        \n    <div class=\"documento-item\">\n                    <h2 class=\"documento-title\">Consideracions entorn del poblament durant el Bronze Tard\u00edo a les comarques del Baix Segura i Baix Vinalop\u00f3 (Alacant)<\/h2>\n        \n                    <p class=\"documento-subtitle\">Sergio Mart\u00ednez Monle\u00f3n<\/p>\n        \n                    <a href=\"\/wp-content\/uploads\/2025\/01\/publi-revistas\/pub_89.pdf\" class=\"documento-btn\">\n                <i class=\"fas fa-file-pdf\"><\/i> Descarregar PDF\n            <\/a>\n            <\/div>\n\n        \n    <div class=\"documento-item\">\n                    <h2 class=\"documento-title\">Burlar-se de la mort. Un nou amulet de la necr\u00f2polis de l&#039;Albufereta<\/h2>\n        \n                    <p class=\"documento-subtitle\">Enric Verd\u00fa Parra<\/p>\n        \n                    <a href=\"\/wp-content\/uploads\/2025\/01\/publi-revistas\/pub_90.pdf\" class=\"documento-btn\">\n                <i class=\"fas fa-file-pdf\"><\/i> Descarregar PDF\n            <\/a>\n            <\/div>\n\n        \n    <div class=\"documento-item\">\n                    <h2 class=\"documento-title\">Redescobrint la Vila Romana de l&#039;Agualeja (Monforte del Cid, Alacant) 20 anys despr\u00e9s<\/h2>\n        \n                    <p class=\"documento-subtitle\">Francisco Andr\u00e9s Molina Mas<\/p>\n        \n                    <a href=\"\/wp-content\/uploads\/2025\/01\/publi-revistas\/pub_91.pdf\" class=\"documento-btn\">\n                <i class=\"fas fa-file-pdf\"><\/i> Descarregar PDF\n            <\/a>\n            <\/div>\n\n        \n    <div class=\"documento-item\">\n                    <h2 class=\"documento-title\">Una bassa d&#039;\u00e8poca romana al barranc del Juncaret (Mutxamel)<\/h2>\n        \n                    <p class=\"documento-subtitle\">Anna Garcia Barrachina i Felipe Francisco Giner Pantoja<\/p>\n        \n                    <a href=\"\/wp-content\/uploads\/2025\/01\/publi-revistas\/pub_92.pdf\" class=\"documento-btn\">\n                <i class=\"fas fa-file-pdf\"><\/i> Descarregar PDF\n            <\/a>\n            <\/div>\n\n        \n    <div class=\"documento-item\">\n                    <h2 class=\"documento-title\">El registre funerari de Cabezo Pardo (San Isidre \/ Granja de Rocamora, Alacant)<\/h2>\n        \n                    <p class=\"documento-subtitle\">Juan Antonio L\u00f3pez Padilla, M\u00aa Teresa Xim\u00e9nez d&#039;Emb\u00fan S\u00e1nchez, Susana G\u00f3mez Gonz\u00e1lez, Alejandro Romero Rameta<\/p>\n        \n                    <a href=\"\/wp-content\/uploads\/2025\/01\/publi-revistas\/pub_93.pdf\" class=\"documento-btn\">\n                <i class=\"fas fa-file-pdf\"><\/i> Descarregar PDF\n            <\/a>\n            <\/div>\n\n        \n    <div class=\"documento-item\">\n                    <h2 class=\"documento-title\">Arqueologies ambientals per al coneixement del paleopaisatge i de l&#039;aprofitament dels seus recursos al Sharq Al-Andalus (Segles VIII-X dC)<\/h2>\n        \n                    <p class=\"documento-subtitle\">Rafael Azuar Ru\u00edz<\/p>\n        \n                    <a href=\"\/wp-content\/uploads\/2025\/01\/publi-revistas\/pub_94.pdf\" class=\"documento-btn\">\n                <i class=\"fas fa-file-pdf\"><\/i> Descarregar PDF\n            <\/a>\n            <\/div>\n\n        \n    <div class=\"documento-item\">\n                    <h2 class=\"documento-title\">Morir a Ifac. Un possible cas de brucel\u00b7losi en una tomba doble de la poblaci\u00f3 medieval d&#039;Ifac (Calp, Alacant)<\/h2>\n        \n                    <p class=\"documento-subtitle\">Stefania Malagutti i Jose Luis Menendez Fueyo<\/p>\n        \n                    <a href=\"\/wp-content\/uploads\/2025\/01\/publi-revistas\/pub_95.pdf\" class=\"documento-btn\">\n                <i class=\"fas fa-file-pdf\"><\/i> Descarregar PDF\n            <\/a>\n            <\/div>\n\n        \n    <div class=\"documento-item\">\n                    <h2 class=\"documento-title\">Mem\u00f2ria d&#039;Activitats del MARQ 2012 2014<\/h2>\n        \n                    <p class=\"documento-subtitle\">MARQ. Equip t\u00e8cnic<\/p>\n        \n                    <a href=\"\/wp-content\/uploads\/2025\/01\/publi-revistas\/pub_96.pdf\" class=\"documento-btn\">\n                <i class=\"fas fa-file-pdf\"><\/i> Descarregar PDF\n            <\/a>\n            <\/div>","protected":false},"excerpt":{"rendered":"<p>Publicaci\u00f3 peri\u00f2dica de difusi\u00f3 de treballs de car\u00e0cter cient\u00edfic relacionats amb la investigaci\u00f3 arqueol\u00f2gica i museologicomuseogr\u00e0fica.<\/p>","protected":false},"featured_media":18487,"template":"","meta":{"kia_subtitle":""},"product_brand":[],"product_cat":[1365],"product_tag":[],"class_list":{"0":"post-18662","1":"product","2":"type-product","3":"status-publish","4":"has-post-thumbnail","6":"product_cat-marq-arqueologia-y-museos","8":"first","9":"instock","10":"virtual","11":"product-type-simple"},"meta_box":{"ia_expediente":"","ia_ano":"","ia_fechas_de_actuacion":"","ia_municipios_comarcas":"","ia_directores":"","ia_periodos_culturales":"","ia_tipos_de_intervencion":"","ia_equipo_tecnico":"","ia_autores":"","ia_promotores":"","ia_deposito_de_materiales":"","ia_coordenadas_utm":""},"_links":{"self":[{"href":"https:\/\/marqalicante-admin.qwair.com\/va\/wp-json\/wp\/v2\/product\/18662","targetHints":{"allow":["GET"]}}],"collection":[{"href":"https:\/\/marqalicante-admin.qwair.com\/va\/wp-json\/wp\/v2\/product"}],"about":[{"href":"https:\/\/marqalicante-admin.qwair.com\/va\/wp-json\/wp\/v2\/types\/product"}],"wp:featuredmedia":[{"embeddable":true,"href":"https:\/\/marqalicante-admin.qwair.com\/va\/wp-json\/wp\/v2\/media\/18487"}],"wp:attachment":[{"href":"https:\/\/marqalicante-admin.qwair.com\/va\/wp-json\/wp\/v2\/media?parent=18662"}],"wp:term":[{"taxonomy":"product_brand","embeddable":true,"href":"https:\/\/marqalicante-admin.qwair.com\/va\/wp-json\/wp\/v2\/product_brand?post=18662"},{"taxonomy":"product_cat","embeddable":true,"href":"https:\/\/marqalicante-admin.qwair.com\/va\/wp-json\/wp\/v2\/product_cat?post=18662"},{"taxonomy":"product_tag","embeddable":true,"href":"https:\/\/marqalicante-admin.qwair.com\/va\/wp-json\/wp\/v2\/product_tag?post=18662"}],"curies":[{"name":"wp","href":"https:\/\/api.w.org\/{rel}","templated":true}]}}

<div class="documento-item">
                    <h2 class="documento-title">La Cova del Barranc Fons (Xàtiva, València). Materials dipositats al Museu de Prehistòria de València</h2>
        
                    <p class="documento-subtitle">Pablo García Borja, Àngel Velasco Berzosa, Margarita Vadillo Conesa, Josep Lluís Pascual Benito, Mario Sanz Tormo i Emilio Cortell Pérez</p>
        
                    <a href="/wp-content/uploads/2025/01/publi-revistas/pub_86.pdf" class="documento-btn">
                <i class="fas fa-file-pdf"></i> Descarregar PDF
            </a>
            </div>

        
    <div class="documento-item">
                    <h2 class="documento-title">Evidències d&#039;extracció de suports com a mètode per elaborar artefactes ossis durant el II mil·lenni AC a la Península Ibèrica</h2>
        
                    <p class="documento-subtitle">Manuel Altamirano García</p>
        
                    <a href="/wp-content/uploads/2025/01/publi-revistas/pub_87.pdf" class="documento-btn">
                <i class="fas fa-file-pdf"></i> Descarregar PDF
            </a>
            </div>

        
    <div class="documento-item">
                    <h2 class="documento-title">Espais de forja a El Argar. L&#039;edifici central de Tira del Llenç (Totana, Múrcia)</h2>
        
                    <p class="documento-subtitle">Selina Delgado-Raack, Vicente Lull, Katja Martin, Rafael Micó, Cristina Rihuete Herrada i Roberto Risch</p>
        
                    <a href="/wp-content/uploads/2025/01/publi-revistas/pub_88.pdf" class="documento-btn">
                <i class="fas fa-file-pdf"></i> Descarregar PDF
            </a>
            </div>

        
    <div class="documento-item">
                    <h2 class="documento-title">Consideracions entorn del poblament durant el Bronze Tardío a les comarques del Baix Segura i Baix Vinalopó (Alacant)</h2>
        
                    <p class="documento-subtitle">Sergio Martínez Monleón</p>
        
                    <a href="/wp-content/uploads/2025/01/publi-revistas/pub_89.pdf" class="documento-btn">
                <i class="fas fa-file-pdf"></i> Descarregar PDF
            </a>
            </div>

        
    <div class="documento-item">
                    <h2 class="documento-title">Burlar-se de la mort. Un nou amulet de la necròpolis de l&#039;Albufereta</h2>
        
                    <p class="documento-subtitle">Enric Verdú Parra</p>
        
                    <a href="/wp-content/uploads/2025/01/publi-revistas/pub_90.pdf" class="documento-btn">
                <i class="fas fa-file-pdf"></i> Descarregar PDF
            </a>
            </div>

        
    <div class="documento-item">
                    <h2 class="documento-title">Redescobrint la Vila Romana de l&#039;Agualeja (Monforte del Cid, Alacant) 20 anys després</h2>
        
                    <p class="documento-subtitle">Francisco Andrés Molina Mas</p>
        
                    <a href="/wp-content/uploads/2025/01/publi-revistas/pub_91.pdf" class="documento-btn">
                <i class="fas fa-file-pdf"></i> Descarregar PDF
            </a>
            </div>

        
    <div class="documento-item">
                    <h2 class="documento-title">Una bassa d&#039;època romana al barranc del Juncaret (Mutxamel)</h2>
        
                    <p class="documento-subtitle">Anna Garcia Barrachina i Felipe Francisco Giner Pantoja</p>
        
                    <a href="/wp-content/uploads/2025/01/publi-revistas/pub_92.pdf" class="documento-btn">
                <i class="fas fa-file-pdf"></i> Descarregar PDF
            </a>
            </div>

        
    <div class="documento-item">
                    <h2 class="documento-title">El registre funerari de Cabezo Pardo (San Isidre / Granja de Rocamora, Alacant)</h2>
        
                    <p class="documento-subtitle">Juan Antonio López Padilla, Mª Teresa Ximénez d&#039;Embún Sánchez, Susana Gómez González, Alejandro Romero Rameta</p>
        
                    <a href="/wp-content/uploads/2025/01/publi-revistas/pub_93.pdf" class="documento-btn">
                <i class="fas fa-file-pdf"></i> Descarregar PDF
            </a>
            </div>

        
    <div class="documento-item">
                    <h2 class="documento-title">Arqueologies ambientals per al coneixement del paleopaisatge i de l&#039;aprofitament dels seus recursos al Sharq Al-Andalus (Segles VIII-X dC)</h2>
        
                    <p class="documento-subtitle">Rafael Azuar Ruíz</p>
        
                    <a href="/wp-content/uploads/2025/01/publi-revistas/pub_94.pdf" class="documento-btn">
                <i class="fas fa-file-pdf"></i> Descarregar PDF
            </a>
            </div>

        
    <div class="documento-item">
                    <h2 class="documento-title">Morir a Ifac. Un possible cas de brucel·losi en una tomba doble de la població medieval d&#039;Ifac (Calp, Alacant)</h2>
        
                    <p class="documento-subtitle">Stefania Malagutti i Jose Luis Menendez Fueyo</p>
        
                    <a href="/wp-content/uploads/2025/01/publi-revistas/pub_95.pdf" class="documento-btn">
                <i class="fas fa-file-pdf"></i> Descarregar PDF
            </a>
            </div>

        
    <div class="documento-item">
                    <h2 class="documento-title">Memòria d&#039;Activitats del MARQ 2012 2014</h2>
        
                    <p class="documento-subtitle">MARQ. Equip tècnic</p>
        
                    <a href="/wp-content/uploads/2025/01/publi-revistas/pub_96.pdf" class="documento-btn">
                <i class="fas fa-file-pdf"></i> Descarregar PDF
            </a>
            </div>

<p>Publicació periòdica de difusió de treballs de caràcter científic relacionats amb la investigació arqueològica i museologicomuseogràfica.</p>
