{"id":18640,"date":"2025-01-20T06:01:34","date_gmt":"2025-01-20T06:01:34","guid":{"rendered":"https:\/\/marqalicante-admin.qwair.com\/item\/el-pavimento-de-las-tres-gracias\/"},"modified":"2025-06-04T16:33:26","modified_gmt":"2025-06-04T16:33:26","slug":"el-pavimento-de-las-tres-gracias","status":"publish","type":"product","link":"https:\/\/marqalicante-admin.qwair.com\/va\/producte\/el-pavimento-de-las-tres-gracias\/","title":{"rendered":"EL PAVIMENT DE LES TRES GR\u00c0CIES"},"content":{"rendered":"<div class=\"documento-item\">\n        \n        \n                    <a href=\"https:\/\/marqalicante.com\/contenido\/publicaciones\/pub_109.pdf\" class=\"documento-btn\" target=\"_blank\" rel=\"noopener\">\n                <i class=\"fas fa-file-pdf\"><\/i> Descarregar PDF\n            <\/a>\n            <\/div>","protected":false},"excerpt":{"rendered":"<p>La monografia tracta la hist\u00f2ria coneguda de les Reials F\u00e0briques i analitza de forma implant fiyatlari exhaustiva la tem\u00e0tica de car\u00e0cter mitol\u00f2gic plasmada al magn\u00edfic paviment de \u201cLes Tres Gr\u00e0cies\u201d, pertanyent a la Col\u00b7lecci\u00f3 Beltr\u00e1n Aus\u00f3 que es conserva al MARQ, situant-lo en el seu context temporal i analitzant les seves fonts d&#039;inspiraci\u00f3. dentin<\/p>","protected":false},"featured_media":18465,"template":"","meta":{"kia_subtitle":""},"product_brand":[],"product_cat":[1397],"product_tag":[],"class_list":{"0":"post-18640","1":"product","2":"type-product","3":"status-publish","4":"has-post-thumbnail","6":"product_cat-publicaciones","8":"first","9":"instock","10":"virtual","11":"product-type-simple"},"meta_box":{"ia_expediente":"","ia_ano":"","ia_fechas_de_actuacion":"","ia_municipios_comarcas":"","ia_directores":"","ia_periodos_culturales":"","ia_tipos_de_intervencion":"","ia_equipo_tecnico":"","ia_autores":"","ia_promotores":"","ia_deposito_de_materiales":"","ia_coordenadas_utm":""},"_links":{"self":[{"href":"https:\/\/marqalicante-admin.qwair.com\/va\/wp-json\/wp\/v2\/product\/18640","targetHints":{"allow":["GET"]}}],"collection":[{"href":"https:\/\/marqalicante-admin.qwair.com\/va\/wp-json\/wp\/v2\/product"}],"about":[{"href":"https:\/\/marqalicante-admin.qwair.com\/va\/wp-json\/wp\/v2\/types\/product"}],"wp:featuredmedia":[{"embeddable":true,"href":"https:\/\/marqalicante-admin.qwair.com\/va\/wp-json\/wp\/v2\/media\/18465"}],"wp:attachment":[{"href":"https:\/\/marqalicante-admin.qwair.com\/va\/wp-json\/wp\/v2\/media?parent=18640"}],"wp:term":[{"taxonomy":"product_brand","embeddable":true,"href":"https:\/\/marqalicante-admin.qwair.com\/va\/wp-json\/wp\/v2\/product_brand?post=18640"},{"taxonomy":"product_cat","embeddable":true,"href":"https:\/\/marqalicante-admin.qwair.com\/va\/wp-json\/wp\/v2\/product_cat?post=18640"},{"taxonomy":"product_tag","embeddable":true,"href":"https:\/\/marqalicante-admin.qwair.com\/va\/wp-json\/wp\/v2\/product_tag?post=18640"}],"curies":[{"name":"wp","href":"https:\/\/api.w.org\/{rel}","templated":true}]}}

EL PAVIMENT DE LES TRES GRÀCIES

<p>La monografia tracta la història coneguda de les Reials Fàbriques i analitza de forma implant fiyatlari exhaustiva la temàtica de caràcter mitològic plasmada al magnífic paviment de “Les Tres Gràcies”, pertanyent a la Col·lecció Beltrán Ausó que es conserva al MARQ, situant-lo en el seu context temporal i analitzant les seves fonts d&#039;inspiració. dentin</p>
