{"id":18582,"date":"2025-02-03T07:09:32","date_gmt":"2025-02-03T07:09:32","guid":{"rendered":"https:\/\/marqalicante-admin.qwair.com\/item\/marq-arqueologia-y-museos-00-2\/"},"modified":"2025-06-04T16:33:22","modified_gmt":"2025-06-04T16:33:22","slug":"marq-arqueologia-y-museos-00-2","status":"publish","type":"product","link":"https:\/\/marqalicante-admin.qwair.com\/va\/producte\/marq-arqueologia-y-museos-00-2\/","title":{"rendered":"MARQ, ARQUEOLOGIA I MUSEUS 00"},"content":{"rendered":"<div class=\"documento-item\">\n                    <h2 class=\"documento-title\">MARQ, Arqueologia i Museu<\/h2>\n        \n                    <p class=\"documento-subtitle\">Azuar Ruiz, Rafael<\/p>\n        \n                    <a href=\"\/wp-content\/uploads\/2025\/01\/publi-revistas\/pub_1.pdf\" class=\"documento-btn\">\n                <i class=\"fas fa-file-pdf\"><\/i> Descarregar PDF\n            <\/a>\n            <\/div>\n\n        \n    <div class=\"documento-item\">\n                    <h2 class=\"documento-title\">Domus i la gesti\u00f3 de les col\u00b7leccions muse\u00edstiques<\/h2>\n        \n                    <p class=\"documento-subtitle\">Andr\u00e9s Carretero P\u00e9rez<\/p>\n        \n                    <a href=\"\/wp-content\/uploads\/2025\/01\/publi-revistas\/pub_3.pdf\" class=\"documento-btn\">\n                <i class=\"fas fa-file-pdf\"><\/i> Descarregar PDF\n            <\/a>\n            <\/div>\n\n        \n    <div class=\"documento-item\">\n                    <h2 class=\"documento-title\">El Projecte Champollion. Museu Arqueol\u00f2gic Nacional.<\/h2>\n        \n                    <p class=\"documento-subtitle\">M\u00aa del Carme P\u00e9rez Die, M\u00aa del Carme Alonso Rodr\u00edguez<\/p>\n        \n                    <a href=\"\/wp-content\/uploads\/2025\/01\/publi-revistas\/pub_4.pdf\" class=\"documento-btn\">\n                <i class=\"fas fa-file-pdf\"><\/i> Descarregar PDF\n            <\/a>\n            <\/div>\n\n        \n    <div class=\"documento-item\">\n                    <h2 class=\"documento-title\">Noves tecnologies aplicades a l&#039;estudi i la conservaci\u00f3 de b\u00e9ns culturals. Estat de la q\u00fcesti\u00f3 als museus espanyols<\/h2>\n        \n                    <p class=\"documento-subtitle\">Salvador Rovira Llorens<\/p>\n        \n                    <a href=\"\/wp-content\/uploads\/2025\/01\/publi-revistas\/pub_5.pdf\" class=\"documento-btn\">\n                <i class=\"fas fa-file-pdf\"><\/i> Descarregar PDF\n            <\/a>\n            <\/div>\n\n        \n    <div class=\"documento-item\">\n                    <h2 class=\"documento-title\">El MARQ. La tecnologia al servei de la museografia<\/h2>\n        \n                    <p class=\"documento-subtitle\">Rafael Azuar Ruiz<\/p>\n        \n                    <a href=\"\/wp-content\/uploads\/2025\/01\/publi-revistas\/pub_6.pdf\" class=\"documento-btn\">\n                <i class=\"fas fa-file-pdf\"><\/i> Descarregar PDF\n            <\/a>\n            <\/div>\n\n        \n    <div class=\"documento-item\">\n                    <h2 class=\"documento-title\">Museu d&#039;Hist\u00f2ria de Val\u00e8ncia. Nous formats per a una nova did\u00e0ctica de la hist\u00f2ria<\/h2>\n        \n                    <p class=\"documento-subtitle\">Javier Mart\u00ed Oltra<\/p>\n        \n                    <a href=\"\/wp-content\/uploads\/2025\/01\/publi-revistas\/pub_7.pdf\" class=\"documento-btn\">\n                <i class=\"fas fa-file-pdf\"><\/i> Descarregar PDF\n            <\/a>\n            <\/div>\n\n        \n    <div class=\"documento-item\">\n                    <h2 class=\"documento-title\">El MAR i les noves tecnologies<\/h2>\n        \n                    <p class=\"documento-subtitle\">Enrique Baquedano P\u00e9rez<\/p>\n        \n                    <a href=\"\/wp-content\/uploads\/2025\/01\/publi-revistas\/pub_8.pdf\" class=\"documento-btn\">\n                <i class=\"fas fa-file-pdf\"><\/i> Descarregar PDF\n            <\/a>\n            <\/div>\n\n        \n    <div class=\"documento-item\">\n                    <h2 class=\"documento-title\">La Sala d&#039;Art Rupestre i de la Col\u00b7lecci\u00f3 Museogr\u00e0fica de Castell de Castells. Un muntatge d&#039;avantguarda per a un municipi de la muntanya alacantina<\/h2>\n        \n                    <p class=\"documento-subtitle\">Jorge A. Soler D\u00edaz, Rafael P\u00e9rez Jim\u00e9nez<\/p>\n        \n                    <a href=\"\/wp-content\/uploads\/2025\/01\/publi-revistas\/pub_9.pdf\" class=\"documento-btn\">\n                <i class=\"fas fa-file-pdf\"><\/i> Descarregar PDF\n            <\/a>\n            <\/div>\n\n        \n    <div class=\"documento-item\">\n                    <h2 class=\"documento-title\">The Peregrinus Project<\/h2>\n        \n                    <p class=\"documento-subtitle\">Stephen Clews<\/p>\n        \n                    <a href=\"\/wp-content\/uploads\/2025\/01\/publi-revistas\/pub_10.pdf\" class=\"documento-btn\">\n                <i class=\"fas fa-file-pdf\"><\/i> Descarregar PDF\n            <\/a>\n            <\/div>\n\n        \n    <div class=\"documento-item\">\n                    <h2 class=\"documento-title\">The ORION Project A European Union Thematic Network<\/h2>\n        \n                    <p class=\"documento-subtitle\">Luis Salgado, Nessa O&#039;Connor, Martha Tsapatori, Jorge A. Soler<\/p>\n        \n                    <a href=\"\/wp-content\/uploads\/2025\/01\/publi-revistas\/pub_11.pdf\" class=\"documento-btn\">\n                <i class=\"fas fa-file-pdf\"><\/i> Descarregar PDF\n            <\/a>\n            <\/div>\n\n        \n    <div class=\"documento-item\">\n                    <h2 class=\"documento-title\">El projecte de restituci\u00f3 virtual de la ciutat grega i romana d&#039;Emp\u00faries<\/h2>\n        \n                    <p class=\"documento-subtitle\">Xavier Aquilu\u00e9, Tom\u00e0s Bases, Pere Castanyer, Joaquim Monturiol, Marta Santos, Joaquim Tremoleda<\/p>\n        \n                    <a href=\"\/wp-content\/uploads\/2025\/01\/publi-revistas\/pub_12.pdf\" class=\"documento-btn\">\n                <i class=\"fas fa-file-pdf\"><\/i> Descarregar PDF\n            <\/a>\n            <\/div>\n\n        \n    <div class=\"documento-item\">\n                    <h2 class=\"documento-title\">Paisatges Mil\u00b7lenaris: Centre d&#039;Interpretaci\u00f3 de la Prehist\u00f2ria a Andalusia<\/h2>\n        \n                    <p class=\"documento-subtitle\">Juli\u00e1n Mart\u00ednez Garc\u00eda<\/p>\n        \n                    <a href=\"\/wp-content\/uploads\/2025\/01\/publi-revistas\/pub_13.pdf\" class=\"documento-btn\">\n                <i class=\"fas fa-file-pdf\"><\/i> Descarregar PDF\n            <\/a>\n            <\/div>\n\n        \n    <div class=\"documento-item\">\n                    <h2 class=\"documento-title\">Recursos infogr\u00e0fics sobre Lucentum i la Illeta Dels Banyets al MARQ ia internet<\/h2>\n        \n                    <p class=\"documento-subtitle\">Manuel Olcina Dom\u00e8nech, Jorge Molina Lamothe, Rafael P\u00e9rez Jim\u00e9nez<\/p>\n        \n                    <a href=\"\/wp-content\/uploads\/2025\/01\/publi-revistas\/pub_14.pdf\" class=\"documento-btn\">\n                <i class=\"fas fa-file-pdf\"><\/i> Descarregar PDF\n            <\/a>\n            <\/div>\n\n        \n    <div class=\"documento-item\">\n                    <h2 class=\"documento-title\">Mem\u00f2ria d&#039;activitats 2000-2003<\/h2>\n        \n                    <p class=\"documento-subtitle\">Antonio S\u00e1nchez P\u00e9rez, Miguel Benito Iborra<\/p>\n        \n                    <a href=\"\/wp-content\/uploads\/2025\/01\/publi-revistas\/pub_15.pdf\" class=\"documento-btn\">\n                <i class=\"fas fa-file-pdf\"><\/i> Descarregar PDF\n            <\/a>\n            <\/div>","protected":false},"excerpt":{"rendered":"<p>Publicaci\u00f3 peri\u00f2dica i sistem\u00e0tica sobre els treballs de recerca arqueol\u00f2gica amb articles centrats en la pr\u00e0ctica pr\u00f2pia dels museus, per donar a con\u00e8ixer la investigaci\u00f3 del ric patrimoni arqueol\u00f2gic d&#039;Alacant. 18 \u20ac<\/p>","protected":false},"featured_media":18407,"template":"","meta":{"kia_subtitle":""},"product_brand":[],"product_cat":[1365],"product_tag":[],"class_list":{"0":"post-18582","1":"product","2":"type-product","3":"status-publish","4":"has-post-thumbnail","6":"product_cat-marq-arqueologia-y-museos","8":"first","9":"instock","10":"virtual","11":"product-type-simple"},"meta_box":{"ia_expediente":"","ia_ano":"","ia_fechas_de_actuacion":"","ia_municipios_comarcas":"","ia_directores":"","ia_periodos_culturales":"","ia_tipos_de_intervencion":"","ia_equipo_tecnico":"","ia_autores":"","ia_promotores":"","ia_deposito_de_materiales":"","ia_coordenadas_utm":""},"_links":{"self":[{"href":"https:\/\/marqalicante-admin.qwair.com\/va\/wp-json\/wp\/v2\/product\/18582","targetHints":{"allow":["GET"]}}],"collection":[{"href":"https:\/\/marqalicante-admin.qwair.com\/va\/wp-json\/wp\/v2\/product"}],"about":[{"href":"https:\/\/marqalicante-admin.qwair.com\/va\/wp-json\/wp\/v2\/types\/product"}],"wp:featuredmedia":[{"embeddable":true,"href":"https:\/\/marqalicante-admin.qwair.com\/va\/wp-json\/wp\/v2\/media\/18407"}],"wp:attachment":[{"href":"https:\/\/marqalicante-admin.qwair.com\/va\/wp-json\/wp\/v2\/media?parent=18582"}],"wp:term":[{"taxonomy":"product_brand","embeddable":true,"href":"https:\/\/marqalicante-admin.qwair.com\/va\/wp-json\/wp\/v2\/product_brand?post=18582"},{"taxonomy":"product_cat","embeddable":true,"href":"https:\/\/marqalicante-admin.qwair.com\/va\/wp-json\/wp\/v2\/product_cat?post=18582"},{"taxonomy":"product_tag","embeddable":true,"href":"https:\/\/marqalicante-admin.qwair.com\/va\/wp-json\/wp\/v2\/product_tag?post=18582"}],"curies":[{"name":"wp","href":"https:\/\/api.w.org\/{rel}","templated":true}]}}

<div class="documento-item">
                    <h2 class="documento-title">MARQ, Arqueologia i Museu</h2>
        
                    <p class="documento-subtitle">Azuar Ruiz, Rafael</p>
        
                    <a href="/wp-content/uploads/2025/01/publi-revistas/pub_1.pdf" class="documento-btn">
                <i class="fas fa-file-pdf"></i> Descarregar PDF
            </a>
            </div>

        
    <div class="documento-item">
                    <h2 class="documento-title">Domus i la gestió de les col·leccions museístiques</h2>
        
                    <p class="documento-subtitle">Andrés Carretero Pérez</p>
        
                    <a href="/wp-content/uploads/2025/01/publi-revistas/pub_3.pdf" class="documento-btn">
                <i class="fas fa-file-pdf"></i> Descarregar PDF
            </a>
            </div>

        
    <div class="documento-item">
                    <h2 class="documento-title">El Projecte Champollion. Museu Arqueològic Nacional.</h2>
        
                    <p class="documento-subtitle">Mª del Carme Pérez Die, Mª del Carme Alonso Rodríguez</p>
        
                    <a href="/wp-content/uploads/2025/01/publi-revistas/pub_4.pdf" class="documento-btn">
                <i class="fas fa-file-pdf"></i> Descarregar PDF
            </a>
            </div>

        
    <div class="documento-item">
                    <h2 class="documento-title">Noves tecnologies aplicades a l&#039;estudi i la conservació de béns culturals. Estat de la qüestió als museus espanyols</h2>
        
                    <p class="documento-subtitle">Salvador Rovira Llorens</p>
        
                    <a href="/wp-content/uploads/2025/01/publi-revistas/pub_5.pdf" class="documento-btn">
                <i class="fas fa-file-pdf"></i> Descarregar PDF
            </a>
            </div>

        
    <div class="documento-item">
                    <h2 class="documento-title">El MARQ. La tecnologia al servei de la museografia</h2>
        
                    <p class="documento-subtitle">Rafael Azuar Ruiz</p>
        
                    <a href="/wp-content/uploads/2025/01/publi-revistas/pub_6.pdf" class="documento-btn">
                <i class="fas fa-file-pdf"></i> Descarregar PDF
            </a>
            </div>

        
    <div class="documento-item">
                    <h2 class="documento-title">Museu d&#039;Història de València. Nous formats per a una nova didàctica de la història</h2>
        
                    <p class="documento-subtitle">Javier Martí Oltra</p>
        
                    <a href="/wp-content/uploads/2025/01/publi-revistas/pub_7.pdf" class="documento-btn">
                <i class="fas fa-file-pdf"></i> Descarregar PDF
            </a>
            </div>

        
    <div class="documento-item">
                    <h2 class="documento-title">El MAR i les noves tecnologies</h2>
        
                    <p class="documento-subtitle">Enrique Baquedano Pérez</p>
        
                    <a href="/wp-content/uploads/2025/01/publi-revistas/pub_8.pdf" class="documento-btn">
                <i class="fas fa-file-pdf"></i> Descarregar PDF
            </a>
            </div>

        
    <div class="documento-item">
                    <h2 class="documento-title">La Sala d&#039;Art Rupestre i de la Col·lecció Museogràfica de Castell de Castells. Un muntatge d&#039;avantguarda per a un municipi de la muntanya alacantina</h2>
        
                    <p class="documento-subtitle">Jorge A. Soler Díaz, Rafael Pérez Jiménez</p>
        
                    <a href="/wp-content/uploads/2025/01/publi-revistas/pub_9.pdf" class="documento-btn">
                <i class="fas fa-file-pdf"></i> Descarregar PDF
            </a>
            </div>

        
    <div class="documento-item">
                    <h2 class="documento-title">The Peregrinus Project</h2>
        
                    <p class="documento-subtitle">Stephen Clews</p>
        
                    <a href="/wp-content/uploads/2025/01/publi-revistas/pub_10.pdf" class="documento-btn">
                <i class="fas fa-file-pdf"></i> Descarregar PDF
            </a>
            </div>

        
    <div class="documento-item">
                    <h2 class="documento-title">The ORION Project A European Union Thematic Network</h2>
        
                    <p class="documento-subtitle">Luis Salgado, Nessa O&#039;Connor, Martha Tsapatori, Jorge A. Soler</p>
        
                    <a href="/wp-content/uploads/2025/01/publi-revistas/pub_11.pdf" class="documento-btn">
                <i class="fas fa-file-pdf"></i> Descarregar PDF
            </a>
            </div>

        
    <div class="documento-item">
                    <h2 class="documento-title">El projecte de restitució virtual de la ciutat grega i romana d&#039;Empúries</h2>
        
                    <p class="documento-subtitle">Xavier Aquilué, Tomàs Bases, Pere Castanyer, Joaquim Monturiol, Marta Santos, Joaquim Tremoleda</p>
        
                    <a href="/wp-content/uploads/2025/01/publi-revistas/pub_12.pdf" class="documento-btn">
                <i class="fas fa-file-pdf"></i> Descarregar PDF
            </a>
            </div>

        
    <div class="documento-item">
                    <h2 class="documento-title">Paisatges Mil·lenaris: Centre d&#039;Interpretació de la Prehistòria a Andalusia</h2>
        
                    <p class="documento-subtitle">Julián Martínez García</p>
        
                    <a href="/wp-content/uploads/2025/01/publi-revistas/pub_13.pdf" class="documento-btn">
                <i class="fas fa-file-pdf"></i> Descarregar PDF
            </a>
            </div>

        
    <div class="documento-item">
                    <h2 class="documento-title">Recursos infogràfics sobre Lucentum i la Illeta Dels Banyets al MARQ ia internet</h2>
        
                    <p class="documento-subtitle">Manuel Olcina Domènech, Jorge Molina Lamothe, Rafael Pérez Jiménez</p>
        
                    <a href="/wp-content/uploads/2025/01/publi-revistas/pub_14.pdf" class="documento-btn">
                <i class="fas fa-file-pdf"></i> Descarregar PDF
            </a>
            </div>

        
    <div class="documento-item">
                    <h2 class="documento-title">Memòria d&#039;activitats 2000-2003</h2>
        
                    <p class="documento-subtitle">Antonio Sánchez Pérez, Miguel Benito Iborra</p>
        
                    <a href="/wp-content/uploads/2025/01/publi-revistas/pub_15.pdf" class="documento-btn">
                <i class="fas fa-file-pdf"></i> Descarregar PDF
            </a>
            </div>

<p>Publicació periòdica i sistemàtica sobre els treballs de recerca arqueològica amb articles centrats en la pràctica pròpia dels museus, per donar a conèixer la investigació del ric patrimoni arqueològic d&#039;Alacant. 18 €</p>
