{"id":18575,"date":"2025-01-20T06:01:16","date_gmt":"2025-01-20T06:01:16","guid":{"rendered":"https:\/\/marqalicante-admin.qwair.com\/item\/cuevas-de-inhumacion-multiple-en-la-comunidad-valenciana-2-vols\/"},"modified":"2025-06-04T16:33:22","modified_gmt":"2025-06-04T16:33:22","slug":"cuevas-de-inhumacion-multiple-en-la-comunidad-valenciana-2-vols","status":"publish","type":"product","link":"https:\/\/marqalicante-admin.qwair.com\/va\/producte\/cuevas-de-inhumacion-multiple-en-la-comunidad-valenciana-2-vols\/","title":{"rendered":"COVES D&#039;INHUMACI\u00d3 M\u00daLTIPLE A LA COMUNITAT VALENCIANA (2 vols.)"},"content":{"rendered":"<div class=\"documento-item\">\n                    <h2 class=\"documento-title\">Volum 1<\/h2>\n        \n        \n                    <a href=\"https:\/\/marqalicante.com\/contenido\/publicaciones\/pub_36.pdf\" class=\"documento-btn\" target=\"_blank\" rel=\"noopener\">\n                <i class=\"fas fa-file-pdf\"><\/i> Descarregar PDF\n            <\/a>\n            <\/div>\n\n        \n    <div class=\"documento-item\">\n                    <h2 class=\"documento-title\">Volum 2<\/h2>\n        \n        \n                    <a href=\"https:\/\/marqalicante.com\/contenido\/publicaciones\/pub2_36.pdf\" class=\"documento-btn\" target=\"_blank\" rel=\"noopener\">\n                <i class=\"fas fa-file-pdf\"><\/i> Descarregar PDF\n            <\/a>\n            <\/div>","protected":false},"excerpt":{"rendered":"<p>Les coves d&#039;enterrament m\u00faltiple constitueixen a tota l&#039;Espanya calc\u00e0ria, per\u00f2 molt particularment a la Comunitat Valenciana, la documentaci\u00f3 que disposa la Prehist\u00f2ria per reconstruir el desenvolupament de la poblaci\u00f3 i de la vida i la cultura a les \u00e0rees del Llevant durant els segles IV i III mil\u00b7lennis a. C.Els dos toms 60 \u20ac<\/p>","protected":false},"featured_media":18400,"template":"","meta":{"kia_subtitle":""},"product_brand":[],"product_cat":[1397],"product_tag":[],"class_list":{"0":"post-18575","1":"product","2":"type-product","3":"status-publish","4":"has-post-thumbnail","6":"product_cat-publicaciones","8":"first","9":"instock","10":"virtual","11":"product-type-simple"},"meta_box":{"ia_expediente":"","ia_ano":"","ia_fechas_de_actuacion":"","ia_municipios_comarcas":"","ia_directores":"","ia_periodos_culturales":"","ia_tipos_de_intervencion":"","ia_equipo_tecnico":"","ia_autores":"","ia_promotores":"","ia_deposito_de_materiales":"","ia_coordenadas_utm":""},"_links":{"self":[{"href":"https:\/\/marqalicante-admin.qwair.com\/va\/wp-json\/wp\/v2\/product\/18575","targetHints":{"allow":["GET"]}}],"collection":[{"href":"https:\/\/marqalicante-admin.qwair.com\/va\/wp-json\/wp\/v2\/product"}],"about":[{"href":"https:\/\/marqalicante-admin.qwair.com\/va\/wp-json\/wp\/v2\/types\/product"}],"wp:featuredmedia":[{"embeddable":true,"href":"https:\/\/marqalicante-admin.qwair.com\/va\/wp-json\/wp\/v2\/media\/18400"}],"wp:attachment":[{"href":"https:\/\/marqalicante-admin.qwair.com\/va\/wp-json\/wp\/v2\/media?parent=18575"}],"wp:term":[{"taxonomy":"product_brand","embeddable":true,"href":"https:\/\/marqalicante-admin.qwair.com\/va\/wp-json\/wp\/v2\/product_brand?post=18575"},{"taxonomy":"product_cat","embeddable":true,"href":"https:\/\/marqalicante-admin.qwair.com\/va\/wp-json\/wp\/v2\/product_cat?post=18575"},{"taxonomy":"product_tag","embeddable":true,"href":"https:\/\/marqalicante-admin.qwair.com\/va\/wp-json\/wp\/v2\/product_tag?post=18575"}],"curies":[{"name":"wp","href":"https:\/\/api.w.org\/{rel}","templated":true}]}}

COVES D&#039;INHUMACIÓ MÚLTIPLE A LA COMUNITAT VALENCIANA (2 vols.)

<p>Les coves d&#039;enterrament múltiple constitueixen a tota l&#039;Espanya calcària, però molt particularment a la Comunitat Valenciana, la documentació que disposa la Prehistòria per reconstruir el desenvolupament de la població i de la vida i la cultura a les àrees del Llevant durant els segles IV i III mil·lennis a. C.Els dos toms 60 €</p>
