{"id":18564,"date":"2025-02-03T07:09:32","date_gmt":"2025-02-03T07:09:32","guid":{"rendered":"https:\/\/marqalicante-admin.qwair.com\/item\/marq-arqueologia-y-museos-02-2\/"},"modified":"2025-06-04T16:33:21","modified_gmt":"2025-06-04T16:33:21","slug":"marq-arqueologia-y-museos-02-2","status":"publish","type":"product","link":"https:\/\/marqalicante-admin.qwair.com\/va\/producte\/marq-arqueologia-y-museos-02-2\/","title":{"rendered":"MARQ, ARQUEOLOGIA I MUSEUS 02"},"content":{"rendered":"<div class=\"documento-item\">\n                    <h2 class=\"documento-title\">Ideologia, arqueologia<\/h2>\n        \n                    <p class=\"documento-subtitle\">Vicente Lull, Rafael Mic\u00f3, Cristina Rihuete Herrada, Roberto Risch<\/p>\n        \n                    <a href=\"\/wp-content\/uploads\/2025\/01\/publi-revistas\/pub_25.pdf\" class=\"documento-btn\">\n                <i class=\"fas fa-file-pdf\"><\/i> Descarregar PDF\n            <\/a>\n            <\/div>\n\n        \n    <div class=\"documento-item\">\n                    <h2 class=\"documento-title\">Els abrics rupestres del Rac\u00f3 de Cort\u00e8s i de la Cova de la Romera (Orxeta, Alacant): aportacions a l&#039;Art Neol\u00edtic de les comarques centre-meridionals valencianes<\/h2>\n        \n                    <p class=\"documento-subtitle\">Maria Fran\u00e7a Galiana Botella, Palmira Torregrosa Gim\u00e9nez<\/p>\n        \n                    <a href=\"\/wp-content\/uploads\/2025\/01\/publi-revistas\/pub_26.pdf\" class=\"documento-btn\">\n                <i class=\"fas fa-file-pdf\"><\/i> Descarregar PDF\n            <\/a>\n            <\/div>\n\n        \n    <div class=\"documento-item\">\n                    <h2 class=\"documento-title\">Noves evid\u00e8ncies de l&#039;ocupaci\u00f3 de Benal\u00faa (Alacant) durant els segles VI-VII dC<\/h2>\n        \n                    <p class=\"documento-subtitle\">Gabriel Lara Vives, Jes\u00fas Garc\u00eda Guardiola, Eduardo L\u00f3pez Segu\u00ed, Cristina E. Rizo Ant\u00f3n, Maria Dolores S\u00e1nchez de Prado<\/p>\n        \n                    <a href=\"\/wp-content\/uploads\/2025\/01\/publi-revistas\/pub_35.pdf\" class=\"documento-btn\">\n                <i class=\"fas fa-file-pdf\"><\/i> Descarregar PDF\n            <\/a>\n            <\/div>\n\n        \n    <div class=\"documento-item\">\n                    <h2 class=\"documento-title\">Al voltant de l&#039;origen de les ensenyes militars a l&#039;Antiguitat<\/h2>\n        \n                    <p class=\"documento-subtitle\">Fernando Quesada Sanz<\/p>\n        \n                    <a href=\"\/wp-content\/uploads\/2025\/01\/publi-revistas\/pub_36.pdf\" class=\"documento-btn\">\n                <i class=\"fas fa-file-pdf\"><\/i> Descarregar PDF\n            <\/a>\n            <\/div>\n\n        \n    <div class=\"documento-item\">\n                    <h2 class=\"documento-title\">Le Castellar de Morera d&#039;Elx est il la Mad\u00eena d&#039;al-cAskar dels texts \u00e0rabs?<\/h2>\n        \n                    <p class=\"documento-subtitle\">Pierre Guichard<\/p>\n        \n                    <a href=\"\/wp-content\/uploads\/2025\/01\/publi-revistas\/pub_37.pdf\" class=\"documento-btn\">\n                <i class=\"fas fa-file-pdf\"><\/i> Descarregar PDF\n            <\/a>\n            <\/div>\n\n        \n    <div class=\"documento-item\">\n                    <h2 class=\"documento-title\">Signar la gerra, marcar la hist\u00f2ria. Marques i grafits a les cer\u00e0miques de Santa Maria d&#039;Alacant<\/h2>\n        \n                    <p class=\"documento-subtitle\">Jos\u00e9 Luis Menendez Fueyo<\/p>\n        \n                    <a href=\"\/wp-content\/uploads\/2025\/01\/publi-revistas\/pub_38.pdf\" class=\"documento-btn\">\n                <i class=\"fas fa-file-pdf\"><\/i> Descarregar PDF\n            <\/a>\n            <\/div>\n\n        \n    <div class=\"documento-item\">\n                    <h2 class=\"documento-title\">Al 75\u00e8 Aniversari del Museu Arqueol\u00f2gic d&#039;Alacant. Deu apunts sobre la seva hist\u00f2ria<\/h2>\n        \n                    <p class=\"documento-subtitle\">Manuel H. Olcina Dom\u00e8nech, Jorge A. Soler D\u00edaz<\/p>\n        \n                    <a href=\"\/wp-content\/uploads\/2025\/01\/publi-revistas\/pub_39.pdf\" class=\"documento-btn\">\n                <i class=\"fas fa-file-pdf\"><\/i> Descarregar PDF\n            <\/a>\n            <\/div>\n\n        \n    <div class=\"documento-item\">\n                    <h2 class=\"documento-title\">Un centre d&#039;interpretaci\u00f3 per al jaciment paleol\u00edtic d&#039;Ambrona (S\u00f2ria, Espanya)<\/h2>\n        \n                    <p class=\"documento-subtitle\">Manuel Santonja, Alfredo P\u00e9rez-Gonz\u00e1lez<\/p>\n        \n                    <a href=\"\/wp-content\/uploads\/2025\/01\/publi-revistas\/pub_40.pdf\" class=\"documento-btn\">\n                <i class=\"fas fa-file-pdf\"><\/i> Descarregar PDF\n            <\/a>\n            <\/div>\n\n        \n    <div class=\"documento-item\">\n                    <h2 class=\"documento-title\">MARQ. Mem\u00f2ria d&#039;activitats 2005-2006<\/h2>\n        \n                    <p class=\"documento-subtitle\">MARQ. Equip T\u00e8cnic<\/p>\n        \n                    <a href=\"\/wp-content\/uploads\/2025\/01\/publi-revistas\/pub_41.pdf\" class=\"documento-btn\">\n                <i class=\"fas fa-file-pdf\"><\/i> Descarregar PDF\n            <\/a>\n            <\/div>","protected":false},"excerpt":{"rendered":"<p>Publicaci\u00f3 peri\u00f2dica i sistem\u00e0tica sobre treballs de recerca arqueol\u00f2gica amb articles centrats en la pr\u00e0ctica pr\u00f2pia dels museus, per donar a con\u00e8ixer la investigaci\u00f3 del ric patrimoni arqueol\u00f2gic d&#039;Alacant 18 , 00 euros<\/p>","protected":false},"featured_media":18389,"template":"","meta":{"kia_subtitle":""},"product_brand":[],"product_cat":[1365],"product_tag":[],"class_list":{"0":"post-18564","1":"product","2":"type-product","3":"status-publish","4":"has-post-thumbnail","6":"product_cat-marq-arqueologia-y-museos","8":"first","9":"instock","10":"virtual","11":"product-type-simple"},"meta_box":{"ia_expediente":"","ia_ano":"","ia_fechas_de_actuacion":"","ia_municipios_comarcas":"","ia_directores":"","ia_periodos_culturales":"","ia_tipos_de_intervencion":"","ia_equipo_tecnico":"","ia_autores":"","ia_promotores":"","ia_deposito_de_materiales":"","ia_coordenadas_utm":""},"_links":{"self":[{"href":"https:\/\/marqalicante-admin.qwair.com\/va\/wp-json\/wp\/v2\/product\/18564","targetHints":{"allow":["GET"]}}],"collection":[{"href":"https:\/\/marqalicante-admin.qwair.com\/va\/wp-json\/wp\/v2\/product"}],"about":[{"href":"https:\/\/marqalicante-admin.qwair.com\/va\/wp-json\/wp\/v2\/types\/product"}],"wp:featuredmedia":[{"embeddable":true,"href":"https:\/\/marqalicante-admin.qwair.com\/va\/wp-json\/wp\/v2\/media\/18389"}],"wp:attachment":[{"href":"https:\/\/marqalicante-admin.qwair.com\/va\/wp-json\/wp\/v2\/media?parent=18564"}],"wp:term":[{"taxonomy":"product_brand","embeddable":true,"href":"https:\/\/marqalicante-admin.qwair.com\/va\/wp-json\/wp\/v2\/product_brand?post=18564"},{"taxonomy":"product_cat","embeddable":true,"href":"https:\/\/marqalicante-admin.qwair.com\/va\/wp-json\/wp\/v2\/product_cat?post=18564"},{"taxonomy":"product_tag","embeddable":true,"href":"https:\/\/marqalicante-admin.qwair.com\/va\/wp-json\/wp\/v2\/product_tag?post=18564"}],"curies":[{"name":"wp","href":"https:\/\/api.w.org\/{rel}","templated":true}]}}

<div class="documento-item">
                    <h2 class="documento-title">Ideologia, arqueologia</h2>
        
                    <p class="documento-subtitle">Vicente Lull, Rafael Micó, Cristina Rihuete Herrada, Roberto Risch</p>
        
                    <a href="/wp-content/uploads/2025/01/publi-revistas/pub_25.pdf" class="documento-btn">
                <i class="fas fa-file-pdf"></i> Descarregar PDF
            </a>
            </div>

        
    <div class="documento-item">
                    <h2 class="documento-title">Els abrics rupestres del Racó de Cortès i de la Cova de la Romera (Orxeta, Alacant): aportacions a l&#039;Art Neolític de les comarques centre-meridionals valencianes</h2>
        
                    <p class="documento-subtitle">Maria França Galiana Botella, Palmira Torregrosa Giménez</p>
        
                    <a href="/wp-content/uploads/2025/01/publi-revistas/pub_26.pdf" class="documento-btn">
                <i class="fas fa-file-pdf"></i> Descarregar PDF
            </a>
            </div>

        
    <div class="documento-item">
                    <h2 class="documento-title">Noves evidències de l&#039;ocupació de Benalúa (Alacant) durant els segles VI-VII dC</h2>
        
                    <p class="documento-subtitle">Gabriel Lara Vives, Jesús García Guardiola, Eduardo López Seguí, Cristina E. Rizo Antón, Maria Dolores Sánchez de Prado</p>
        
                    <a href="/wp-content/uploads/2025/01/publi-revistas/pub_35.pdf" class="documento-btn">
                <i class="fas fa-file-pdf"></i> Descarregar PDF
            </a>
            </div>

        
    <div class="documento-item">
                    <h2 class="documento-title">Al voltant de l&#039;origen de les ensenyes militars a l&#039;Antiguitat</h2>
        
                    <p class="documento-subtitle">Fernando Quesada Sanz</p>
        
                    <a href="/wp-content/uploads/2025/01/publi-revistas/pub_36.pdf" class="documento-btn">
                <i class="fas fa-file-pdf"></i> Descarregar PDF
            </a>
            </div>

        
    <div class="documento-item">
                    <h2 class="documento-title">Le Castellar de Morera d&#039;Elx est il la Madîna d&#039;al-cAskar dels texts àrabs?</h2>
        
                    <p class="documento-subtitle">Pierre Guichard</p>
        
                    <a href="/wp-content/uploads/2025/01/publi-revistas/pub_37.pdf" class="documento-btn">
                <i class="fas fa-file-pdf"></i> Descarregar PDF
            </a>
            </div>

        
    <div class="documento-item">
                    <h2 class="documento-title">Signar la gerra, marcar la història. Marques i grafits a les ceràmiques de Santa Maria d&#039;Alacant</h2>
        
                    <p class="documento-subtitle">José Luis Menendez Fueyo</p>
        
                    <a href="/wp-content/uploads/2025/01/publi-revistas/pub_38.pdf" class="documento-btn">
                <i class="fas fa-file-pdf"></i> Descarregar PDF
            </a>
            </div>

        
    <div class="documento-item">
                    <h2 class="documento-title">Al 75è Aniversari del Museu Arqueològic d&#039;Alacant. Deu apunts sobre la seva història</h2>
        
                    <p class="documento-subtitle">Manuel H. Olcina Domènech, Jorge A. Soler Díaz</p>
        
                    <a href="/wp-content/uploads/2025/01/publi-revistas/pub_39.pdf" class="documento-btn">
                <i class="fas fa-file-pdf"></i> Descarregar PDF
            </a>
            </div>

        
    <div class="documento-item">
                    <h2 class="documento-title">Un centre d&#039;interpretació per al jaciment paleolític d&#039;Ambrona (Sòria, Espanya)</h2>
        
                    <p class="documento-subtitle">Manuel Santonja, Alfredo Pérez-González</p>
        
                    <a href="/wp-content/uploads/2025/01/publi-revistas/pub_40.pdf" class="documento-btn">
                <i class="fas fa-file-pdf"></i> Descarregar PDF
            </a>
            </div>

        
    <div class="documento-item">
                    <h2 class="documento-title">MARQ. Memòria d&#039;activitats 2005-2006</h2>
        
                    <p class="documento-subtitle">MARQ. Equip Tècnic</p>
        
                    <a href="/wp-content/uploads/2025/01/publi-revistas/pub_41.pdf" class="documento-btn">
                <i class="fas fa-file-pdf"></i> Descarregar PDF
            </a>
            </div>

<p>Publicació periòdica i sistemàtica sobre treballs de recerca arqueològica amb articles centrats en la pràctica pròpia dels museus, per donar a conèixer la investigació del ric patrimoni arqueològic d&#039;Alacant 18 , 00 euros</p>
