{"id":46180,"date":"2025-09-03T07:11:19","date_gmt":"2025-09-03T07:11:19","guid":{"rendered":"https:\/\/marqalicante-admin.qwair.com\/?post_type=product&#038;p=46180"},"modified":"2025-09-03T10:46:02","modified_gmt":"2025-09-03T10:46:02","slug":"guia-didactica-secundaria-prehistoria-val","status":"publish","type":"product","link":"https:\/\/marqalicante-admin.qwair.com\/es\/producto\/guia-didactica-secundaria-prehistoria-val\/","title":{"rendered":"GUIA DID\u00c0CTICA (PER A SECUND\u00c0RIA): PREHIST\u00d2RIA VAL"},"content":{"rendered":"    \n    <div class=\"documento-item\">\n        \n        \n                    <a href=\"https:\/\/marqalicante.com\/wp-content\/uploads\/2025\/09\/Prehistoria_2019_VAL_AF_compressed.pdf\" class=\"documento-btn\" target=\"_blank\" rel=\"noopener\">\n                <i class=\"fas fa-file-pdf\"><\/i> Descargar PDF\n            <\/a>\n            <\/div>\n\n    \n","protected":false},"excerpt":{"rendered":"<p>Des de la perspectiva de l\u2019 actual prov\u00edncia d\u2019Alacant, i complementant a les sales del museu del mateix nom, aquesta guia se\u2019ns presenta com un suport perfecte per a el alumnat de l\u2019 ESO. Ofereix explicacions de gran valor divulgatiu, proposant a de m\u00e9s una serie de activitat per a incentivar el aprenentatge actiu. Sintetitzant la guia, es centra sobretot en les diferents societats prehist\u00f2riques, des de els ca\u00e7adors i recol\u00b7lectors a l\u2019arribada de societats hist\u00f2riques (com es el cas dels fenicis). <\/p>\n","protected":false},"featured_media":46192,"template":"","meta":{"kia_subtitle":""},"product_brand":[],"product_cat":[1717],"product_tag":[],"class_list":{"0":"post-46180","1":"product","2":"type-product","3":"status-publish","4":"has-post-thumbnail","6":"product_cat-guias-didacticas","8":"first","9":"instock","10":"virtual","11":"product-type-simple"},"meta_box":{"ia_expediente":"","ia_ano":"","ia_fechas_de_actuacion":"","ia_municipios_comarcas":"","ia_directores":"","ia_periodos_culturales":"","ia_tipos_de_intervencion":"","ia_equipo_tecnico":"","ia_autores":"","ia_promotores":"","ia_deposito_de_materiales":"","ia_coordenadas_utm":""},"_links":{"self":[{"href":"https:\/\/marqalicante-admin.qwair.com\/es\/wp-json\/wp\/v2\/product\/46180","targetHints":{"allow":["GET"]}}],"collection":[{"href":"https:\/\/marqalicante-admin.qwair.com\/es\/wp-json\/wp\/v2\/product"}],"about":[{"href":"https:\/\/marqalicante-admin.qwair.com\/es\/wp-json\/wp\/v2\/types\/product"}],"wp:featuredmedia":[{"embeddable":true,"href":"https:\/\/marqalicante-admin.qwair.com\/es\/wp-json\/wp\/v2\/media\/46192"}],"wp:attachment":[{"href":"https:\/\/marqalicante-admin.qwair.com\/es\/wp-json\/wp\/v2\/media?parent=46180"}],"wp:term":[{"taxonomy":"product_brand","embeddable":true,"href":"https:\/\/marqalicante-admin.qwair.com\/es\/wp-json\/wp\/v2\/product_brand?post=46180"},{"taxonomy":"product_cat","embeddable":true,"href":"https:\/\/marqalicante-admin.qwair.com\/es\/wp-json\/wp\/v2\/product_cat?post=46180"},{"taxonomy":"product_tag","embeddable":true,"href":"https:\/\/marqalicante-admin.qwair.com\/es\/wp-json\/wp\/v2\/product_tag?post=46180"}],"curies":[{"name":"wp","href":"https:\/\/api.w.org\/{rel}","templated":true}]}}

GUIA DIDÀCTICA (PER A SECUNDÀRIA): PREHISTÒRIA VAL

<p>Des de la perspectiva de l’ actual província d’Alacant, i complementant a les sales del museu del mateix nom, aquesta guia se’ns presenta com un suport perfecte per a el alumnat de l’ ESO. Ofereix explicacions de gran valor divulgatiu, proposant a de més una serie de activitat per a incentivar el aprenentatge actiu. Sintetitzant la guia, es centra sobretot en les diferents societats prehistòriques, des de els caçadors i recol·lectors a l’arribada de societats històriques (com es el cas dels fenicis). </p>
