{"id":45818,"date":"2025-05-16T06:32:24","date_gmt":"2025-05-16T06:32:24","guid":{"rendered":"https:\/\/marqalicante-admin.qwair.com\/producto\/el-museo-arqueologico-provincial-de-alicante-como-herramienta-de-reivindicacion-politica-en-los-festejos-populares-de-tradicion-local-las-hogueras-de-san-juan-1928-1944\/"},"modified":"2025-06-04T16:24:43","modified_gmt":"2025-06-04T16:24:43","slug":"el-museo-arqueologico-provincial-de-alicante-como-herramienta-de-reivindicacion-politica-en-los-festejos-populares-de-tradicion-local-las-hogueras-de-san-juan-1928-1944","status":"publish","type":"product","link":"https:\/\/marqalicante-admin.qwair.com\/es\/producto\/el-museo-arqueologico-provincial-de-alicante-como-herramienta-de-reivindicacion-politica-en-los-festejos-populares-de-tradicion-local-las-hogueras-de-san-juan-1928-1944\/","title":{"rendered":"El Museo Arqueol\u00f3gico Provincial de Alicante como herramienta de reivindicaci\u00f3n pol\u00edtica en los festejos populares de tradici\u00f3n local: las Hogueras de San Juan (1928-1944)"},"content":{"rendered":"    \n    <div class=\"documento-item\">\n                    <h2 class=\"documento-title\">El Museo Arqueol\u00f3gico Provincial de Alicante como herramienta de reivindicaci\u00f3n pol\u00edtica en los festejos populares de tradici\u00f3n local: las Hogueras de San Juan (1928-1944)<\/h2>\n        \n                    <p class=\"documento-subtitle\">Santiago Olcina Lagos<\/p>\n        \n                    <a href=\"https:\/\/marqalicante.com\/contenido\/particulos\/pub_228.pdf\" class=\"documento-btn\" target=\"_blank\" rel=\"noopener\">\n                <i class=\"fas fa-file-pdf\"><\/i> Descargar PDF\n            <\/a>\n            <\/div>\n\n    \n","protected":false},"excerpt":{"rendered":"<p>La celebraci&oacute;n de las primeras Fogueres de Sant Joan a finales de junio de 1928 permiti&oacute; que diferentes artistas e instituciones&nbsp;culturales de la ciudad de Alicante pudieran reivindicar&#44; a trav&eacute;s de la exhibici&oacute;n de estos monumentos ef&iacute;meros y en tono sat&iacute;rico&#44;&nbsp;diferentes problem&aacute;ticas que afectaban al progreso de la sociedad alicantina&#44; entre los que se encontraba la creaci&oacute;n y el mantenimiento&nbsp;del Museo Provincial de Alicante (posterior Museo Arqueol&oacute;gico Provincial de Alicante). En el presente art&iacute;culo damos&nbsp;a conocer&#44; desde un punto de vista&nbsp;historiogr&aacute;fico&#44; el relato de dos de los monumentos que reivindicaron aquellas cuestiones&nbsp;entre 1928 y 1944: &ldquo;El T&iacute;o Cuc y el Cuquet en globo&rdquo; en la plaza del Teatro Principal y &ldquo;El Museo Provincial o lo que le hace falta a&nbsp;Alicante&rdquo; en el distrito de Calvo Sotelo.<\/p>\n","protected":false},"featured_media":45873,"template":"","meta":{"kia_subtitle":""},"product_brand":[],"product_cat":[2913],"product_tag":[],"class_list":{"0":"post-45818","1":"product","2":"type-product","3":"status-publish","4":"has-post-thumbnail","6":"product_cat-articulos","8":"first","9":"instock","10":"virtual","11":"product-type-simple"},"meta_box":{"ia_expediente":"","ia_ano":"","ia_fechas_de_actuacion":"","ia_municipios_comarcas":"","ia_directores":"","ia_periodos_culturales":"","ia_tipos_de_intervencion":"","ia_equipo_tecnico":"","ia_autores":"","ia_promotores":"","ia_deposito_de_materiales":"","ia_coordenadas_utm":""},"_links":{"self":[{"href":"https:\/\/marqalicante-admin.qwair.com\/es\/wp-json\/wp\/v2\/product\/45818","targetHints":{"allow":["GET"]}}],"collection":[{"href":"https:\/\/marqalicante-admin.qwair.com\/es\/wp-json\/wp\/v2\/product"}],"about":[{"href":"https:\/\/marqalicante-admin.qwair.com\/es\/wp-json\/wp\/v2\/types\/product"}],"wp:featuredmedia":[{"embeddable":true,"href":"https:\/\/marqalicante-admin.qwair.com\/es\/wp-json\/wp\/v2\/media\/45873"}],"wp:attachment":[{"href":"https:\/\/marqalicante-admin.qwair.com\/es\/wp-json\/wp\/v2\/media?parent=45818"}],"wp:term":[{"taxonomy":"product_brand","embeddable":true,"href":"https:\/\/marqalicante-admin.qwair.com\/es\/wp-json\/wp\/v2\/product_brand?post=45818"},{"taxonomy":"product_cat","embeddable":true,"href":"https:\/\/marqalicante-admin.qwair.com\/es\/wp-json\/wp\/v2\/product_cat?post=45818"},{"taxonomy":"product_tag","embeddable":true,"href":"https:\/\/marqalicante-admin.qwair.com\/es\/wp-json\/wp\/v2\/product_tag?post=45818"}],"curies":[{"name":"wp","href":"https:\/\/api.w.org\/{rel}","templated":true}]}}

El Museo Arqueológico Provincial de Alicante como herramienta de reivindicación política en los festejos populares de tradición local: las Hogueras de San Juan (1928-1944)

<div class="documento-item">
                    <h2 class="documento-title">El Museo Arqueológico Provincial de Alicante como herramienta de reivindicación política en los festejos populares de tradición local: las Hogueras de San Juan (1928-1944)</h2>
        
                    <p class="documento-subtitle">Santiago Olcina Lagos</p>
        
                    <a href="https://marqalicante.com/contenido/particulos/pub_228.pdf" class="documento-btn" target="_blank" rel="noopener">
                <i class="fas fa-file-pdf"></i> Descargar PDF
            </a>
            </div>
