{"id":45718,"date":"2025-05-16T06:31:50","date_gmt":"2025-05-16T06:31:50","guid":{"rendered":"https:\/\/marqalicante-admin.qwair.com\/producto\/la-arqueologia-de-la-prehistoria-alicantina-en-la-primera-decada-del-siglo-xxi\/"},"modified":"2025-06-04T16:24:23","modified_gmt":"2025-06-04T16:24:23","slug":"la-arqueologia-de-la-prehistoria-alicantina-en-la-primera-decada-del-siglo-xxi","status":"publish","type":"product","link":"https:\/\/marqalicante-admin.qwair.com\/es\/producto\/la-arqueologia-de-la-prehistoria-alicantina-en-la-primera-decada-del-siglo-xxi\/","title":{"rendered":"LA ARQUEOLOG\u00cdA DE LA PREHISTORIA ALICANTINA EN LA PRIMERA D\u00c9CADA DEL SIGLO XXI"},"content":{"rendered":"    \n    <div class=\"documento-item\">\n                    <h2 class=\"documento-title\">LA ARQUEOLOG\u00cdA DE LA PREHISTORIA ALICANTINA EN LA PRIMERA D\u00c9CADA DEL SIGLO XXI<\/h2>\n        \n                    <p class=\"documento-subtitle\">Jorge A. Soler D\u00edaz, Juan A. L\u00f3pez Padilla y Rafael Mart\u00ednez Valle<\/p>\n        \n                    <a href=\"https:\/\/marqalicante.com\/contenido\/particulos\/pub_128.pdf\" class=\"documento-btn\" target=\"_blank\" rel=\"noopener\">\n                <i class=\"fas fa-file-pdf\"><\/i> Descargar PDF\n            <\/a>\n            <\/div>\n\n    \n","protected":false},"excerpt":{"rendered":"<p>En la primera d&eacute;cada del s. XXI la investigaci&oacute;n de la Prehistoria<br \/>en Alicante ha alcanzado metas sobresalientes. Gran<br \/>parte de ello se debe a la implicaci&oacute;n de distintas instituciones<br \/>como las universidades de Alicante&#44; Valencia y La Laguna<br \/>y los museos arqueol&oacute;gicos como el municipal de Alcoy<br \/>y el Provincial de Alicante&#44; como instituci&oacute;n que a partir de<br \/>1991 refuerza la investigaci&oacute;n de esa etapa con la creaci&oacute;n&#44;<br \/>gracias al entonces director Enrique Llobregat&#44; de una plaza<br \/>especializada dentro del cuerpo de conservadores del museo<br \/>y emprende programas multidisciplinares de investigaci&oacute;n.<br \/>A partir de 2000 un renovado MARQ ha demostrado su firme<br \/>compromiso con la investigaci&oacute;n&#44; conservaci&oacute;n y difusi&oacute;n de<br \/>la Prehistoria de nuestra provincia.<\/p>\n","protected":false},"featured_media":45873,"template":"","meta":{"kia_subtitle":""},"product_brand":[],"product_cat":[2913],"product_tag":[],"class_list":{"0":"post-45718","1":"product","2":"type-product","3":"status-publish","4":"has-post-thumbnail","6":"product_cat-articulos","8":"first","9":"instock","10":"virtual","11":"product-type-simple"},"meta_box":{"ia_expediente":"","ia_ano":"","ia_fechas_de_actuacion":"","ia_municipios_comarcas":"","ia_directores":"","ia_periodos_culturales":"","ia_tipos_de_intervencion":"","ia_equipo_tecnico":"","ia_autores":"","ia_promotores":"","ia_deposito_de_materiales":"","ia_coordenadas_utm":""},"_links":{"self":[{"href":"https:\/\/marqalicante-admin.qwair.com\/es\/wp-json\/wp\/v2\/product\/45718","targetHints":{"allow":["GET"]}}],"collection":[{"href":"https:\/\/marqalicante-admin.qwair.com\/es\/wp-json\/wp\/v2\/product"}],"about":[{"href":"https:\/\/marqalicante-admin.qwair.com\/es\/wp-json\/wp\/v2\/types\/product"}],"wp:featuredmedia":[{"embeddable":true,"href":"https:\/\/marqalicante-admin.qwair.com\/es\/wp-json\/wp\/v2\/media\/45873"}],"wp:attachment":[{"href":"https:\/\/marqalicante-admin.qwair.com\/es\/wp-json\/wp\/v2\/media?parent=45718"}],"wp:term":[{"taxonomy":"product_brand","embeddable":true,"href":"https:\/\/marqalicante-admin.qwair.com\/es\/wp-json\/wp\/v2\/product_brand?post=45718"},{"taxonomy":"product_cat","embeddable":true,"href":"https:\/\/marqalicante-admin.qwair.com\/es\/wp-json\/wp\/v2\/product_cat?post=45718"},{"taxonomy":"product_tag","embeddable":true,"href":"https:\/\/marqalicante-admin.qwair.com\/es\/wp-json\/wp\/v2\/product_tag?post=45718"}],"curies":[{"name":"wp","href":"https:\/\/api.w.org\/{rel}","templated":true}]}}

LA ARQUEOLOGÍA DE LA PREHISTORIA ALICANTINA EN LA PRIMERA DÉCADA DEL SIGLO XXI

<div class="documento-item">
                    <h2 class="documento-title">LA ARQUEOLOGÍA DE LA PREHISTORIA ALICANTINA EN LA PRIMERA DÉCADA DEL SIGLO XXI</h2>
        
                    <p class="documento-subtitle">Jorge A. Soler Díaz, Juan A. López Padilla y Rafael Martínez Valle</p>
        
                    <a href="https://marqalicante.com/contenido/particulos/pub_128.pdf" class="documento-btn" target="_blank" rel="noopener">
                <i class="fas fa-file-pdf"></i> Descargar PDF
            </a>
            </div>
