{"id":45712,"date":"2025-05-16T06:31:48","date_gmt":"2025-05-16T06:31:48","guid":{"rendered":"https:\/\/marqalicante-admin.qwair.com\/producto\/arqueologia-y-administracion-autonomica-en-la-comunidad-valenciana-2002-2012-alicante\/"},"modified":"2025-06-04T16:24:22","modified_gmt":"2025-06-04T16:24:22","slug":"arqueologia-y-administracion-autonomica-en-la-comunidad-valenciana-2002-2012-alicante","status":"publish","type":"product","link":"https:\/\/marqalicante-admin.qwair.com\/es\/producto\/arqueologia-y-administracion-autonomica-en-la-comunidad-valenciana-2002-2012-alicante\/","title":{"rendered":"ARQUEOLOG\u00cdA Y ADMINISTRACI\u00d3N AUTON\u00d3MICA EN LA COMUNIDAD VALENCIANA (2002-2012): ALICANTE"},"content":{"rendered":"    \n    <div class=\"documento-item\">\n                    <h2 class=\"documento-title\">ARQUEOLOG\u00cdA Y ADMINISTRACI\u00d3N AUTON\u00d3MICA EN LA COMUNIDAD VALENCIANA (2002-2012): ALICANTE<\/h2>\n        \n                    <p class=\"documento-subtitle\">Consuelo Matamoros de Villa y Jos\u00e9 Luis Sim\u00f3n Garc\u00eda<\/p>\n        \n                    <a href=\"https:\/\/marqalicante.com\/contenido\/particulos\/pub_122.pdf\" class=\"documento-btn\" target=\"_blank\" rel=\"noopener\">\n                <i class=\"fas fa-file-pdf\"><\/i> Descargar PDF\n            <\/a>\n            <\/div>\n\n    \n","protected":false},"excerpt":{"rendered":"<p>La gesti&oacute;n y tutela del patrimonio arqueol&oacute;gico&#44; es una competencia<br \/>atribuida a la Direcci&oacute;n General de Cultura de la<br \/>Generalitat Valenciana&#44; que tiene su punto de arranque en<br \/>el conocimiento de los restos arqueol&oacute;gicos&#44; que el devenir<br \/>del tiempo ha permitido que llegue a nuestros d&iacute;as.<\/p>\n","protected":false},"featured_media":45873,"template":"","meta":{"kia_subtitle":""},"product_brand":[],"product_cat":[2913],"product_tag":[],"class_list":{"0":"post-45712","1":"product","2":"type-product","3":"status-publish","4":"has-post-thumbnail","6":"product_cat-articulos","8":"first","9":"instock","10":"virtual","11":"product-type-simple"},"meta_box":{"ia_expediente":"","ia_ano":"","ia_fechas_de_actuacion":"","ia_municipios_comarcas":"","ia_directores":"","ia_periodos_culturales":"","ia_tipos_de_intervencion":"","ia_equipo_tecnico":"","ia_autores":"","ia_promotores":"","ia_deposito_de_materiales":"","ia_coordenadas_utm":""},"_links":{"self":[{"href":"https:\/\/marqalicante-admin.qwair.com\/es\/wp-json\/wp\/v2\/product\/45712","targetHints":{"allow":["GET"]}}],"collection":[{"href":"https:\/\/marqalicante-admin.qwair.com\/es\/wp-json\/wp\/v2\/product"}],"about":[{"href":"https:\/\/marqalicante-admin.qwair.com\/es\/wp-json\/wp\/v2\/types\/product"}],"wp:featuredmedia":[{"embeddable":true,"href":"https:\/\/marqalicante-admin.qwair.com\/es\/wp-json\/wp\/v2\/media\/45873"}],"wp:attachment":[{"href":"https:\/\/marqalicante-admin.qwair.com\/es\/wp-json\/wp\/v2\/media?parent=45712"}],"wp:term":[{"taxonomy":"product_brand","embeddable":true,"href":"https:\/\/marqalicante-admin.qwair.com\/es\/wp-json\/wp\/v2\/product_brand?post=45712"},{"taxonomy":"product_cat","embeddable":true,"href":"https:\/\/marqalicante-admin.qwair.com\/es\/wp-json\/wp\/v2\/product_cat?post=45712"},{"taxonomy":"product_tag","embeddable":true,"href":"https:\/\/marqalicante-admin.qwair.com\/es\/wp-json\/wp\/v2\/product_tag?post=45712"}],"curies":[{"name":"wp","href":"https:\/\/api.w.org\/{rel}","templated":true}]}}

ARQUEOLOGÍA Y ADMINISTRACIÓN AUTONÓMICA EN LA COMUNIDAD VALENCIANA (2002-2012): ALICANTE

<div class="documento-item">
                    <h2 class="documento-title">ARQUEOLOGÍA Y ADMINISTRACIÓN AUTONÓMICA EN LA COMUNIDAD VALENCIANA (2002-2012): ALICANTE</h2>
        
                    <p class="documento-subtitle">Consuelo Matamoros de Villa y José Luis Simón García</p>
        
                    <a href="https://marqalicante.com/contenido/particulos/pub_122.pdf" class="documento-btn" target="_blank" rel="noopener">
                <i class="fas fa-file-pdf"></i> Descargar PDF
            </a>
            </div>
