{"id":45617,"date":"2025-05-16T06:31:22","date_gmt":"2025-05-16T06:31:22","guid":{"rendered":"https:\/\/marqalicante-admin.qwair.com\/producto\/recursos-infograficos-sobre-lucentum-y-la-illeta-dels-banyets-en-el-marq-y-en-internet\/"},"modified":"2025-06-04T16:24:06","modified_gmt":"2025-06-04T16:24:06","slug":"recursos-infograficos-sobre-lucentum-y-la-illeta-dels-banyets-en-el-marq-y-en-internet","status":"publish","type":"product","link":"https:\/\/marqalicante-admin.qwair.com\/es\/producto\/recursos-infograficos-sobre-lucentum-y-la-illeta-dels-banyets-en-el-marq-y-en-internet\/","title":{"rendered":"Recursos infogr\u00e1ficos sobre Lucentum y la Illeta Dels Banyets en el MARQ y en internet"},"content":{"rendered":"    \n    <div class=\"documento-item\">\n                    <h2 class=\"documento-title\">Recursos infogr\u00e1ficos sobre Lucentum y la Illeta Dels Banyets en el MARQ y en internet<\/h2>\n        \n                    <p class=\"documento-subtitle\">Manuel Olcina Dom\u00e9nech, Jorge Molina Lamothe, Rafael P\u00e9rez Jim\u00e9nez<\/p>\n        \n                    <a href=\"https:\/\/marqalicante.com\/contenido\/particulos\/pub_14.pdf\" class=\"documento-btn\" target=\"_blank\" rel=\"noopener\">\n                <i class=\"fas fa-file-pdf\"><\/i> Descargar PDF\n            <\/a>\n            <\/div>\n\n    \n","protected":false},"excerpt":{"rendered":"<p>En este trabajo se describen dos experiencias de reconstrucci&oacute;n por medios inform&aacute;ticos de distintas edificaciones y paisajes de la ciudad romana de Lucentum (Alicante) y el asentamiento de la Illeta dels Banyets (El Campello). Se han realizado como materiales did&aacute;cticos de gran calidad basados en el resultado de las recientes investigaciones que se vienen realizando en ambos yacimientos. El uso de herramientas de dise&ntilde;o gr&aacute;fico de gran potencia que pueden construir una realidad &ldquo;virtual&rdquo; de la apariencia que pudieron tener los escenarios urbanos y rurales en una de las salas del MARQ y en Internet pone a disposici&oacute;n de muchos miles de visitantes&#44; y en cualquier parte del mundo&#44; ventanas a trav&eacute;s de las que observar las particularidades de una regi&oacute;n del Imperio Romano y conocer una parte muy importante de la riqueza patrimonial y arqueol&oacute;gica de la provincia de Alicante.<\/p>\n","protected":false},"featured_media":45873,"template":"","meta":{"kia_subtitle":""},"product_brand":[],"product_cat":[2913],"product_tag":[],"class_list":{"0":"post-45617","1":"product","2":"type-product","3":"status-publish","4":"has-post-thumbnail","6":"product_cat-articulos","8":"first","9":"instock","10":"virtual","11":"product-type-simple"},"meta_box":{"ia_expediente":"","ia_ano":"","ia_fechas_de_actuacion":"","ia_municipios_comarcas":"","ia_directores":"","ia_periodos_culturales":"","ia_tipos_de_intervencion":"","ia_equipo_tecnico":"","ia_autores":"","ia_promotores":"","ia_deposito_de_materiales":"","ia_coordenadas_utm":""},"_links":{"self":[{"href":"https:\/\/marqalicante-admin.qwair.com\/es\/wp-json\/wp\/v2\/product\/45617","targetHints":{"allow":["GET"]}}],"collection":[{"href":"https:\/\/marqalicante-admin.qwair.com\/es\/wp-json\/wp\/v2\/product"}],"about":[{"href":"https:\/\/marqalicante-admin.qwair.com\/es\/wp-json\/wp\/v2\/types\/product"}],"wp:featuredmedia":[{"embeddable":true,"href":"https:\/\/marqalicante-admin.qwair.com\/es\/wp-json\/wp\/v2\/media\/45873"}],"wp:attachment":[{"href":"https:\/\/marqalicante-admin.qwair.com\/es\/wp-json\/wp\/v2\/media?parent=45617"}],"wp:term":[{"taxonomy":"product_brand","embeddable":true,"href":"https:\/\/marqalicante-admin.qwair.com\/es\/wp-json\/wp\/v2\/product_brand?post=45617"},{"taxonomy":"product_cat","embeddable":true,"href":"https:\/\/marqalicante-admin.qwair.com\/es\/wp-json\/wp\/v2\/product_cat?post=45617"},{"taxonomy":"product_tag","embeddable":true,"href":"https:\/\/marqalicante-admin.qwair.com\/es\/wp-json\/wp\/v2\/product_tag?post=45617"}],"curies":[{"name":"wp","href":"https:\/\/api.w.org\/{rel}","templated":true}]}}

Recursos infográficos sobre Lucentum y la Illeta Dels Banyets en el MARQ y en internet

<div class="documento-item">
                    <h2 class="documento-title">Recursos infográficos sobre Lucentum y la Illeta Dels Banyets en el MARQ y en internet</h2>
        
                    <p class="documento-subtitle">Manuel Olcina Doménech, Jorge Molina Lamothe, Rafael Pérez Jiménez</p>
        
                    <a href="https://marqalicante.com/contenido/particulos/pub_14.pdf" class="documento-btn" target="_blank" rel="noopener">
                <i class="fas fa-file-pdf"></i> Descargar PDF
            </a>
            </div>
