{"id":45432,"date":"2025-04-04T06:25:49","date_gmt":"2025-04-04T06:25:49","guid":{"rendered":"https:\/\/marqalicante-admin.qwair.com\/producto\/penon-de-la-zorra\/"},"modified":"2025-04-07T08:07:04","modified_gmt":"2025-04-07T08:07:04","slug":"penon-de-la-zorra","status":"publish","type":"product","link":"https:\/\/marqalicante-admin.qwair.com\/es\/producto\/penon-de-la-zorra\/","title":{"rendered":"Pe\u00f1\u00f3n de la Zorra"},"content":{"rendered":"","protected":false},"excerpt":{"rendered":"<p><b>Expediente: <\/b><\/p>\n<p>2011\/0243-A<\/p>\n<p><b>A\u00f1o: <\/b><\/p>\n<p>2011<\/p>\n<p><b>Fechas de actuaci\u00f3n: <\/b><\/p>\n<p>11-07-2011 a 31-07-2011<\/p>\n<p><b>Municipios (Comarcas): <\/b><\/p>\n<p>VILLENA<\/p>\n<p><b>Directores :<\/b><\/p>\n<p>Garc\u00eda Ati\u00e9nzar&#44; Gabriel<\/p>\n<p><b>Periodos culturales: <\/b><\/p>\n<p>Calcol\u00edtico&#44; Edad del Bronce<\/p>\n<p><b>Tipos de intervenci\u00f3n :<\/b><\/p>\n<p>Excavaci\u00f3n arqueol\u00f3gica<\/p>\n<p><b>Equipo T\u00e9cnico: <\/b><\/p>\n<p>Francisco Javier Jover Maestre&#44; Juan Antonio L\u00f3pez Padilla&#44; Carmen Tormo Cu\u00f1at&#44; Guillem P\u00e9rez Jord\u00e0 e Ignasi Segura Mart\u00ednez\n<\/p>\n<p><b>Autores :<\/b><\/p>\n<p>Gabriel Garc\u00eda Ati\u00e9nzar<\/p>\n<p><b>Promotores: <\/b><\/p>\n<p>Universidad de Alicante<\/p>\n<p><b>Dep\u00f3sito de materiales: <\/b><\/p>\n<p>Museo Arqueol\u00f3gico Municipal Jos\u00e9 Mar\u00eda Soler de Villena<\/p>\n<p><b>Coordenadas UTM: <\/b><\/p>\n<p>X 685980 \u2013 Y 4283375<\/p>\n<p><b>Documento PDF: <\/b><\/p>\n    \n    <div class=\"documento-item\">\n                    <h2 class=\"documento-title\">Descargar aqu\u00ed<\/h2>\n        \n        \n                    <a href=\"https:\/\/marqalicante.com\/contenido\/int_arqueologicas\/doc_199.pdf\" class=\"documento-btn\">\n                <i class=\"fas fa-file-pdf\"><\/i> Descargar PDF\n            <\/a>\n            <\/div>\n\n    \n","protected":false},"featured_media":45501,"template":"","meta":{"kia_subtitle":""},"product_brand":[],"product_cat":[2620],"product_tag":[],"class_list":{"0":"post-45432","1":"product","2":"type-product","3":"status-publish","4":"has-post-thumbnail","6":"product_cat-intervenciones-arqueologicas","8":"first","9":"instock","10":"virtual","11":"product-type-simple"},"meta_box":{"ia_expediente":"","ia_ano":"","ia_fechas_de_actuacion":"","ia_municipios_comarcas":"","ia_directores":"","ia_periodos_culturales":"","ia_tipos_de_intervencion":"","ia_equipo_tecnico":"","ia_autores":"","ia_promotores":"","ia_deposito_de_materiales":"","ia_coordenadas_utm":""},"_links":{"self":[{"href":"https:\/\/marqalicante-admin.qwair.com\/es\/wp-json\/wp\/v2\/product\/45432","targetHints":{"allow":["GET"]}}],"collection":[{"href":"https:\/\/marqalicante-admin.qwair.com\/es\/wp-json\/wp\/v2\/product"}],"about":[{"href":"https:\/\/marqalicante-admin.qwair.com\/es\/wp-json\/wp\/v2\/types\/product"}],"wp:featuredmedia":[{"embeddable":true,"href":"https:\/\/marqalicante-admin.qwair.com\/es\/wp-json\/wp\/v2\/media\/45501"}],"wp:attachment":[{"href":"https:\/\/marqalicante-admin.qwair.com\/es\/wp-json\/wp\/v2\/media?parent=45432"}],"wp:term":[{"taxonomy":"product_brand","embeddable":true,"href":"https:\/\/marqalicante-admin.qwair.com\/es\/wp-json\/wp\/v2\/product_brand?post=45432"},{"taxonomy":"product_cat","embeddable":true,"href":"https:\/\/marqalicante-admin.qwair.com\/es\/wp-json\/wp\/v2\/product_cat?post=45432"},{"taxonomy":"product_tag","embeddable":true,"href":"https:\/\/marqalicante-admin.qwair.com\/es\/wp-json\/wp\/v2\/product_tag?post=45432"}],"curies":[{"name":"wp","href":"https:\/\/api.w.org\/{rel}","templated":true}]}}

Peñón de la Zorra

<p><b>Expediente: </b></p>
<p>2011/0243-A</p>
<p><b>Año: </b></p>
<p>2011</p>
<p><b>Fechas de actuación: </b></p>
<p>11-07-2011 a 31-07-2011</p>
<p><b>Municipios (Comarcas): </b></p>
<p>VILLENA</p>
<p><b>Directores :</b></p>
<p>García Atiénzar&#44; Gabriel</p>
<p><b>Periodos culturales: </b></p>
<p>Calcolítico&#44; Edad del Bronce</p>
<p><b>Tipos de intervención :</b></p>
<p>Excavación arqueológica</p>
<p><b>Equipo Técnico: </b></p>
<p>Francisco Javier Jover Maestre&#44; Juan Antonio López Padilla&#44; Carmen Tormo Cuñat&#44; Guillem Pérez Jordà e Ignasi Segura Martínez
</p>
<p><b>Autores :</b></p>
<p>Gabriel García Atiénzar</p>
<p><b>Promotores: </b></p>
<p>Universidad de Alicante</p>
<p><b>Depósito de materiales: </b></p>
<p>Museo Arqueológico Municipal José María Soler de Villena</p>
<p><b>Coordenadas UTM: </b></p>
<p>X 685980 – Y 4283375</p>
<p><b>Documento PDF: </b></p>
    
    <div class="documento-item">
                    <h2 class="documento-title">Descargar aquí</h2>
        
        
                    <a href="https://marqalicante.com/contenido/int_arqueologicas/doc_199.pdf" class="documento-btn">
                <i class="fas fa-file-pdf"></i> Descargar PDF
            </a>
            </div>
