{"id":45353,"date":"2025-04-04T06:25:07","date_gmt":"2025-04-04T06:25:07","guid":{"rendered":"https:\/\/marqalicante-admin.qwair.com\/producto\/aparcamiento-de-vehiculos-y-acopio-de-materiales-futuro-dic-partida-la-puentecilla-poligono-16-parcela-122\/"},"modified":"2025-04-07T08:06:40","modified_gmt":"2025-04-07T08:06:40","slug":"aparcamiento-de-vehiculos-y-acopio-de-materiales-futuro-dic-partida-la-puentecilla-poligono-16-parcela-122","status":"publish","type":"product","link":"https:\/\/marqalicante-admin.qwair.com\/es\/producto\/aparcamiento-de-vehiculos-y-acopio-de-materiales-futuro-dic-partida-la-puentecilla-poligono-16-parcela-122\/","title":{"rendered":"Aparcamiento de veh\u00edculos y acopio de materiales&#44; futuro DIC. Partida La Puentecilla&#44; pol\u00edgono 16&#44; parcela 122"},"content":{"rendered":"","protected":false},"excerpt":{"rendered":"<p><b>Expediente: <\/b><\/p>\n<p>2010\/0641-A<\/p>\n<p><b>A\u00f1o: <\/b><\/p>\n<p>2010<\/p>\n<p><b>Fechas de actuaci\u00f3n: <\/b><\/p>\n<p>14-08-2010 a 16-08-2010<\/p>\n<p><b>Municipios (Comarcas): <\/b><\/p>\n<p>VILLENA<\/p>\n<p><b>Directores :<\/b><\/p>\n<p>Boronat Soler&#44; Juan de Dios&#44; Esquembre Bebia&#44; Marco Aurelio<\/p>\n<p><b>Periodos culturales: <\/b><\/p>\n<p>Negativo<\/p>\n<p><b>Tipos de intervenci\u00f3n :<\/b><\/p>\n<p>Prospecci\u00f3n arqueol\u00f3gica y etnol\u00f3gica<\/p>\n<p><b>Equipo T\u00e9cnico: <\/b><\/p>\n<p>Javier Fern\u00e1ndez L\u00f3pez de Pablo y Samuel Serrano Salar\n<\/p>\n<p><b>Autores :<\/b><\/p>\n<p>Inmaculada Reina G\u00f3mez (ARPA Patrimonio&#44; S.L.)<\/p>\n<p><b>Promotores: <\/b><\/p>\n<p>LAS TIESAS&#44; S.L.<\/p>\n<p><b>Dep\u00f3sito de materiales: <\/b><\/p>\n<p>No se recuper\u00f3 material arqueol\u00f3gico<\/p>\n<p><b>Coordenadas UTM: <\/b><\/p>\n<p>X 684019 \u2013 Y 4281385<\/p>\n<p><b>Documento PDF: <\/b><\/p>\n    \n    <div class=\"documento-item\">\n                    <h2 class=\"documento-title\">Descargar aqu\u00ed<\/h2>\n        \n        \n                    <a href=\"https:\/\/marqalicante.com\/contenido\/int_arqueologicas\/doc_119.pdf\" class=\"documento-btn\">\n                <i class=\"fas fa-file-pdf\"><\/i> Descargar PDF\n            <\/a>\n            <\/div>\n\n    \n","protected":false},"featured_media":45501,"template":"","meta":{"kia_subtitle":""},"product_brand":[],"product_cat":[2620],"product_tag":[],"class_list":{"0":"post-45353","1":"product","2":"type-product","3":"status-publish","4":"has-post-thumbnail","6":"product_cat-intervenciones-arqueologicas","8":"first","9":"instock","10":"virtual","11":"product-type-simple"},"meta_box":{"ia_expediente":"","ia_ano":"","ia_fechas_de_actuacion":"","ia_municipios_comarcas":"","ia_directores":"","ia_periodos_culturales":"","ia_tipos_de_intervencion":"","ia_equipo_tecnico":"","ia_autores":"","ia_promotores":"","ia_deposito_de_materiales":"","ia_coordenadas_utm":""},"_links":{"self":[{"href":"https:\/\/marqalicante-admin.qwair.com\/es\/wp-json\/wp\/v2\/product\/45353","targetHints":{"allow":["GET"]}}],"collection":[{"href":"https:\/\/marqalicante-admin.qwair.com\/es\/wp-json\/wp\/v2\/product"}],"about":[{"href":"https:\/\/marqalicante-admin.qwair.com\/es\/wp-json\/wp\/v2\/types\/product"}],"wp:featuredmedia":[{"embeddable":true,"href":"https:\/\/marqalicante-admin.qwair.com\/es\/wp-json\/wp\/v2\/media\/45501"}],"wp:attachment":[{"href":"https:\/\/marqalicante-admin.qwair.com\/es\/wp-json\/wp\/v2\/media?parent=45353"}],"wp:term":[{"taxonomy":"product_brand","embeddable":true,"href":"https:\/\/marqalicante-admin.qwair.com\/es\/wp-json\/wp\/v2\/product_brand?post=45353"},{"taxonomy":"product_cat","embeddable":true,"href":"https:\/\/marqalicante-admin.qwair.com\/es\/wp-json\/wp\/v2\/product_cat?post=45353"},{"taxonomy":"product_tag","embeddable":true,"href":"https:\/\/marqalicante-admin.qwair.com\/es\/wp-json\/wp\/v2\/product_tag?post=45353"}],"curies":[{"name":"wp","href":"https:\/\/api.w.org\/{rel}","templated":true}]}}

Aparcamiento de vehículos y acopio de materiales&#44; futuro DIC. Partida La Puentecilla&#44; polígono 16&#44; parcela 122

<p><b>Expediente: </b></p>
<p>2010/0641-A</p>
<p><b>Año: </b></p>
<p>2010</p>
<p><b>Fechas de actuación: </b></p>
<p>14-08-2010 a 16-08-2010</p>
<p><b>Municipios (Comarcas): </b></p>
<p>VILLENA</p>
<p><b>Directores :</b></p>
<p>Boronat Soler&#44; Juan de Dios&#44; Esquembre Bebia&#44; Marco Aurelio</p>
<p><b>Periodos culturales: </b></p>
<p>Negativo</p>
<p><b>Tipos de intervención :</b></p>
<p>Prospección arqueológica y etnológica</p>
<p><b>Equipo Técnico: </b></p>
<p>Javier Fernández López de Pablo y Samuel Serrano Salar
</p>
<p><b>Autores :</b></p>
<p>Inmaculada Reina Gómez (ARPA Patrimonio&#44; S.L.)</p>
<p><b>Promotores: </b></p>
<p>LAS TIESAS&#44; S.L.</p>
<p><b>Depósito de materiales: </b></p>
<p>No se recuperó material arqueológico</p>
<p><b>Coordenadas UTM: </b></p>
<p>X 684019 – Y 4281385</p>
<p><b>Documento PDF: </b></p>
    
    <div class="documento-item">
                    <h2 class="documento-title">Descargar aquí</h2>
        
        
                    <a href="https://marqalicante.com/contenido/int_arqueologicas/doc_119.pdf" class="documento-btn">
                <i class="fas fa-file-pdf"></i> Descargar PDF
            </a>
            </div>
