{"id":45296,"date":"2025-04-04T06:24:40","date_gmt":"2025-04-04T06:24:40","guid":{"rendered":"https:\/\/marqalicante-admin.qwair.com\/producto\/linea-subterranea-de-20-kv-ct-c-lluis-vives-c-pio-xii\/"},"modified":"2025-04-07T08:06:22","modified_gmt":"2025-04-07T08:06:22","slug":"linea-subterranea-de-20-kv-ct-c-lluis-vives-c-pio-xii","status":"publish","type":"product","link":"https:\/\/marqalicante-admin.qwair.com\/es\/producto\/linea-subterranea-de-20-kv-ct-c-lluis-vives-c-pio-xii\/","title":{"rendered":"L\u00ednea subterr\u00e1nea de 20 kV&#44; CT C\/ Llu\u00eds Vives \u2013 C\/ P\u00edo XII"},"content":{"rendered":"","protected":false},"excerpt":{"rendered":"<p><b>Expediente: <\/b><\/p>\n<p>2010\/0225-A (SS.TT. A-2010-069)<\/p>\n<p><b>A\u00f1o: <\/b><\/p>\n<p>2010<\/p>\n<p><b>Fechas de actuaci\u00f3n: <\/b><\/p>\n<p>11-05-2010 a 14-05-2010<\/p>\n<p><b>Municipios (Comarcas): <\/b><\/p>\n<p>CREVILLENT<\/p>\n<p><b>Directores :<\/b><\/p>\n<p>Ortega P\u00e9rez&#44; Jos\u00e9 Ram\u00f3n&#44; Reina G\u00f3mez&#44; Inmaculada<\/p>\n<p><b>Periodos culturales: <\/b><\/p>\n<p>Contempor\u00e1neo<\/p>\n<p><b>Tipos de intervenci\u00f3n :<\/b><\/p>\n<p>Seguimiento arqueol\u00f3gico<\/p>\n<p><b>Equipo T\u00e9cnico: <\/b><\/p>\n<p>Samuel Serrano Salar<\/p>\n<p><b>Autores :<\/b><\/p>\n<p>Inmaculada Reina G\u00f3mez (ARPA Patrimonio&#44; S.L.)<\/p>\n<p><b>Promotores: <\/b><\/p>\n<p>Cooperativa El\u00e9ctrica San Francisco de As\u00eds<\/p>\n<p><b>Dep\u00f3sito de materiales: <\/b><\/p>\n<p>No se recuper\u00f3 material arqueol\u00f3gico<\/p>\n<p><b>Coordenadas UTM: <\/b><\/p>\n<p>X 691910 \u2013 Y 4235298<\/p>\n<p><b>Documento PDF: <\/b><\/p>\n    \n    <div class=\"documento-item\">\n                    <h2 class=\"documento-title\">Descargar aqu\u00ed<\/h2>\n        \n        \n                    <a href=\"https:\/\/marqalicante.com\/contenido\/int_arqueologicas\/doc_61.pdf\" class=\"documento-btn\">\n                <i class=\"fas fa-file-pdf\"><\/i> Descargar PDF\n            <\/a>\n            <\/div>\n\n    \n","protected":false},"featured_media":45501,"template":"","meta":{"kia_subtitle":""},"product_brand":[],"product_cat":[2620],"product_tag":[],"class_list":{"0":"post-45296","1":"product","2":"type-product","3":"status-publish","4":"has-post-thumbnail","6":"product_cat-intervenciones-arqueologicas","8":"first","9":"instock","10":"virtual","11":"product-type-simple"},"meta_box":{"ia_expediente":"","ia_ano":"","ia_fechas_de_actuacion":"","ia_municipios_comarcas":"","ia_directores":"","ia_periodos_culturales":"","ia_tipos_de_intervencion":"","ia_equipo_tecnico":"","ia_autores":"","ia_promotores":"","ia_deposito_de_materiales":"","ia_coordenadas_utm":""},"_links":{"self":[{"href":"https:\/\/marqalicante-admin.qwair.com\/es\/wp-json\/wp\/v2\/product\/45296","targetHints":{"allow":["GET"]}}],"collection":[{"href":"https:\/\/marqalicante-admin.qwair.com\/es\/wp-json\/wp\/v2\/product"}],"about":[{"href":"https:\/\/marqalicante-admin.qwair.com\/es\/wp-json\/wp\/v2\/types\/product"}],"wp:featuredmedia":[{"embeddable":true,"href":"https:\/\/marqalicante-admin.qwair.com\/es\/wp-json\/wp\/v2\/media\/45501"}],"wp:attachment":[{"href":"https:\/\/marqalicante-admin.qwair.com\/es\/wp-json\/wp\/v2\/media?parent=45296"}],"wp:term":[{"taxonomy":"product_brand","embeddable":true,"href":"https:\/\/marqalicante-admin.qwair.com\/es\/wp-json\/wp\/v2\/product_brand?post=45296"},{"taxonomy":"product_cat","embeddable":true,"href":"https:\/\/marqalicante-admin.qwair.com\/es\/wp-json\/wp\/v2\/product_cat?post=45296"},{"taxonomy":"product_tag","embeddable":true,"href":"https:\/\/marqalicante-admin.qwair.com\/es\/wp-json\/wp\/v2\/product_tag?post=45296"}],"curies":[{"name":"wp","href":"https:\/\/api.w.org\/{rel}","templated":true}]}}

Línea subterránea de 20 kV&#44; CT C/ Lluís Vives – C/ Pío XII

<p><b>Expediente: </b></p>
<p>2010/0225-A (SS.TT. A-2010-069)</p>
<p><b>Año: </b></p>
<p>2010</p>
<p><b>Fechas de actuación: </b></p>
<p>11-05-2010 a 14-05-2010</p>
<p><b>Municipios (Comarcas): </b></p>
<p>CREVILLENT</p>
<p><b>Directores :</b></p>
<p>Ortega Pérez&#44; José Ramón&#44; Reina Gómez&#44; Inmaculada</p>
<p><b>Periodos culturales: </b></p>
<p>Contemporáneo</p>
<p><b>Tipos de intervención :</b></p>
<p>Seguimiento arqueológico</p>
<p><b>Equipo Técnico: </b></p>
<p>Samuel Serrano Salar</p>
<p><b>Autores :</b></p>
<p>Inmaculada Reina Gómez (ARPA Patrimonio&#44; S.L.)</p>
<p><b>Promotores: </b></p>
<p>Cooperativa Eléctrica San Francisco de Asís</p>
<p><b>Depósito de materiales: </b></p>
<p>No se recuperó material arqueológico</p>
<p><b>Coordenadas UTM: </b></p>
<p>X 691910 – Y 4235298</p>
<p><b>Documento PDF: </b></p>
    
    <div class="documento-item">
                    <h2 class="documento-title">Descargar aquí</h2>
        
        
                    <a href="https://marqalicante.com/contenido/int_arqueologicas/doc_61.pdf" class="documento-btn">
                <i class="fas fa-file-pdf"></i> Descargar PDF
            </a>
            </div>
