{"id":35870,"date":"2025-03-05T18:24:39","date_gmt":"2025-03-05T18:24:39","guid":{"rendered":"https:\/\/marqalicante-admin.qwair.com\/item\/medalla-conmemorativa-de-la-inauguracion-de-la-via-de-ferrocarril-barcelona-mataro-ano-1848\/"},"modified":"2025-03-05T18:27:46","modified_gmt":"2025-03-05T18:27:46","slug":"medalla-conmemorativa-de-la-inauguracion-de-la-via-de-ferrocarril-barcelona-mataro-ano-1848","status":"publish","type":"product","link":"https:\/\/marqalicante-admin.qwair.com\/es\/producto\/medalla-conmemorativa-de-la-inauguracion-de-la-via-de-ferrocarril-barcelona-mataro-ano-1848\/","title":{"rendered":"<b>Medalla conmemorativa de la inauguraci\u00f3n de la v\u00eda de ferrocarril Barcelona-Matar\u00f3<\/b>   A\u00f1o 1848."},"content":{"rendered":"","protected":false},"excerpt":{"rendered":"<h3>Edad contempor\u00e1nea<\/h3>\n<p><b>Metal:<\/b> Cobre.<br \/><b>Entidad emisora: <\/b> Ayuntamiento de Barcelona.<br \/><b>Ceca:<\/b> Barcelona.<br \/><b>Fecha:<\/b> A\u00f1o 1848.<br \/><b>Anverso:<\/b><br \/> Acto de la bendici\u00f3n del tren y del primer tramo de la l\u00ednea&#44; con locomotora en primer t\u00e9rmino&#44; altar y obispos de Barcelona y Puerto Rico a la izquierda de un segundo plano y capit\u00e1n general&#44; gobernador civil y alcaldes y otras autoridades civiles y militares&#44; a la derecha. Leyenda: NIHIL IPSA VELOCIUS \/ YNAUGURATA DIE XXVIII OCTOBRIS ANNI MDCCCXLVIII. Marca de dise\u00f1ador: LORENZALE D. Marca de grabador: JUBANY D.<br \/><b>Reverso:<\/b><br \/> Leyenda en ocho l\u00edneas: OPTIMAE SOCIETATI \/ QUAE PRIMA IN HISPANIA \/ VIAM FERREAM AD YLLURUM USQUE DUCENTEM \/ SUMMO LABORE VIGILIIS SUMPTIBUSQUE \/ CONSTRUERE FECIT \/ BARCINONENSIS SENATUS \/ HOC CIVIUM LAUDIS ET GRATI ANIMI PIGNVS \/ D O C.<br \/><b>Peso:<\/b> 74.55 g &#8211; <b>Di\u00e1metro:<\/b> 54 mm &#8211; <b>Ejes:<\/b> 12 h.<br \/><b>Descrita en:<\/b> Borr\u00e0s Costa&#44; R.&#44; 1984: \u201cMedalles commemoratives del Carril de Matar\u00f3\u201d&#44; Acta Numism\u00e1tica&#44; 14&#44; p. 280.<br \/><b>Publicada en:<\/b><br \/>Bayo Fuentes&#44; S.&#44; Ram\u00f3n S\u00e1nchez&#44; J.J.&#44; 2010: \u00abCat\u00e1logo. Colecciones\u00bb&#44; en Ram\u00f3n S\u00e1nchez&#44; J.J. (ed.)&#44; Monedas. Todas las caras de la Historia. Colecciones numism\u00e1ticas del MARQ&#44; Alicante&#44; p. 180.<br \/><b>N\u00famero Inventario Monetario:<\/b> 7948.<br \/>Cesi\u00f3n. Colecci\u00f3n Julio Furg\u00fas<\/p>\n","protected":false},"featured_media":35384,"template":"","meta":{"kia_subtitle":""},"product_brand":[],"product_cat":[2316],"product_tag":[],"class_list":{"0":"post-35870","1":"product","2":"type-product","3":"status-publish","4":"has-post-thumbnail","6":"product_cat-catalogo-numismatico","8":"first","9":"instock","10":"virtual","11":"product-type-simple"},"meta_box":{"ia_expediente":"","ia_ano":"","ia_fechas_de_actuacion":"","ia_municipios_comarcas":"","ia_directores":"","ia_periodos_culturales":"","ia_tipos_de_intervencion":"","ia_equipo_tecnico":"","ia_autores":"","ia_promotores":"","ia_deposito_de_materiales":"","ia_coordenadas_utm":""},"_links":{"self":[{"href":"https:\/\/marqalicante-admin.qwair.com\/es\/wp-json\/wp\/v2\/product\/35870","targetHints":{"allow":["GET"]}}],"collection":[{"href":"https:\/\/marqalicante-admin.qwair.com\/es\/wp-json\/wp\/v2\/product"}],"about":[{"href":"https:\/\/marqalicante-admin.qwair.com\/es\/wp-json\/wp\/v2\/types\/product"}],"wp:featuredmedia":[{"embeddable":true,"href":"https:\/\/marqalicante-admin.qwair.com\/es\/wp-json\/wp\/v2\/media\/35384"}],"wp:attachment":[{"href":"https:\/\/marqalicante-admin.qwair.com\/es\/wp-json\/wp\/v2\/media?parent=35870"}],"wp:term":[{"taxonomy":"product_brand","embeddable":true,"href":"https:\/\/marqalicante-admin.qwair.com\/es\/wp-json\/wp\/v2\/product_brand?post=35870"},{"taxonomy":"product_cat","embeddable":true,"href":"https:\/\/marqalicante-admin.qwair.com\/es\/wp-json\/wp\/v2\/product_cat?post=35870"},{"taxonomy":"product_tag","embeddable":true,"href":"https:\/\/marqalicante-admin.qwair.com\/es\/wp-json\/wp\/v2\/product_tag?post=35870"}],"curies":[{"name":"wp","href":"https:\/\/api.w.org\/{rel}","templated":true}]}}

<b>Medalla conmemorativa de la inauguración de la vía de ferrocarril Barcelona-Mataró</b>   Año 1848.

<h3>Edad contemporánea</h3>
<p><b>Metal:</b> Cobre.<br /><b>Entidad emisora: </b> Ayuntamiento de Barcelona.<br /><b>Ceca:</b> Barcelona.<br /><b>Fecha:</b> Año 1848.<br /><b>Anverso:</b><br /> Acto de la bendición del tren y del primer tramo de la línea&#44; con locomotora en primer término&#44; altar y obispos de Barcelona y Puerto Rico a la izquierda de un segundo plano y capitán general&#44; gobernador civil y alcaldes y otras autoridades civiles y militares&#44; a la derecha. Leyenda: NIHIL IPSA VELOCIUS / YNAUGURATA DIE XXVIII OCTOBRIS ANNI MDCCCXLVIII. Marca de diseñador: LORENZALE D. Marca de grabador: JUBANY D.<br /><b>Reverso:</b><br /> Leyenda en ocho líneas: OPTIMAE SOCIETATI / QUAE PRIMA IN HISPANIA / VIAM FERREAM AD YLLURUM USQUE DUCENTEM / SUMMO LABORE VIGILIIS SUMPTIBUSQUE / CONSTRUERE FECIT / BARCINONENSIS SENATUS / HOC CIVIUM LAUDIS ET GRATI ANIMI PIGNVS / D O C.<br /><b>Peso:</b> 74.55 g &#8211; <b>Diámetro:</b> 54 mm &#8211; <b>Ejes:</b> 12 h.<br /><b>Descrita en:</b> Borràs Costa&#44; R.&#44; 1984: “Medalles commemoratives del Carril de Mataró”&#44; Acta Numismática&#44; 14&#44; p. 280.<br /><b>Publicada en:</b><br />Bayo Fuentes&#44; S.&#44; Ramón Sánchez&#44; J.J.&#44; 2010: «Catálogo. Colecciones»&#44; en Ramón Sánchez&#44; J.J. (ed.)&#44; Monedas. Todas las caras de la Historia. Colecciones numismáticas del MARQ&#44; Alicante&#44; p. 180.<br /><b>Número Inventario Monetario:</b> 7948.<br />Cesión. Colección Julio Furgús</p>
