{"id":35785,"date":"2025-03-05T18:24:10","date_gmt":"2025-03-05T18:24:10","guid":{"rendered":"https:\/\/marqalicante-admin.qwair.com\/item\/sestercio-anos-240-241-d-c\/"},"modified":"2025-03-05T18:27:31","modified_gmt":"2025-03-05T18:27:31","slug":"sestercio-anos-240-241-d-c","status":"publish","type":"product","link":"https:\/\/marqalicante-admin.qwair.com\/es\/producto\/sestercio-anos-240-241-d-c\/","title":{"rendered":"<b>Sestercio<\/b>   A\u00f1os 240-241 d. C."},"content":{"rendered":"","protected":false},"excerpt":{"rendered":"<h3>Imperio romano<\/h3>\n<p><b>Metal:<\/b> Bronce.<br \/><b>Entidad emisora: <\/b> Roma. Gordiano III.<br \/><b>Ceca:<\/b> Roma.<br \/><b>Fecha:<\/b> A\u00f1os 240-241 d. C.<br \/><b>Anverso:<\/b><br \/> Busto laureado y drapeado a derecha. Leyenda: IMP GORDIANVS PIVS FEL AVG.<br \/>\n<br \/><b>Reverso:<\/b><br \/> Securitas sentada a izquierda sosteniendo cetro y apoyando la cabeza en su mano izquierda. Leyenda: SECVRITAS AVG. Exergo: SC.<br \/>\n<br \/><b>Peso:<\/b> 25.34 g &#8211; <b>Di\u00e1metro:<\/b> 32 mm &#8211; <b>Ejes:<\/b> 1 h.<br \/><b>Descrita en:<\/b> RIC IV.3&#44; 311a.<br \/><b>Publicada en:<\/b><br \/>Ram\u00f3n S\u00e1nchez&#44; J.J.&#44; Garc\u00eda Barrachina&#44; A.&#44; Verd\u00fa Parra&#44; E.&#44; Bayo Fuentes&#44; S.&#44; 2010: \u00abCat\u00e1logo. Antig\u00fcedad\u00bb&#44; en Ram\u00f3n S\u00e1nchez&#44; J.J. (ed.)&#44; Monedas. Todas las caras de la Historia. Colecciones numism\u00e1ticas del MARQ&#44; Alicante&#44; p. 117.<br \/><b>N\u00famero Inventario Monetario:<\/b> 4.<br \/>Compra. Colecci\u00f3n Isidro Albert<\/p>\n","protected":false},"featured_media":35129,"template":"","meta":{"kia_subtitle":""},"product_brand":[],"product_cat":[2316],"product_tag":[],"class_list":{"0":"post-35785","1":"product","2":"type-product","3":"status-publish","4":"has-post-thumbnail","6":"product_cat-catalogo-numismatico","8":"first","9":"instock","10":"virtual","11":"product-type-simple"},"meta_box":{"ia_expediente":"","ia_ano":"","ia_fechas_de_actuacion":"","ia_municipios_comarcas":"","ia_directores":"","ia_periodos_culturales":"","ia_tipos_de_intervencion":"","ia_equipo_tecnico":"","ia_autores":"","ia_promotores":"","ia_deposito_de_materiales":"","ia_coordenadas_utm":""},"_links":{"self":[{"href":"https:\/\/marqalicante-admin.qwair.com\/es\/wp-json\/wp\/v2\/product\/35785","targetHints":{"allow":["GET"]}}],"collection":[{"href":"https:\/\/marqalicante-admin.qwair.com\/es\/wp-json\/wp\/v2\/product"}],"about":[{"href":"https:\/\/marqalicante-admin.qwair.com\/es\/wp-json\/wp\/v2\/types\/product"}],"wp:featuredmedia":[{"embeddable":true,"href":"https:\/\/marqalicante-admin.qwair.com\/es\/wp-json\/wp\/v2\/media\/35129"}],"wp:attachment":[{"href":"https:\/\/marqalicante-admin.qwair.com\/es\/wp-json\/wp\/v2\/media?parent=35785"}],"wp:term":[{"taxonomy":"product_brand","embeddable":true,"href":"https:\/\/marqalicante-admin.qwair.com\/es\/wp-json\/wp\/v2\/product_brand?post=35785"},{"taxonomy":"product_cat","embeddable":true,"href":"https:\/\/marqalicante-admin.qwair.com\/es\/wp-json\/wp\/v2\/product_cat?post=35785"},{"taxonomy":"product_tag","embeddable":true,"href":"https:\/\/marqalicante-admin.qwair.com\/es\/wp-json\/wp\/v2\/product_tag?post=35785"}],"curies":[{"name":"wp","href":"https:\/\/api.w.org\/{rel}","templated":true}]}}

<b>Sestercio</b>   Años 240-241 d. C.

<h3>Imperio romano</h3>
<p><b>Metal:</b> Bronce.<br /><b>Entidad emisora: </b> Roma. Gordiano III.<br /><b>Ceca:</b> Roma.<br /><b>Fecha:</b> Años 240-241 d. C.<br /><b>Anverso:</b><br /> Busto laureado y drapeado a derecha. Leyenda: IMP GORDIANVS PIVS FEL AVG.<br />
<br /><b>Reverso:</b><br /> Securitas sentada a izquierda sosteniendo cetro y apoyando la cabeza en su mano izquierda. Leyenda: SECVRITAS AVG. Exergo: SC.<br />
<br /><b>Peso:</b> 25.34 g &#8211; <b>Diámetro:</b> 32 mm &#8211; <b>Ejes:</b> 1 h.<br /><b>Descrita en:</b> RIC IV.3&#44; 311a.<br /><b>Publicada en:</b><br />Ramón Sánchez&#44; J.J.&#44; García Barrachina&#44; A.&#44; Verdú Parra&#44; E.&#44; Bayo Fuentes&#44; S.&#44; 2010: «Catálogo. Antigüedad»&#44; en Ramón Sánchez&#44; J.J. (ed.)&#44; Monedas. Todas las caras de la Historia. Colecciones numismáticas del MARQ&#44; Alicante&#44; p. 117.<br /><b>Número Inventario Monetario:</b> 4.<br />Compra. Colección Isidro Albert</p>
