{"id":35761,"date":"2025-03-05T18:24:01","date_gmt":"2025-03-05T18:24:01","guid":{"rendered":"https:\/\/marqalicante-admin.qwair.com\/item\/unidad-mitad-uncial-reducida-segunda-mitad-del-siglo-ii-a-c\/"},"modified":"2025-03-05T18:27:27","modified_gmt":"2025-03-05T18:27:27","slug":"unidad-mitad-uncial-reducida-segunda-mitad-del-siglo-ii-a-c","status":"publish","type":"product","link":"https:\/\/marqalicante-admin.qwair.com\/es\/producto\/unidad-mitad-uncial-reducida-segunda-mitad-del-siglo-ii-a-c\/","title":{"rendered":"<b>Unidad\/mitad uncial reducida<\/b>   Segunda mitad del siglo II a. C."},"content":{"rendered":"","protected":false},"excerpt":{"rendered":"<h3>Ib\u00e9rico final o Tardorrepublicano<\/h3>\n<p><b>Metal:<\/b> Bronce.<br \/><b>Entidad emisora: <\/b> Saitabi (X\u00e0tiva&#44; Valencia).<br \/><b>Ceca:<\/b> Saitabi (X\u00e0tiva).<br \/><b>Fecha:<\/b> Segunda mitad del siglo II a. C.<br \/><b>Anverso:<\/b><br \/> Cabeza masculina diademada a derecha&#44; con manto y f\u00edbula anular con punto central en el cuello&#44; detr\u00e1s palma<br \/><b>Reverso:<\/b><br \/> Jinete lancero a derecha; debajo&#44; sobre l\u00ednea&#44; inscripci\u00f3n ib\u00e9rica SAITI.<br \/><b>Peso:<\/b> 13.22 g &#8211; <b>Di\u00e1metro:<\/b> 26 mm &#8211; <b>Ejes:<\/b> 3 h.<br \/><b>Descrita en:<\/b> CNH&#44; 315&#44; n\u00ba 3; Vives&#44; 20-2; Ripoll\u00e8s Alegre&#44; P. P.&#44; 2007: Saitabi&#44; Valencia&#44; pp. 103&#44; 136.<br \/><b>Publicada en:<\/b><br \/>Tarradell i Mateu&#44; M.&#44; 1985: \u201cEl poblat ib\u00e8ric del Tossal de la Cala de Benidorm. Notes d\u2019excavaci\u00f3\u201d&#44; Fonaments&#44; 5&#44; p. 115&#44; n\u00ba 2&#44; l\u00e1m. 3.2; Bayo Fuentes&#44; S.&#44; 2010: El yacimiento ib\u00e9rico de \u201cEl Tossal de la Cala\u201d&#44; Museo Arqueol\u00f3gico de Alicante&#44; Serie Trabajos de Arqueolog\u00eda I&#44; Alicante&#44; pp. 132&#44; 133&#44; 162; Ram\u00f3n S\u00e1nchez&#44; J.J.&#44; Garc\u00eda Barrachina&#44; A.&#44; Verd\u00fa Parra&#44; E.&#44; Bayo Fuentes&#44; S.&#44; 2010: \u00abCat\u00e1logo. Antig\u00fcedad\u00bb&#44; en Ram\u00f3n S\u00e1nchez&#44; J.J. (ed.)&#44; Monedas. Todas las caras de la Historia. Colecciones numism\u00e1ticas del MARQ&#44; Alicante&#44; p. 100.<br \/><b>N\u00famero Inventario Monetario:<\/b> 4629.<br \/>Excavaci\u00f3n. Tossal de la Cala<\/p>\n","protected":false},"featured_media":35057,"template":"","meta":{"kia_subtitle":""},"product_brand":[],"product_cat":[2316],"product_tag":[],"class_list":{"0":"post-35761","1":"product","2":"type-product","3":"status-publish","4":"has-post-thumbnail","6":"product_cat-catalogo-numismatico","8":"first","9":"instock","10":"virtual","11":"product-type-simple"},"meta_box":{"ia_expediente":"","ia_ano":"","ia_fechas_de_actuacion":"","ia_municipios_comarcas":"","ia_directores":"","ia_periodos_culturales":"","ia_tipos_de_intervencion":"","ia_equipo_tecnico":"","ia_autores":"","ia_promotores":"","ia_deposito_de_materiales":"","ia_coordenadas_utm":""},"_links":{"self":[{"href":"https:\/\/marqalicante-admin.qwair.com\/es\/wp-json\/wp\/v2\/product\/35761","targetHints":{"allow":["GET"]}}],"collection":[{"href":"https:\/\/marqalicante-admin.qwair.com\/es\/wp-json\/wp\/v2\/product"}],"about":[{"href":"https:\/\/marqalicante-admin.qwair.com\/es\/wp-json\/wp\/v2\/types\/product"}],"wp:featuredmedia":[{"embeddable":true,"href":"https:\/\/marqalicante-admin.qwair.com\/es\/wp-json\/wp\/v2\/media\/35057"}],"wp:attachment":[{"href":"https:\/\/marqalicante-admin.qwair.com\/es\/wp-json\/wp\/v2\/media?parent=35761"}],"wp:term":[{"taxonomy":"product_brand","embeddable":true,"href":"https:\/\/marqalicante-admin.qwair.com\/es\/wp-json\/wp\/v2\/product_brand?post=35761"},{"taxonomy":"product_cat","embeddable":true,"href":"https:\/\/marqalicante-admin.qwair.com\/es\/wp-json\/wp\/v2\/product_cat?post=35761"},{"taxonomy":"product_tag","embeddable":true,"href":"https:\/\/marqalicante-admin.qwair.com\/es\/wp-json\/wp\/v2\/product_tag?post=35761"}],"curies":[{"name":"wp","href":"https:\/\/api.w.org\/{rel}","templated":true}]}}

<h3>Ibérico final o Tardorrepublicano</h3>
<p><b>Metal:</b> Bronce.<br /><b>Entidad emisora: </b> Saitabi (Xàtiva&#44; Valencia).<br /><b>Ceca:</b> Saitabi (Xàtiva).<br /><b>Fecha:</b> Segunda mitad del siglo II a. C.<br /><b>Anverso:</b><br /> Cabeza masculina diademada a derecha&#44; con manto y fíbula anular con punto central en el cuello&#44; detrás palma<br /><b>Reverso:</b><br /> Jinete lancero a derecha; debajo&#44; sobre línea&#44; inscripción ibérica SAITI.<br /><b>Peso:</b> 13.22 g &#8211; <b>Diámetro:</b> 26 mm &#8211; <b>Ejes:</b> 3 h.<br /><b>Descrita en:</b> CNH&#44; 315&#44; nº 3; Vives&#44; 20-2; Ripollès Alegre&#44; P. P.&#44; 2007: Saitabi&#44; Valencia&#44; pp. 103&#44; 136.<br /><b>Publicada en:</b><br />Tarradell i Mateu&#44; M.&#44; 1985: “El poblat ibèric del Tossal de la Cala de Benidorm. Notes d’excavació”&#44; Fonaments&#44; 5&#44; p. 115&#44; nº 2&#44; lám. 3.2; Bayo Fuentes&#44; S.&#44; 2010: El yacimiento ibérico de “El Tossal de la Cala”&#44; Museo Arqueológico de Alicante&#44; Serie Trabajos de Arqueología I&#44; Alicante&#44; pp. 132&#44; 133&#44; 162; Ramón Sánchez&#44; J.J.&#44; García Barrachina&#44; A.&#44; Verdú Parra&#44; E.&#44; Bayo Fuentes&#44; S.&#44; 2010: «Catálogo. Antigüedad»&#44; en Ramón Sánchez&#44; J.J. (ed.)&#44; Monedas. Todas las caras de la Historia. Colecciones numismáticas del MARQ&#44; Alicante&#44; p. 100.<br /><b>Número Inventario Monetario:</b> 4629.<br />Excavación. Tossal de la Cala</p>
