{"id":18917,"date":"2025-01-20T07:07:25","date_gmt":"2025-01-20T07:07:25","guid":{"rendered":"https:\/\/marqalicante-admin.qwair.com\/item\/la-pobla-de-ifach-la-forja-de-un-reino\/"},"modified":"2025-03-03T14:09:47","modified_gmt":"2025-03-03T14:09:47","slug":"la-pobla-de-ifach-la-forja-de-un-reino","status":"publish","type":"product","link":"https:\/\/marqalicante-admin.qwair.com\/es\/producto\/la-pobla-de-ifach-la-forja-de-un-reino\/","title":{"rendered":"La Pobla de Ifach. La forja de un reino"},"content":{"rendered":"    \n    <div class=\"documento-item\">\n                    <h2 class=\"documento-title\">Gu\u00eda completa<\/h2>\n        \n        \n                    <a href=\"https:\/\/marqalicante.com\/contenido\/genericas\/guia%20de%20IFACH.pdf\" class=\"documento-btn\" target=\"_blank\" rel=\"noopener\">\n                <i class=\"fas fa-file-pdf\"><\/i> Descargar PDF\n            <\/a>\n            <\/div>\n\n    \n","protected":false},"excerpt":{"rendered":"<p>Gu\u00eda did\u00e1ctica orientada a Educaci\u00f3n Primaria y Secundaria y dedicada a mostrar el yacimiento de la Pobla de Ifach (Calp)&#44; una de las excavaciones arqueol\u00f3gicas m\u00e1s importantes de \u00e9poca cristiana en la provincia de Alicante. Conocer\u00e1s c\u00f3mo se viv\u00eda en una poblaci\u00f3n medieval de nuestras tierras y podr\u00e1s practicar lo aprendido con ejercicios autoevaluables.<\/p>\n","protected":false},"featured_media":18793,"template":"","meta":{"kia_subtitle":""},"product_brand":[],"product_cat":[1717],"product_tag":[],"class_list":{"0":"post-18917","1":"product","2":"type-product","3":"status-publish","4":"has-post-thumbnail","6":"product_cat-guias-didacticas","8":"first","9":"instock","10":"virtual","11":"product-type-simple"},"meta_box":{"ia_expediente":"","ia_ano":"","ia_fechas_de_actuacion":"","ia_municipios_comarcas":"","ia_directores":"","ia_periodos_culturales":"","ia_tipos_de_intervencion":"","ia_equipo_tecnico":"","ia_autores":"","ia_promotores":"","ia_deposito_de_materiales":"","ia_coordenadas_utm":""},"_links":{"self":[{"href":"https:\/\/marqalicante-admin.qwair.com\/es\/wp-json\/wp\/v2\/product\/18917","targetHints":{"allow":["GET"]}}],"collection":[{"href":"https:\/\/marqalicante-admin.qwair.com\/es\/wp-json\/wp\/v2\/product"}],"about":[{"href":"https:\/\/marqalicante-admin.qwair.com\/es\/wp-json\/wp\/v2\/types\/product"}],"wp:featuredmedia":[{"embeddable":true,"href":"https:\/\/marqalicante-admin.qwair.com\/es\/wp-json\/wp\/v2\/media\/18793"}],"wp:attachment":[{"href":"https:\/\/marqalicante-admin.qwair.com\/es\/wp-json\/wp\/v2\/media?parent=18917"}],"wp:term":[{"taxonomy":"product_brand","embeddable":true,"href":"https:\/\/marqalicante-admin.qwair.com\/es\/wp-json\/wp\/v2\/product_brand?post=18917"},{"taxonomy":"product_cat","embeddable":true,"href":"https:\/\/marqalicante-admin.qwair.com\/es\/wp-json\/wp\/v2\/product_cat?post=18917"},{"taxonomy":"product_tag","embeddable":true,"href":"https:\/\/marqalicante-admin.qwair.com\/es\/wp-json\/wp\/v2\/product_tag?post=18917"}],"curies":[{"name":"wp","href":"https:\/\/api.w.org\/{rel}","templated":true}]}}

<div class="documento-item">
                    <h2 class="documento-title">Guía completa</h2>
        
        
                    <a href="https://marqalicante.com/contenido/genericas/guia%20de%20IFACH.pdf" class="documento-btn" target="_blank" rel="noopener">
                <i class="fas fa-file-pdf"></i> Descargar PDF
            </a>
            </div>

<p>Guía didáctica orientada a Educación Primaria y Secundaria y dedicada a mostrar el yacimiento de la Pobla de Ifach (Calp)&#44; una de las excavaciones arqueológicas más importantes de época cristiana en la provincia de Alicante. Conocerás cómo se vivía en una población medieval de nuestras tierras y podrás practicar lo aprendido con ejercicios autoevaluables.</p>
