{"id":18907,"date":"2025-01-20T07:07:23","date_gmt":"2025-01-20T07:07:23","guid":{"rendered":"https:\/\/marqalicante-admin.qwair.com\/item\/revista-club-llumiq-no34\/"},"modified":"2025-03-03T14:09:45","modified_gmt":"2025-03-03T14:09:45","slug":"revista-club-llumiq-no34","status":"publish","type":"product","link":"https:\/\/marqalicante-admin.qwair.com\/es\/producto\/revista-club-llumiq-no34\/","title":{"rendered":"REVISTA CLUB LLUMIQ N\u00ba34"},"content":{"rendered":"    \n    <div class=\"documento-item\">\n                    <h2 class=\"documento-title\">REVISTA CLUB LLUMIQ N\u00ba 34<\/h2>\n        \n        \n                    <a href=\"https:\/\/marqalicante.com\/contenido\/genericas\/revista%20%20primavera%202014.pdf\" class=\"documento-btn\" target=\"_blank\" rel=\"noopener\">\n                <i class=\"fas fa-file-pdf\"><\/i> Descargar PDF\n            <\/a>\n            <\/div>\n\n    \n","protected":false},"excerpt":{"rendered":"<p>Primavera 2014. Con la llegada del buen tiempo llenamos de alegr\u00eda las p\u00e1ginas de nuestra revista&#44; con mucha informaci\u00f3n sobre todas las actividades que se han hecho y las que est\u00e1n por llegar: talleres de los s\u00e1bados&#44; del D\u00eda de los Monumentos y Sitios&#44; del D\u00eda de los Museos&#44; la Campa\u00f1a \u201cLos V\u00ednculos del MARQ\u201d&#44; vacaciones de Semana Santa&#44; Premios de Navidad&#44; Talleres y actividades con escolares.<\/p>\n","protected":false},"featured_media":18783,"template":"","meta":{"kia_subtitle":""},"product_brand":[],"product_cat":[1717],"product_tag":[],"class_list":{"0":"post-18907","1":"product","2":"type-product","3":"status-publish","4":"has-post-thumbnail","6":"product_cat-guias-didacticas","8":"first","9":"instock","10":"virtual","11":"product-type-simple"},"meta_box":{"ia_expediente":"","ia_ano":"","ia_fechas_de_actuacion":"","ia_municipios_comarcas":"","ia_directores":"","ia_periodos_culturales":"","ia_tipos_de_intervencion":"","ia_equipo_tecnico":"","ia_autores":"","ia_promotores":"","ia_deposito_de_materiales":"","ia_coordenadas_utm":""},"_links":{"self":[{"href":"https:\/\/marqalicante-admin.qwair.com\/es\/wp-json\/wp\/v2\/product\/18907","targetHints":{"allow":["GET"]}}],"collection":[{"href":"https:\/\/marqalicante-admin.qwair.com\/es\/wp-json\/wp\/v2\/product"}],"about":[{"href":"https:\/\/marqalicante-admin.qwair.com\/es\/wp-json\/wp\/v2\/types\/product"}],"wp:featuredmedia":[{"embeddable":true,"href":"https:\/\/marqalicante-admin.qwair.com\/es\/wp-json\/wp\/v2\/media\/18783"}],"wp:attachment":[{"href":"https:\/\/marqalicante-admin.qwair.com\/es\/wp-json\/wp\/v2\/media?parent=18907"}],"wp:term":[{"taxonomy":"product_brand","embeddable":true,"href":"https:\/\/marqalicante-admin.qwair.com\/es\/wp-json\/wp\/v2\/product_brand?post=18907"},{"taxonomy":"product_cat","embeddable":true,"href":"https:\/\/marqalicante-admin.qwair.com\/es\/wp-json\/wp\/v2\/product_cat?post=18907"},{"taxonomy":"product_tag","embeddable":true,"href":"https:\/\/marqalicante-admin.qwair.com\/es\/wp-json\/wp\/v2\/product_tag?post=18907"}],"curies":[{"name":"wp","href":"https:\/\/api.w.org\/{rel}","templated":true}]}}

REVISTA CLUB LLUMIQ Nº34

<div class="documento-item">
                    <h2 class="documento-title">REVISTA CLUB LLUMIQ Nº 34</h2>
        
        
                    <a href="https://marqalicante.com/contenido/genericas/revista%20%20primavera%202014.pdf" class="documento-btn" target="_blank" rel="noopener">
                <i class="fas fa-file-pdf"></i> Descargar PDF
            </a>
            </div>

<p>Primavera 2014. Con la llegada del buen tiempo llenamos de alegría las páginas de nuestra revista&#44; con mucha información sobre todas las actividades que se han hecho y las que están por llegar: talleres de los sábados&#44; del Día de los Monumentos y Sitios&#44; del Día de los Museos&#44; la Campaña “Los Vínculos del MARQ”&#44; vacaciones de Semana Santa&#44; Premios de Navidad&#44; Talleres y actividades con escolares.</p>
