{"id":18897,"date":"2025-01-20T07:07:20","date_gmt":"2025-01-20T07:07:20","guid":{"rendered":"https:\/\/marqalicante-admin.qwair.com\/item\/santa-pola-arqueologia-y-museo-2\/"},"modified":"2025-03-03T14:09:43","modified_gmt":"2025-03-03T14:09:43","slug":"santa-pola-arqueologia-y-museo-2","status":"publish","type":"product","link":"https:\/\/marqalicante-admin.qwair.com\/es\/producto\/santa-pola-arqueologia-y-museo-2\/","title":{"rendered":"SANTA POLA. ARQUEOLOG\u00cdA Y MUSEO"},"content":{"rendered":"    \n    <div class=\"documento-item\">\n                    <h2 class=\"documento-title\">Gu\u00eda completa<\/h2>\n        \n        \n                    <a href=\"https:\/\/marqalicante.com\/contenido\/genericas\/santa%20pola_guia%20didactica.pdf\" class=\"documento-btn\" target=\"_blank\" rel=\"noopener\">\n                <i class=\"fas fa-file-pdf\"><\/i> Descargar PDF\n            <\/a>\n            <\/div>\n\n    \n","protected":false},"excerpt":{"rendered":"<p>Esta gu\u00eda te posibilita la realizaci\u00f3n de un recorrido did\u00e1ctico por la historia de Santa Pola: desde la Prehistoria hasta finales la Edad Moderna. Descubrir\u00e1s su importancia hist\u00f3rica y arqueol\u00f3gica a lo que ha contribuido enormemente su puerto que&#44; desde la \u00e9poca de los iberos &#44;es uno de los m\u00e1s importantes de nuestro litoral.<\/p>\n","protected":false},"featured_media":18773,"template":"","meta":{"kia_subtitle":""},"product_brand":[],"product_cat":[1717],"product_tag":[],"class_list":{"0":"post-18897","1":"product","2":"type-product","3":"status-publish","4":"has-post-thumbnail","6":"product_cat-guias-didacticas","8":"first","9":"instock","10":"virtual","11":"product-type-simple"},"meta_box":{"ia_expediente":"","ia_ano":"","ia_fechas_de_actuacion":"","ia_municipios_comarcas":"","ia_directores":"","ia_periodos_culturales":"","ia_tipos_de_intervencion":"","ia_equipo_tecnico":"","ia_autores":"","ia_promotores":"","ia_deposito_de_materiales":"","ia_coordenadas_utm":""},"_links":{"self":[{"href":"https:\/\/marqalicante-admin.qwair.com\/es\/wp-json\/wp\/v2\/product\/18897","targetHints":{"allow":["GET"]}}],"collection":[{"href":"https:\/\/marqalicante-admin.qwair.com\/es\/wp-json\/wp\/v2\/product"}],"about":[{"href":"https:\/\/marqalicante-admin.qwair.com\/es\/wp-json\/wp\/v2\/types\/product"}],"wp:featuredmedia":[{"embeddable":true,"href":"https:\/\/marqalicante-admin.qwair.com\/es\/wp-json\/wp\/v2\/media\/18773"}],"wp:attachment":[{"href":"https:\/\/marqalicante-admin.qwair.com\/es\/wp-json\/wp\/v2\/media?parent=18897"}],"wp:term":[{"taxonomy":"product_brand","embeddable":true,"href":"https:\/\/marqalicante-admin.qwair.com\/es\/wp-json\/wp\/v2\/product_brand?post=18897"},{"taxonomy":"product_cat","embeddable":true,"href":"https:\/\/marqalicante-admin.qwair.com\/es\/wp-json\/wp\/v2\/product_cat?post=18897"},{"taxonomy":"product_tag","embeddable":true,"href":"https:\/\/marqalicante-admin.qwair.com\/es\/wp-json\/wp\/v2\/product_tag?post=18897"}],"curies":[{"name":"wp","href":"https:\/\/api.w.org\/{rel}","templated":true}]}}

SANTA POLA. ARQUEOLOGÍA Y MUSEO

<div class="documento-item">
                    <h2 class="documento-title">Guía completa</h2>
        
        
                    <a href="https://marqalicante.com/contenido/genericas/santa%20pola_guia%20didactica.pdf" class="documento-btn" target="_blank" rel="noopener">
                <i class="fas fa-file-pdf"></i> Descargar PDF
            </a>
            </div>

<p>Esta guía te posibilita la realización de un recorrido didáctico por la historia de Santa Pola: desde la Prehistoria hasta finales la Edad Moderna. Descubrirás su importancia histórica y arqueológica a lo que ha contribuido enormemente su puerto que&#44; desde la época de los iberos &#44;es uno de los más importantes de nuestro litoral.</p>
