{"id":18697,"date":"2025-02-03T07:09:32","date_gmt":"2025-02-03T07:09:32","guid":{"rendered":"https:\/\/marqalicante-admin.qwair.com\/item\/marq-arqueologia-y-museos-12-2\/"},"modified":"2025-06-04T16:33:29","modified_gmt":"2025-06-04T16:33:29","slug":"marq-arqueologia-y-museos-12-2","status":"publish","type":"product","link":"https:\/\/marqalicante-admin.qwair.com\/es\/producto\/marq-arqueologia-y-museos-12-2\/","title":{"rendered":"MARQ&#44; ARQUEOLOG\u00cdA Y MUSEOS 12"},"content":{"rendered":"<div class=\"documento-item\">\n                    <h2 class=\"documento-title\">Una excepcional sepultura arg\u00e1rica de San Ant\u00f3n (Orihuela&#044; Alicante)<\/h2>\n        \n                    <p class=\"documento-subtitle\">Juan A. L\u00f3pez Padilla&#044; Fco. Javier Jover Maestre&#044; Ricardo E. Basso Rial y Mar\u00eda Pastor Quiles<\/p>\n        \n                    <a href=\"\/wp-content\/uploads\/2025\/01\/publi-revistas\/pub_208.pdf\" class=\"documento-btn\">\n                <i class=\"fas fa-file-pdf\"><\/i> Descargar PDF\n            <\/a>\n            <\/div>\n\n        \n    <div class=\"documento-item\">\n                    <h2 class=\"documento-title\">Un drenaje del siglo I d. C. (Tossal de Manises-Lucentum&#044;  Alacant): lo que cuentan los restos vegetales<\/h2>\n        \n                    <p class=\"documento-subtitle\">A. Guilabert Mas&#044; M. Olcina Dom\u00e9nech&#044; E. Tendero Porras&#044; Y. Carri\u00f3n Marco&#044; G. P\u00e9rez Jord\u00e1 y D. Sabato<\/p>\n        \n                    <a href=\"\/wp-content\/uploads\/2025\/01\/publi-revistas\/pub_209.pdf\" class=\"documento-btn\">\n                <i class=\"fas fa-file-pdf\"><\/i> Descargar PDF\n            <\/a>\n            <\/div>\n\n        \n    <div class=\"documento-item\">\n                    <h2 class=\"documento-title\">La obra de terra decorada en la Pobla medieval de Ifach (siglos  XIII-XIV). Notas acerca de su origen&#044; producci\u00f3n y distribuci\u00f3n<\/h2>\n        \n                    <p class=\"documento-subtitle\">Jos\u00e9 Luis Men\u00e9ndez Fueyo y Joaqu\u00edn Pina Mira<\/p>\n        \n                    <a href=\"\/wp-content\/uploads\/2025\/01\/publi-revistas\/pub_210.pdf\" class=\"documento-btn\">\n                <i class=\"fas fa-file-pdf\"><\/i> Descargar PDF\n            <\/a>\n            <\/div>\n\n        \n    <div class=\"documento-item\">\n                    <h2 class=\"documento-title\">Aproximaci\u00f3n al estudio de un pinjante bajomedieval de  caballer\u00eda de la colecci\u00f3n permanente del Museo Arqueol\u00f3gico  de X\u00e0bia (Alicante)<\/h2>\n        \n                    <p class=\"documento-subtitle\">Miquel S\u00e1nchez i Signes<\/p>\n        \n                    <a href=\"\/wp-content\/uploads\/2025\/01\/publi-revistas\/pub_211.pdf\" class=\"documento-btn\">\n                <i class=\"fas fa-file-pdf\"><\/i> Descargar PDF\n            <\/a>\n            <\/div>\n\n        \n    <div class=\"documento-item\">\n                    <h2 class=\"documento-title\">El Plan de Conservaci\u00f3n Preventiva de las colecciones del  MARQ<\/h2>\n        \n                    <p class=\"documento-subtitle\">Rafael Azuar Ru\u00edz<\/p>\n        \n                    <a href=\"\/wp-content\/uploads\/2025\/01\/publi-revistas\/pub_212.pdf\" class=\"documento-btn\">\n                <i class=\"fas fa-file-pdf\"><\/i> Descargar PDF\n            <\/a>\n            <\/div>\n\n        \n    <div class=\"documento-item\">\n                    <h2 class=\"documento-title\">Restauraci\u00f3n de dos pu\u00f1ales de bronce de cronolog\u00eda arg\u00e1rica  pertenecientes a la Colecci\u00f3n Furg\u00fas. Reintegraci\u00f3n formal y  puesta en valor<\/h2>\n        \n                    <p class=\"documento-subtitle\">Tatiana Mar\u00eda Mart\u00ednez Riera<\/p>\n        \n                    <a href=\"\/wp-content\/uploads\/2025\/01\/publi-revistas\/pub_213.pdf\" class=\"documento-btn\">\n                <i class=\"fas fa-file-pdf\"><\/i> Descargar PDF\n            <\/a>\n            <\/div>\n\n        \n    <div class=\"documento-item\">\n                    <h2 class=\"documento-title\">MARQ. Noticiario arqueol\u00f3gico 2020<\/h2>\n        \n                    <p class=\"documento-subtitle\">VVAA<\/p>\n        \n                    <a href=\"\/wp-content\/uploads\/2025\/01\/publi-revistas\/pub_214.pdf\" class=\"documento-btn\">\n                <i class=\"fas fa-file-pdf\"><\/i> Descargar PDF\n            <\/a>\n            <\/div>\n\n        \n    <div class=\"documento-item\">\n                    <h2 class=\"documento-title\">MARQ. Memoria de Actividades 2020<\/h2>\n        \n                    <p class=\"documento-subtitle\">Equipo T\u00e9cnico del MARQ<\/p>\n        \n                    <a href=\"\/wp-content\/uploads\/2025\/01\/publi-revistas\/pub_215.pdf\" class=\"documento-btn\">\n                <i class=\"fas fa-file-pdf\"><\/i> Descargar PDF\n            <\/a>\n            <\/div>\n","protected":false},"excerpt":{"rendered":"<p>Publicaci\u00f3n peri\u00f3dica y sistem\u00e1tica sobre los trabajos de investigaci\u00f3n arqueol\u00f3gica con art\u00edculos centrados en la pr\u00e1ctica propia de los museos&#44; para dar a conocer la investigaci\u00f3n del rico Patrimonio Arqueol\u00f3gico de Alicante.<\/p>\n","protected":false},"featured_media":18522,"template":"","meta":{"kia_subtitle":""},"product_brand":[],"product_cat":[1365],"product_tag":[],"class_list":{"0":"post-18697","1":"product","2":"type-product","3":"status-publish","4":"has-post-thumbnail","6":"product_cat-marq-arqueologia-y-museos","8":"first","9":"instock","10":"virtual","11":"product-type-simple"},"meta_box":{"ia_expediente":"","ia_ano":"","ia_fechas_de_actuacion":"","ia_municipios_comarcas":"","ia_directores":"","ia_periodos_culturales":"","ia_tipos_de_intervencion":"","ia_equipo_tecnico":"","ia_autores":"","ia_promotores":"","ia_deposito_de_materiales":"","ia_coordenadas_utm":""},"_links":{"self":[{"href":"https:\/\/marqalicante-admin.qwair.com\/es\/wp-json\/wp\/v2\/product\/18697","targetHints":{"allow":["GET"]}}],"collection":[{"href":"https:\/\/marqalicante-admin.qwair.com\/es\/wp-json\/wp\/v2\/product"}],"about":[{"href":"https:\/\/marqalicante-admin.qwair.com\/es\/wp-json\/wp\/v2\/types\/product"}],"wp:featuredmedia":[{"embeddable":true,"href":"https:\/\/marqalicante-admin.qwair.com\/es\/wp-json\/wp\/v2\/media\/18522"}],"wp:attachment":[{"href":"https:\/\/marqalicante-admin.qwair.com\/es\/wp-json\/wp\/v2\/media?parent=18697"}],"wp:term":[{"taxonomy":"product_brand","embeddable":true,"href":"https:\/\/marqalicante-admin.qwair.com\/es\/wp-json\/wp\/v2\/product_brand?post=18697"},{"taxonomy":"product_cat","embeddable":true,"href":"https:\/\/marqalicante-admin.qwair.com\/es\/wp-json\/wp\/v2\/product_cat?post=18697"},{"taxonomy":"product_tag","embeddable":true,"href":"https:\/\/marqalicante-admin.qwair.com\/es\/wp-json\/wp\/v2\/product_tag?post=18697"}],"curies":[{"name":"wp","href":"https:\/\/api.w.org\/{rel}","templated":true}]}}

MARQ&#44; ARQUEOLOGÍA Y MUSEOS 12

<div class="documento-item">
                    <h2 class="documento-title">Una excepcional sepultura argárica de San Antón (Orihuela&#044; Alicante)</h2>
        
                    <p class="documento-subtitle">Juan A. López Padilla&#044; Fco. Javier Jover Maestre&#044; Ricardo E. Basso Rial y María Pastor Quiles</p>
        
                    <a href="/wp-content/uploads/2025/01/publi-revistas/pub_208.pdf" class="documento-btn">
                <i class="fas fa-file-pdf"></i> Descargar PDF
            </a>
            </div>

        
    <div class="documento-item">
                    <h2 class="documento-title">Un drenaje del siglo I d. C. (Tossal de Manises-Lucentum&#044;  Alacant): lo que cuentan los restos vegetales</h2>
        
                    <p class="documento-subtitle">A. Guilabert Mas&#044; M. Olcina Doménech&#044; E. Tendero Porras&#044; Y. Carrión Marco&#044; G. Pérez Jordá y D. Sabato</p>
        
                    <a href="/wp-content/uploads/2025/01/publi-revistas/pub_209.pdf" class="documento-btn">
                <i class="fas fa-file-pdf"></i> Descargar PDF
            </a>
            </div>

        
    <div class="documento-item">
                    <h2 class="documento-title">La obra de terra decorada en la Pobla medieval de Ifach (siglos  XIII-XIV). Notas acerca de su origen&#044; producción y distribución</h2>
        
                    <p class="documento-subtitle">José Luis Menéndez Fueyo y Joaquín Pina Mira</p>
        
                    <a href="/wp-content/uploads/2025/01/publi-revistas/pub_210.pdf" class="documento-btn">
                <i class="fas fa-file-pdf"></i> Descargar PDF
            </a>
            </div>

        
    <div class="documento-item">
                    <h2 class="documento-title">Aproximación al estudio de un pinjante bajomedieval de  caballería de la colección permanente del Museo Arqueológico  de Xàbia (Alicante)</h2>
        
                    <p class="documento-subtitle">Miquel Sánchez i Signes</p>
        
                    <a href="/wp-content/uploads/2025/01/publi-revistas/pub_211.pdf" class="documento-btn">
                <i class="fas fa-file-pdf"></i> Descargar PDF
            </a>
            </div>

        
    <div class="documento-item">
                    <h2 class="documento-title">El Plan de Conservación Preventiva de las colecciones del  MARQ</h2>
        
                    <p class="documento-subtitle">Rafael Azuar Ruíz</p>
        
                    <a href="/wp-content/uploads/2025/01/publi-revistas/pub_212.pdf" class="documento-btn">
                <i class="fas fa-file-pdf"></i> Descargar PDF
            </a>
            </div>

        
    <div class="documento-item">
                    <h2 class="documento-title">Restauración de dos puñales de bronce de cronología argárica  pertenecientes a la Colección Furgús. Reintegración formal y  puesta en valor</h2>
        
                    <p class="documento-subtitle">Tatiana María Martínez Riera</p>
        
                    <a href="/wp-content/uploads/2025/01/publi-revistas/pub_213.pdf" class="documento-btn">
                <i class="fas fa-file-pdf"></i> Descargar PDF
            </a>
            </div>

        
    <div class="documento-item">
                    <h2 class="documento-title">MARQ. Noticiario arqueológico 2020</h2>
        
                    <p class="documento-subtitle">VVAA</p>
        
                    <a href="/wp-content/uploads/2025/01/publi-revistas/pub_214.pdf" class="documento-btn">
                <i class="fas fa-file-pdf"></i> Descargar PDF
            </a>
            </div>

        
    <div class="documento-item">
                    <h2 class="documento-title">MARQ. Memoria de Actividades 2020</h2>
        
                    <p class="documento-subtitle">Equipo Técnico del MARQ</p>
        
                    <a href="/wp-content/uploads/2025/01/publi-revistas/pub_215.pdf" class="documento-btn">
                <i class="fas fa-file-pdf"></i> Descargar PDF
            </a>
            </div>

<p>Publicación periódica y sistemática sobre los trabajos de investigación arqueológica con artículos centrados en la práctica propia de los museos&#44; para dar a conocer la investigación del rico Patrimonio Arqueológico de Alicante.</p>
