{"id":18668,"date":"2025-01-20T06:01:43","date_gmt":"2025-01-20T06:01:43","guid":{"rendered":"https:\/\/marqalicante-admin.qwair.com\/item\/los-bronces-islamicos-de-denia-s-v-hg-xi-d-c\/"},"modified":"2025-06-04T16:33:28","modified_gmt":"2025-06-04T16:33:28","slug":"los-bronces-islamicos-de-denia-s-v-hg-xi-d-c","status":"publish","type":"product","link":"https:\/\/marqalicante-admin.qwair.com\/es\/producto\/los-bronces-islamicos-de-denia-s-v-hg-xi-d-c\/","title":{"rendered":"Los bronces isl\u00e1micos de Denia (s. V HG\/ XI d.C.)"},"content":{"rendered":"    \n    <div class=\"documento-item\">\n        \n        \n                    <a href=\"https:\/\/marqalicante.com\/contenido\/publicaciones\/pub2_133.pdf\" class=\"documento-btn\" target=\"_blank\" rel=\"noopener\">\n                <i class=\"fas fa-file-pdf\"><\/i> Descargar PDF\n            <\/a>\n            <\/div>\n\n    \n","protected":false},"excerpt":{"rendered":"<p>Monograf\u00eda que analiza uno de los conjuntos de piezas de bronce m\u00e1s relevantes de \u00e9poca isl\u00e1mica de la pen\u00ednsula Ib\u00e9rica&#44; hallado en un solar de la ciudad de Denia a principios del siglo XX. El estudio detallado de las piezas encontradas entonces revela las conexiones de la Taifa de Denia con el comercio mediterr\u00e1neo y con los talleres del califato Fatim\u00ed.<\/p>\n","protected":false},"featured_media":18493,"template":"","meta":{"kia_subtitle":""},"product_brand":[],"product_cat":[1397],"product_tag":[],"class_list":{"0":"post-18668","1":"product","2":"type-product","3":"status-publish","4":"has-post-thumbnail","6":"product_cat-publicaciones","8":"first","9":"instock","10":"virtual","11":"product-type-simple"},"meta_box":{"ia_expediente":"","ia_ano":"","ia_fechas_de_actuacion":"","ia_municipios_comarcas":"","ia_directores":"","ia_periodos_culturales":"","ia_tipos_de_intervencion":"","ia_equipo_tecnico":"","ia_autores":"","ia_promotores":"","ia_deposito_de_materiales":"","ia_coordenadas_utm":""},"_links":{"self":[{"href":"https:\/\/marqalicante-admin.qwair.com\/es\/wp-json\/wp\/v2\/product\/18668","targetHints":{"allow":["GET"]}}],"collection":[{"href":"https:\/\/marqalicante-admin.qwair.com\/es\/wp-json\/wp\/v2\/product"}],"about":[{"href":"https:\/\/marqalicante-admin.qwair.com\/es\/wp-json\/wp\/v2\/types\/product"}],"wp:featuredmedia":[{"embeddable":true,"href":"https:\/\/marqalicante-admin.qwair.com\/es\/wp-json\/wp\/v2\/media\/18493"}],"wp:attachment":[{"href":"https:\/\/marqalicante-admin.qwair.com\/es\/wp-json\/wp\/v2\/media?parent=18668"}],"wp:term":[{"taxonomy":"product_brand","embeddable":true,"href":"https:\/\/marqalicante-admin.qwair.com\/es\/wp-json\/wp\/v2\/product_brand?post=18668"},{"taxonomy":"product_cat","embeddable":true,"href":"https:\/\/marqalicante-admin.qwair.com\/es\/wp-json\/wp\/v2\/product_cat?post=18668"},{"taxonomy":"product_tag","embeddable":true,"href":"https:\/\/marqalicante-admin.qwair.com\/es\/wp-json\/wp\/v2\/product_tag?post=18668"}],"curies":[{"name":"wp","href":"https:\/\/api.w.org\/{rel}","templated":true}]}}

Los bronces islámicos de Denia (s. V HG/ XI d.C.)

<p>Monografía que analiza uno de los conjuntos de piezas de bronce más relevantes de época islámica de la península Ibérica&#44; hallado en un solar de la ciudad de Denia a principios del siglo XX. El estudio detallado de las piezas encontradas entonces revela las conexiones de la Taifa de Denia con el comercio mediterráneo y con los talleres del califato Fatimí.</p>
