{"id":18631,"date":"2025-01-20T06:01:31","date_gmt":"2025-01-20T06:01:31","guid":{"rendered":"https:\/\/marqalicante-admin.qwair.com\/item\/elfenbeinstudien-faszikel-1-marfil-y-elefantes-en-la-peninsula-iberica-y-el-mediterraneo-occidental\/"},"modified":"2025-06-04T16:33:25","modified_gmt":"2025-06-04T16:33:25","slug":"elfenbeinstudien-faszikel-1-marfil-y-elefantes-en-la-peninsula-iberica-y-el-mediterraneo-occidental","status":"publish","type":"product","link":"https:\/\/marqalicante-admin.qwair.com\/es\/producto\/elfenbeinstudien-faszikel-1-marfil-y-elefantes-en-la-peninsula-iberica-y-el-mediterraneo-occidental\/","title":{"rendered":"ELFENBEINSTUDIEN. FASZIKEL 1: MARF\u00cdL Y ELEFANTES EN LA PEN\u00cdNSULA IB\u00c9RICA Y EL MEDITERR\u00c1NEO OCCIDENTAL"},"content":{"rendered":"","protected":false},"excerpt":{"rendered":"<p>Volumen editado en colaboraci\u00f3n con el Instituto Arqueol\u00f3gico Alem\u00e1n de Madrid&#44; que recoge las aportaciones al congreso celebrado en 2008 en el MARQ en torno al estudio de objetos de marfil desde la prehistoria hasta \u00e9poca medieval.<\/p>\n","protected":false},"featured_media":18456,"template":"","meta":{"kia_subtitle":""},"product_brand":[],"product_cat":[1397],"product_tag":[],"class_list":{"0":"post-18631","1":"product","2":"type-product","3":"status-publish","4":"has-post-thumbnail","6":"product_cat-publicaciones","8":"first","9":"instock","10":"virtual","11":"product-type-simple"},"meta_box":{"ia_expediente":"","ia_ano":"","ia_fechas_de_actuacion":"","ia_municipios_comarcas":"","ia_directores":"","ia_periodos_culturales":"","ia_tipos_de_intervencion":"","ia_equipo_tecnico":"","ia_autores":"","ia_promotores":"","ia_deposito_de_materiales":"","ia_coordenadas_utm":""},"_links":{"self":[{"href":"https:\/\/marqalicante-admin.qwair.com\/es\/wp-json\/wp\/v2\/product\/18631","targetHints":{"allow":["GET"]}}],"collection":[{"href":"https:\/\/marqalicante-admin.qwair.com\/es\/wp-json\/wp\/v2\/product"}],"about":[{"href":"https:\/\/marqalicante-admin.qwair.com\/es\/wp-json\/wp\/v2\/types\/product"}],"wp:featuredmedia":[{"embeddable":true,"href":"https:\/\/marqalicante-admin.qwair.com\/es\/wp-json\/wp\/v2\/media\/18456"}],"wp:attachment":[{"href":"https:\/\/marqalicante-admin.qwair.com\/es\/wp-json\/wp\/v2\/media?parent=18631"}],"wp:term":[{"taxonomy":"product_brand","embeddable":true,"href":"https:\/\/marqalicante-admin.qwair.com\/es\/wp-json\/wp\/v2\/product_brand?post=18631"},{"taxonomy":"product_cat","embeddable":true,"href":"https:\/\/marqalicante-admin.qwair.com\/es\/wp-json\/wp\/v2\/product_cat?post=18631"},{"taxonomy":"product_tag","embeddable":true,"href":"https:\/\/marqalicante-admin.qwair.com\/es\/wp-json\/wp\/v2\/product_tag?post=18631"}],"curies":[{"name":"wp","href":"https:\/\/api.w.org\/{rel}","templated":true}]}}

ELFENBEINSTUDIEN. FASZIKEL 1: MARFÍL Y ELEFANTES EN LA PENÍNSULA IBÉRICA Y EL MEDITERRÁNEO OCCIDENTAL

<p>Volumen editado en colaboración con el Instituto Arqueológico Alemán de Madrid&#44; que recoge las aportaciones al congreso celebrado en 2008 en el MARQ en torno al estudio de objetos de marfil desde la prehistoria hasta época medieval.</p>
