{"id":18628,"date":"2025-01-20T06:01:30","date_gmt":"2025-01-20T06:01:30","guid":{"rendered":"https:\/\/marqalicante-admin.qwair.com\/item\/el-tesoro-de-los-barbaros-crisis-en-la-frontera-del-imperio-romano\/"},"modified":"2025-06-04T16:33:24","modified_gmt":"2025-06-04T16:33:24","slug":"el-tesoro-de-los-barbaros-crisis-en-la-frontera-del-imperio-romano","status":"publish","type":"product","link":"https:\/\/marqalicante-admin.qwair.com\/es\/producto\/el-tesoro-de-los-barbaros-crisis-en-la-frontera-del-imperio-romano\/","title":{"rendered":"EL TESORO DE LOS B\u00c1RBAROS. CRISIS EN LA FRONTERA DEL IMPERIO ROMANO"},"content":{"rendered":"    \n    <div class=\"documento-item\">\n        \n        \n                    <a href=\"https:\/\/marqalicante.com\/contenido\/publicaciones\/pub2_91.pdf\" class=\"documento-btn\" target=\"_blank\" rel=\"noopener\">\n                <i class=\"fas fa-file-pdf\"><\/i> Descargar PDF\n            <\/a>\n            <\/div>\n\n    \n","protected":false},"excerpt":{"rendered":"<p>Cat\u00e1logo de la exposici\u00f3n dedicada a los hallazgos de varios dep\u00f3sitos de piezas arqueol\u00f3gicas del siglo III d.C. halladas durante el dragado de las orillas del Rhin en los a\u00f1os setenta y ochenta. Exhaustivo estudio de los objetos&#44; su procedencia y contexto hist\u00f3rico. Comprar en la tienda virtual del MARQ<\/p>\n","protected":false},"featured_media":18453,"template":"","meta":{"kia_subtitle":""},"product_brand":[],"product_cat":[1397],"product_tag":[],"class_list":{"0":"post-18628","1":"product","2":"type-product","3":"status-publish","4":"has-post-thumbnail","6":"product_cat-publicaciones","8":"first","9":"instock","10":"virtual","11":"product-type-simple"},"meta_box":{"ia_expediente":"","ia_ano":"","ia_fechas_de_actuacion":"","ia_municipios_comarcas":"","ia_directores":"","ia_periodos_culturales":"","ia_tipos_de_intervencion":"","ia_equipo_tecnico":"","ia_autores":"","ia_promotores":"","ia_deposito_de_materiales":"","ia_coordenadas_utm":""},"_links":{"self":[{"href":"https:\/\/marqalicante-admin.qwair.com\/es\/wp-json\/wp\/v2\/product\/18628","targetHints":{"allow":["GET"]}}],"collection":[{"href":"https:\/\/marqalicante-admin.qwair.com\/es\/wp-json\/wp\/v2\/product"}],"about":[{"href":"https:\/\/marqalicante-admin.qwair.com\/es\/wp-json\/wp\/v2\/types\/product"}],"wp:featuredmedia":[{"embeddable":true,"href":"https:\/\/marqalicante-admin.qwair.com\/es\/wp-json\/wp\/v2\/media\/18453"}],"wp:attachment":[{"href":"https:\/\/marqalicante-admin.qwair.com\/es\/wp-json\/wp\/v2\/media?parent=18628"}],"wp:term":[{"taxonomy":"product_brand","embeddable":true,"href":"https:\/\/marqalicante-admin.qwair.com\/es\/wp-json\/wp\/v2\/product_brand?post=18628"},{"taxonomy":"product_cat","embeddable":true,"href":"https:\/\/marqalicante-admin.qwair.com\/es\/wp-json\/wp\/v2\/product_cat?post=18628"},{"taxonomy":"product_tag","embeddable":true,"href":"https:\/\/marqalicante-admin.qwair.com\/es\/wp-json\/wp\/v2\/product_tag?post=18628"}],"curies":[{"name":"wp","href":"https:\/\/api.w.org\/{rel}","templated":true}]}}

EL TESORO DE LOS BÁRBAROS. CRISIS EN LA FRONTERA DEL IMPERIO ROMANO

<p>Catálogo de la exposición dedicada a los hallazgos de varios depósitos de piezas arqueológicas del siglo III d.C. halladas durante el dragado de las orillas del Rhin en los años setenta y ochenta. Exhaustivo estudio de los objetos&#44; su procedencia y contexto histórico. Comprar en la tienda virtual del MARQ</p>
