{"id":18598,"date":"2025-01-20T06:01:22","date_gmt":"2025-01-20T06:01:22","guid":{"rendered":"https:\/\/marqalicante-admin.qwair.com\/item\/el-abric-de-la-falguera-alcoi-alacant-8000-anos-de-ocupacion-humana-en-la-cabecera-del-rio-de-alcoi\/"},"modified":"2025-06-04T16:33:23","modified_gmt":"2025-06-04T16:33:23","slug":"el-abric-de-la-falguera-alcoi-alacant-8000-anos-de-ocupacion-humana-en-la-cabecera-del-rio-de-alcoi","status":"publish","type":"product","link":"https:\/\/marqalicante-admin.qwair.com\/es\/producto\/el-abric-de-la-falguera-alcoi-alacant-8000-anos-de-ocupacion-humana-en-la-cabecera-del-rio-de-alcoi\/","title":{"rendered":"EL ABRIC DE LA FALGUERA (ALCOI&#44; ALACANT). 8000 a\u00f1os de ocupaci\u00f3n humana en la cabecera del r\u00edo de Alcoi"},"content":{"rendered":"","protected":false},"excerpt":{"rendered":"<p>Obra en dos vol\u00famenes que recogen las ponencias presentadas al \u00faltimo congreso del Neol\u00edtico Peninsular celebrado en las instalaciones del MARQ en noviembre de 2006 . En ellos se ofrece la visi\u00f3n m\u00e1s actualizada de los problemas y cuestiones m\u00e1s candentes acerca del proceso de implantaci\u00f3n y desarrollo de las primeras sociedades neol\u00edticas.<\/p>\n","protected":false},"featured_media":18423,"template":"","meta":{"kia_subtitle":""},"product_brand":[],"product_cat":[1397],"product_tag":[],"class_list":{"0":"post-18598","1":"product","2":"type-product","3":"status-publish","4":"has-post-thumbnail","6":"product_cat-publicaciones","8":"first","9":"instock","10":"virtual","11":"product-type-simple"},"meta_box":{"ia_expediente":"","ia_ano":"","ia_fechas_de_actuacion":"","ia_municipios_comarcas":"","ia_directores":"","ia_periodos_culturales":"","ia_tipos_de_intervencion":"","ia_equipo_tecnico":"","ia_autores":"","ia_promotores":"","ia_deposito_de_materiales":"","ia_coordenadas_utm":""},"_links":{"self":[{"href":"https:\/\/marqalicante-admin.qwair.com\/es\/wp-json\/wp\/v2\/product\/18598","targetHints":{"allow":["GET"]}}],"collection":[{"href":"https:\/\/marqalicante-admin.qwair.com\/es\/wp-json\/wp\/v2\/product"}],"about":[{"href":"https:\/\/marqalicante-admin.qwair.com\/es\/wp-json\/wp\/v2\/types\/product"}],"wp:featuredmedia":[{"embeddable":true,"href":"https:\/\/marqalicante-admin.qwair.com\/es\/wp-json\/wp\/v2\/media\/18423"}],"wp:attachment":[{"href":"https:\/\/marqalicante-admin.qwair.com\/es\/wp-json\/wp\/v2\/media?parent=18598"}],"wp:term":[{"taxonomy":"product_brand","embeddable":true,"href":"https:\/\/marqalicante-admin.qwair.com\/es\/wp-json\/wp\/v2\/product_brand?post=18598"},{"taxonomy":"product_cat","embeddable":true,"href":"https:\/\/marqalicante-admin.qwair.com\/es\/wp-json\/wp\/v2\/product_cat?post=18598"},{"taxonomy":"product_tag","embeddable":true,"href":"https:\/\/marqalicante-admin.qwair.com\/es\/wp-json\/wp\/v2\/product_tag?post=18598"}],"curies":[{"name":"wp","href":"https:\/\/api.w.org\/{rel}","templated":true}]}}

EL ABRIC DE LA FALGUERA (ALCOI&#44; ALACANT). 8000 años de ocupación humana en la cabecera del río de Alcoi

<p>Obra en dos volúmenes que recogen las ponencias presentadas al último congreso del Neolítico Peninsular celebrado en las instalaciones del MARQ en noviembre de 2006 . En ellos se ofrece la visión más actualizada de los problemas y cuestiones más candentes acerca del proceso de implantación y desarrollo de las primeras sociedades neolíticas.</p>
