{"id":18562,"date":"2025-01-20T06:01:12","date_gmt":"2025-01-20T06:01:12","guid":{"rendered":"https:\/\/marqalicante-admin.qwair.com\/item\/pompeya-bajo-pompeya\/"},"modified":"2025-06-04T16:33:20","modified_gmt":"2025-06-04T16:33:20","slug":"pompeya-bajo-pompeya","status":"publish","type":"product","link":"https:\/\/marqalicante-admin.qwair.com\/es\/producto\/pompeya-bajo-pompeya\/","title":{"rendered":"POMPEYA BAJO POMPEYA"},"content":{"rendered":"","protected":false},"excerpt":{"rendered":"<p>Cat\u00e1logo de la exposici\u00f3n centrada en los trabajos realizados por el equipo de arque\u00f3logos bajo la direcci\u00f3n de A: Ribera del SIAM de Valencia y con la participacdi\u00f3n del MARQ y del Museo de Prehistoria de Valencia en la Casa de Ariadna&#44; tambi\u00e9n llamada degli capiltelli colorati.. Las excavaciones ten\u00edan como objetivo el conocer la evoluci\u00f3n constructiva de este edificio&#44; una de las mayores domus de la antigua Pompeya. 20 euros<\/p>\n","protected":false},"featured_media":18387,"template":"","meta":{"kia_subtitle":""},"product_brand":[],"product_cat":[1397],"product_tag":[],"class_list":{"0":"post-18562","1":"product","2":"type-product","3":"status-publish","4":"has-post-thumbnail","6":"product_cat-publicaciones","8":"first","9":"instock","10":"virtual","11":"product-type-simple"},"meta_box":{"ia_expediente":"","ia_ano":"","ia_fechas_de_actuacion":"","ia_municipios_comarcas":"","ia_directores":"","ia_periodos_culturales":"","ia_tipos_de_intervencion":"","ia_equipo_tecnico":"","ia_autores":"","ia_promotores":"","ia_deposito_de_materiales":"","ia_coordenadas_utm":""},"_links":{"self":[{"href":"https:\/\/marqalicante-admin.qwair.com\/es\/wp-json\/wp\/v2\/product\/18562","targetHints":{"allow":["GET"]}}],"collection":[{"href":"https:\/\/marqalicante-admin.qwair.com\/es\/wp-json\/wp\/v2\/product"}],"about":[{"href":"https:\/\/marqalicante-admin.qwair.com\/es\/wp-json\/wp\/v2\/types\/product"}],"wp:featuredmedia":[{"embeddable":true,"href":"https:\/\/marqalicante-admin.qwair.com\/es\/wp-json\/wp\/v2\/media\/18387"}],"wp:attachment":[{"href":"https:\/\/marqalicante-admin.qwair.com\/es\/wp-json\/wp\/v2\/media?parent=18562"}],"wp:term":[{"taxonomy":"product_brand","embeddable":true,"href":"https:\/\/marqalicante-admin.qwair.com\/es\/wp-json\/wp\/v2\/product_brand?post=18562"},{"taxonomy":"product_cat","embeddable":true,"href":"https:\/\/marqalicante-admin.qwair.com\/es\/wp-json\/wp\/v2\/product_cat?post=18562"},{"taxonomy":"product_tag","embeddable":true,"href":"https:\/\/marqalicante-admin.qwair.com\/es\/wp-json\/wp\/v2\/product_tag?post=18562"}],"curies":[{"name":"wp","href":"https:\/\/api.w.org\/{rel}","templated":true}]}}

<p>Catálogo de la exposición centrada en los trabajos realizados por el equipo de arqueólogos bajo la dirección de A: Ribera del SIAM de Valencia y con la participacdión del MARQ y del Museo de Prehistoria de Valencia en la Casa de Ariadna&#44; también llamada degli capiltelli colorati.. Las excavaciones tenían como objetivo el conocer la evolución constructiva de este edificio&#44; una de las mayores domus de la antigua Pompeya. 20 euros</p>
