{"id":47559,"date":"2025-11-11T08:39:51","date_gmt":"2025-11-11T08:39:51","guid":{"rendered":"https:\/\/marqalicante-admin.qwair.com\/?post_type=portfolio&#038;p=47559"},"modified":"2025-11-14T12:23:55","modified_gmt":"2025-11-14T12:23:55","slug":"estela-funerarioa-visir-abu-amir-muhammad-ibn-dharwa-al-jabiri","status":"publish","type":"portfolio","link":"https:\/\/marqalicante-admin.qwair.com\/es\/portfolio-item\/estela-funerarioa-visir-abu-amir-muhammad-ibn-dharwa-al-jabiri\/","title":{"rendered":"ESTELA FUNERARIA DEL VISIR AB\u016a \u2018\u0100MIR MUHAMMAD IBN \u2018\u0100MIR IBN DHARWA AL-JABIR\u012a"},"content":{"rendered":"","protected":false},"excerpt":{"rendered":"<p><b>ESTELA FUNERARIA DEL VISIR AB\u016a \u2018\u0100MIR MUHAMMAD IBN \u2018\u0100MIR IBN DHARWA AL-JABIR\u012a<\/b><br \/>\nM\u00e1rmol<br \/>\nMuseo del Louvre. Departamento de las Artes del Islam<\/p>\n","protected":false},"author":1,"featured_media":47533,"menu_order":0,"comment_status":"open","ping_status":"closed","template":"","meta":{"kia_subtitle":"Piezas"},"portfolio-types":[4379,4381],"class_list":["post-47559","portfolio","type-portfolio","status-publish","has-post-thumbnail","hentry","portfolio-types-denia","portfolio-types-denia-sala-figueras-pacheco"],"meta_box":[],"_links":{"self":[{"href":"https:\/\/marqalicante-admin.qwair.com\/es\/wp-json\/wp\/v2\/portfolio\/47559","targetHints":{"allow":["GET"]}}],"collection":[{"href":"https:\/\/marqalicante-admin.qwair.com\/es\/wp-json\/wp\/v2\/portfolio"}],"about":[{"href":"https:\/\/marqalicante-admin.qwair.com\/es\/wp-json\/wp\/v2\/types\/portfolio"}],"author":[{"embeddable":true,"href":"https:\/\/marqalicante-admin.qwair.com\/es\/wp-json\/wp\/v2\/users\/1"}],"replies":[{"embeddable":true,"href":"https:\/\/marqalicante-admin.qwair.com\/es\/wp-json\/wp\/v2\/comments?post=47559"}],"wp:featuredmedia":[{"embeddable":true,"href":"https:\/\/marqalicante-admin.qwair.com\/es\/wp-json\/wp\/v2\/media\/47533"}],"wp:attachment":[{"href":"https:\/\/marqalicante-admin.qwair.com\/es\/wp-json\/wp\/v2\/media?parent=47559"}],"wp:term":[{"taxonomy":"portfolio-types","embeddable":true,"href":"https:\/\/marqalicante-admin.qwair.com\/es\/wp-json\/wp\/v2\/portfolio-types?post=47559"}],"curies":[{"name":"wp","href":"https:\/\/api.w.org\/{rel}","templated":true}]}}

ESTELA FUNERARIA DEL VISIR ABŪ ‘ĀMIR MUHAMMAD IBN ‘ĀMIR IBN DHARWA AL-JABIRĪ

<p><b>ESTELA FUNERARIA DEL VISIR ABŪ ‘ĀMIR MUHAMMAD IBN ‘ĀMIR IBN DHARWA AL-JABIRĪ</b><br />
Mármol<br />
Museo del Louvre. Departamento de las Artes del Islam</p>
