{"id":45751,"date":"2025-05-16T06:32:00","date_gmt":"2025-05-16T06:32:00","guid":{"rendered":"https:\/\/marqalicante-admin.qwair.com\/producto\/intervencion-arqueologica-en-el-convento-de-la-merced-elche-alicante\/"},"modified":"2025-06-04T16:24:30","modified_gmt":"2025-06-04T16:24:30","slug":"intervencion-arqueologica-en-el-convento-de-la-merced-elche-alicante","status":"publish","type":"product","link":"https:\/\/marqalicante-admin.qwair.com\/en\/product\/intervencion-arqueologica-en-el-convento-de-la-merced-elche-alicante\/","title":{"rendered":"Archaeological intervention in the Convento de la Merced (Elche, Alicante)"},"content":{"rendered":"<div class=\"documento-item\">\n                    <h2 class=\"documento-title\">Archaeological intervention in the Convento de la Merced (Elche, Alicante)<\/h2>\n        \n                    <p class=\"documento-subtitle\">Palmira Torregrosa Gim\u00e9nez, Eduardo L\u00f3pez Segu\u00ed, Patxuka de Miguel Ib\u00e1\u00f1ez and Celso S\u00e1nchez Mond\u00e9jar<\/p>\n        \n                    <a href=\"https:\/\/marqalicante.com\/contenido\/particulos\/pub_161.pdf\" class=\"documento-btn\" target=\"_blank\" rel=\"noopener\">\n                <i class=\"fas fa-file-pdf\"><\/i> Download PDF\n            <\/a>\n            <\/div>","protected":false},"excerpt":{"rendered":"<p>This article presents the main results of the archaeological intervention, which was carried out by Alebus S.L.<br \/>in 2011, in the Convent of La Merced in Elche. During the works, building remains were exhumed belonging to<br \/>the Arab baths, as well as different floorings in the cloister. Some remains have also been documented that,<br \/>possibly belonged to the Baroque church demolished after the Civil War and a necropolis from the 18th and 19th centuries<br \/>related to such a building.<\/p>","protected":false},"featured_media":45873,"template":"","meta":{"kia_subtitle":""},"product_brand":[],"product_cat":[2913],"product_tag":[],"class_list":{"0":"post-45751","1":"product","2":"type-product","3":"status-publish","4":"has-post-thumbnail","6":"product_cat-articulos","8":"first","9":"instock","10":"virtual","11":"product-type-simple"},"meta_box":{"ia_expediente":"","ia_ano":"","ia_fechas_de_actuacion":"","ia_municipios_comarcas":"","ia_directores":"","ia_periodos_culturales":"","ia_tipos_de_intervencion":"","ia_equipo_tecnico":"","ia_autores":"","ia_promotores":"","ia_deposito_de_materiales":"","ia_coordenadas_utm":""},"_links":{"self":[{"href":"https:\/\/marqalicante-admin.qwair.com\/en\/wp-json\/wp\/v2\/product\/45751","targetHints":{"allow":["GET"]}}],"collection":[{"href":"https:\/\/marqalicante-admin.qwair.com\/en\/wp-json\/wp\/v2\/product"}],"about":[{"href":"https:\/\/marqalicante-admin.qwair.com\/en\/wp-json\/wp\/v2\/types\/product"}],"wp:featuredmedia":[{"embeddable":true,"href":"https:\/\/marqalicante-admin.qwair.com\/en\/wp-json\/wp\/v2\/media\/45873"}],"wp:attachment":[{"href":"https:\/\/marqalicante-admin.qwair.com\/en\/wp-json\/wp\/v2\/media?parent=45751"}],"wp:term":[{"taxonomy":"product_brand","embeddable":true,"href":"https:\/\/marqalicante-admin.qwair.com\/en\/wp-json\/wp\/v2\/product_brand?post=45751"},{"taxonomy":"product_cat","embeddable":true,"href":"https:\/\/marqalicante-admin.qwair.com\/en\/wp-json\/wp\/v2\/product_cat?post=45751"},{"taxonomy":"product_tag","embeddable":true,"href":"https:\/\/marqalicante-admin.qwair.com\/en\/wp-json\/wp\/v2\/product_tag?post=45751"}],"curies":[{"name":"wp","href":"https:\/\/api.w.org\/{rel}","templated":true}]}}

<div class="documento-item">
                    <h2 class="documento-title">Archaeological intervention in the Convento de la Merced (Elche, Alicante)</h2>
        
                    <p class="documento-subtitle">Palmira Torregrosa Giménez, Eduardo López Seguí, Patxuka de Miguel Ibáñez and Celso Sánchez Mondéjar</p>
        
                    <a href="https://marqalicante.com/contenido/particulos/pub_161.pdf" class="documento-btn" target="_blank" rel="noopener">
                <i class="fas fa-file-pdf"></i> Download PDF
            </a>
            </div>
